{"id":3591,"date":"2023-06-22T14:46:21","date_gmt":"2023-06-22T07:46:21","guid":{"rendered":"https:\/\/tp-electric.vn\/?post_type=product&#038;p=3591"},"modified":"2024-12-12T15:11:39","modified_gmt":"2024-12-12T08:11:39","slug":"may-hut-bui-va-lau-nha-ultty-v08","status":"publish","type":"product","link":"https:\/\/tp-electric.vn\/index.php\/san-pham\/may-hut-bui-va-lau-nha-ultty-v08\/","title":{"rendered":"M\u00e1y h\u00fat b\u1ee5i v\u00e0 lau nh\u00e0 Ultty V08"},"content":{"rendered":"<h2>Th\u00f4ng s\u1ed1 k\u1ef9 thu\u1eadt<\/h2>\n<table>\n<tbody>\n<tr>\n<td width=\"312\">Lo\u1ea1i m\u00e1y h\u00fat<\/td>\n<td width=\"312\">D\u00f9ng pin<\/td>\n<\/tr>\n<tr>\n<td width=\"312\">L\u1ef1c h\u00fat<\/td>\n<td width=\"312\">24 kPa<\/td>\n<\/tr>\n<tr>\n<td width=\"312\">Ch\u1ee9c n\u0103ng<\/td>\n<td width=\"312\">H\u00fat b\u1ee5i, H\u00fat b\u1ee5i v\u00e0 Lau nh\u00e0<\/td>\n<\/tr>\n<tr>\n<td width=\"312\">Ch\u1ea5t li\u1ec7u<\/td>\n<td width=\"312\">Nh\u1ef1a ABS<\/td>\n<\/tr>\n<tr>\n<td width=\"312\">Dung t\u00edch ch\u1ee9a b\u1ee5i<\/td>\n<td width=\"312\">800ml<\/td>\n<\/tr>\n<tr>\n<td width=\"312\">\u0110\u1ed9 \u1ed3n<\/td>\n<td width=\"312\">&lt; 78dB<\/td>\n<\/tr>\n<tr>\n<td width=\"312\">Lo\u1ea1i Pin<\/td>\n<td width=\"312\">Lithium ion<\/td>\n<\/tr>\n<tr>\n<td width=\"312\">\u0110i\u1ec7n th\u1ebf pin<\/td>\n<td width=\"312\">25,9V<\/td>\n<\/tr>\n<tr>\n<td width=\"312\">Dung l\u01b0\u1ee3ng pin<\/td>\n<td width=\"312\">2.200 mAh<\/td>\n<\/tr>\n<tr>\n<td width=\"312\">Th\u1eddi gian s\u1eed d\u1ee5ng<\/td>\n<td width=\"312\">45 ph\u00fat<\/td>\n<\/tr>\n<tr>\n<td width=\"312\">C\u00f4ng su\u1ea5t<\/td>\n<td width=\"312\">350W<\/td>\n<\/tr>\n<tr>\n<td width=\"312\">Ngu\u1ed3n \u0111i\u1ec7n \u00e1p<\/td>\n<td width=\"312\">100 &#8211; 240V<\/td>\n<\/tr>\n<tr>\n<td width=\"312\">K\u00edch th\u01b0\u1edbc<\/td>\n<td width=\"312\">1.200mm x 230mm x 240mm<\/td>\n<\/tr>\n<tr>\n<td width=\"312\">Tr\u1ecdng l\u01b0\u1ee3ng s\u1ea3n ph\u1ea9m<\/td>\n<td width=\"312\">1,1kg<\/td>\n<\/tr>\n<tr>\n<td width=\"312\">Tr\u1ecdng l\u01b0\u1ee3ng bao b\u00ec<\/td>\n<td width=\"312\">700mm x 370mm x 190mm<\/td>\n<\/tr>\n<tr>\n<td width=\"312\">Xu\u1ea5t x\u1ee9 th\u01b0\u01a1ng hi\u1ec7u<\/td>\n<td width=\"312\">Ph\u00e1p<\/td>\n<\/tr>\n<tr>\n<td width=\"312\">S\u1ea3n xu\u1ea5t t\u1ea1i<\/td>\n<td width=\"312\">\u0110\u1ee9c<\/td>\n<\/tr>\n<tr>\n<td width=\"312\">B\u1ea3o h\u00e0nh<\/td>\n<td width=\"312\">24 th\u00e1ng<\/td>\n<\/tr>\n<\/tbody>\n<\/table>\n<h2>Th\u00f4ng tin v\u1ec1\u00a0m\u00e1y h\u00fat b\u1ee5i v\u00e0 lau nh\u00e0 Ultty V08<\/h2>\n<p>M\u00e1y h\u00fat b\u1ee5i v\u00e0 lau nh\u00e0 Ultty V08 l\u00e0\u00a0m\u00e1y h\u00fat b\u1ee5i c\u1ea7m tay\u00a0c\u00f3 thi\u1ebft k\u1ebf nh\u1ecf g\u1ecdn ti\u1ec7n d\u1ee5ng v\u1edbi trang b\u1ecb c\u00f4ng ngh\u1ec7 hi\u1ec7n \u0111\u1ea1i v\u00e0 c\u00f4ng su\u1ea5t m\u1ea1nh h\u00fat s\u1ea1ch m\u1ecdi lo\u1ea1i r\u00e1c v\u00e0 b\u1ee5i b\u1ea9n. Ultty V08 c\u00f3 th\u1ec3 linh ho\u1ea1t chuy\u1ec3n \u0111\u1ed5i c\u00f4ng n\u0103ng s\u1eed d\u1ee5ng gi\u1eefa \u0111\u1ea7u h\u00fat b\u1ee5i k\u1ebft h\u1ee3p ch\u1ed5i qu\u00e9t ho\u1eb7c lau nh\u00e0.<\/p>\n<p class=\"_ilcss0_\"><img decoding=\"async\" loading=\"lazy\" class=\"aligncenter\" src=\"https:\/\/i0.wp.com\/s.meta.com.vn\/Data\/image\/2022\/08\/06\/may-hut-bui-va-lau-nha-ultty-v08.jpg?resize=600%2C450&#038;ssl=1\" alt=\"\" width=\"600\" height=\"450\" data-xsrc=\"\/Data\/image\/2022\/08\/06\/may-hut-bui-va-lau-nha-ultty-v08.jpg\" data-recalc-dims=\"1\" \/><\/p>\n<h3>T\u00ednh n\u0103ng n\u1ed5i tr\u1ed9i c\u1ee7a m\u00e1y h\u00fat b\u1ee5i v\u00e0 lau nh\u00e0 Ultty V08<\/h3>\n<p><strong>L\u1ef1c h\u00fat c\u00f4ng su\u1ea5t m\u1ea1nh m\u1ebd<\/strong><\/p>\n<p>C\u00f4ng ngh\u1ec7 h\u00fat s\u1eed d\u1ee5ng nguy\u00ean l\u00fd h\u00fat l\u1ed1c xo\u00e1y ph\u1ea3n l\u1ef1c t\u0103ng \u00e1p Jet Cylone gi\u00fap h\u00fat s\u1ea1ch m\u1ecdi lo\u1ea1i r\u00e1c v\u00e0 b\u1ee5i.\u00a0M\u00e1y h\u00fat b\u1ee5i v\u00e0 lau nh\u00e0 Ultty V08\u00a0c\u00f3 c\u00f4ng su\u1ea5t 350W v\u1edbi t\u1ed1c \u0111\u1ed9 quay t\u1ed1i \u0111a l\u00e0 1.600 v\u00f2ng\/gi\u00e2y c\u00f9ng l\u1ef1c h\u00fat t\u1ed1i \u0111a 24.000 pascal c\u00f3 th\u1ec3 d\u1ec5 d\u00e0ng h\u00fat s\u1ea1ch c\u00e1c b\u1ee5i b\u1ea9n \u0111em l\u1ea1i kh\u00f4ng kh\u00ed trong s\u1ea1ch cho c\u0103n nh\u00e0.<\/p>\n<p class=\"_ilcss0_\"><img decoding=\"async\" loading=\"lazy\" class=\"aligncenter\" src=\"https:\/\/i0.wp.com\/s.meta.com.vn\/Data\/image\/2022\/09\/23\/may-hut-bui-va-lau-nha-ultty-v08-nd2.jpg?resize=700%2C351&#038;ssl=1\" alt=\"\" width=\"700\" height=\"351\" data-xsrc=\"\/Data\/image\/2022\/09\/23\/may-hut-bui-va-lau-nha-ultty-v08-nd2.jpg\" data-recalc-dims=\"1\" \/><\/p>\n<p>V\u1edbi \u1ee9ng d\u1ee5ng kh\u00ed \u0111\u1ed9ng h\u1ecdc trong s\u1ea3n ph\u1ea9m, c\u00e1nh qu\u1ea1t c\u1ee7a \u0111\u1ed9ng c\u01a1 k\u1ebft h\u1ee3p v\u1edbi khoang ch\u1ee9a r\u00e1c t\u1ea1o th\u00e0nh bu\u1ed3ng ch\u00e2n kh\u00f4ng gi\u00fap ch\u00eanh l\u1ec7ch \u00e1p su\u1ea5t gi\u1eefa trong v\u00e0 ngo\u00e0i mi\u1ec7ng h\u00fat r\u00e1c gi\u00fap tri\u1ec7t \u0111\u1ec3 h\u00fat s\u1ea1ch n\u01a1i \u0111\u1ea7u h\u00fat \u0111i qua.<\/p>\n<p><strong>N\u0103ng l\u01b0\u1ee3ng b\u1ec1n b\u1ec9<\/strong><\/p>\n<p>Ultty V08 s\u1eed d\u1ee5ng pin Lithium Lion cao c\u1ea5p v\u1edbi hi\u1ec7u su\u1ea5t cao 25.9V v\u00e0 dung l\u01b0\u1ee3ng pin 2.200 mAh cho ph\u00e9p d\u00f2ng x\u1ea3 l\u1edbn \u0111\u00e1p \u1ee9ng y\u00eau c\u1ea7u c\u1ee7a \u0111\u1ed9ng c\u01a1 3 pha tr\u00e1nh chai pin. Pin c\u00f3 th\u1eddi gian s\u1eed d\u1ee5ng li\u00ean t\u1ee5c l\u00ean \u0111\u1ebfn 45 ph\u00fat.<\/p>\n<p class=\"_ilcss0_\"><img decoding=\"async\" loading=\"lazy\" class=\"aligncenter\" src=\"https:\/\/i0.wp.com\/s.meta.com.vn\/Data\/image\/2022\/08\/06\/may-hut-bui-va-lau-nha-ultty-v08-3.jpg?resize=600%2C450&#038;ssl=1\" alt=\"\" width=\"600\" height=\"450\" data-xsrc=\"\/Data\/image\/2022\/08\/06\/may-hut-bui-va-lau-nha-ultty-v08-3.jpg\" data-recalc-dims=\"1\" \/><\/p>\n<p><strong>Dung t\u00edch l\u1edbn, d\u1ec5 d\u00e0ng th\u00e1o g\u1ee1 v\u1ec7 sinh<\/strong><\/p>\n<p>H\u1ed9p ch\u1ee9a b\u1ee5i c\u1ee7a\u00a0m\u00e1y h\u00fat b\u1ee5i Ultty\u00a0V08 c\u00f3 dung t\u00edch l\u1edbn 800ml gi\u00fap s\u1eed d\u1ee5ng m\u00e1y trong m\u1ed9t th\u1eddi gian d\u00e0i m\u00e0 kh\u00f4ng ph\u1ea3i \u0111\u1ed5 r\u00e1c nhi\u1ec1u l\u1ea7n. Khoang ch\u1ee9a c\u00f3 2 m\u00e0ng l\u1ecdc HEPA c\u00f4ng ngh\u1ec7 m\u1edbi \u0111\u1eb7c bi\u1ec7t c\u00f3 th\u1ec3 th\u00e1o r\u1eddi gi\u00fap d\u1ec5 d\u00e0ng v\u1ec7 sinh v\u00e0 l\u00e0m s\u1ea1ch v\u1edbi n\u01b0\u1edbc.<\/p>\n<p class=\"_ilcss0_\"><img decoding=\"async\" loading=\"lazy\" class=\"aligncenter\" src=\"https:\/\/i0.wp.com\/s.meta.com.vn\/Data\/image\/2022\/09\/23\/may-hut-bui-va-lau-nha-ultty-v08-nd3.jpg?resize=700%2C348&#038;ssl=1\" alt=\"\" width=\"700\" height=\"348\" data-xsrc=\"\/Data\/image\/2022\/09\/23\/may-hut-bui-va-lau-nha-ultty-v08-nd3.jpg\" data-recalc-dims=\"1\" \/><\/p>\n<p>Ph\u1ea7n khoang ch\u1ee9a r\u00e1c c\u00f3 n\u1eafp m\u1edf b\u00ean d\u01b0\u1edbi gi\u00fap trong qu\u00e1 tr\u00ecnh s\u1eed d\u1ee5ng c\u00f3 th\u1ec3 m\u1edf v\u00e0 \u0111\u1ed5 r\u00e1c nhanh m\u00e0 kh\u00f4ng c\u1ea7n th\u00e1o h\u1eb3n h\u1ed9p ch\u1ee9a r\u00e1c ra.\u00a0<a title=\"Ultty\" href=\"https:\/\/meta.vn\/ultty.html\">Ultty<\/a>\u00a0V08 c\u00f3 b\u1ed9 ch\u1ed5i qu\u00e9t r\u00e1c c\u00f3 th\u1ec3 th\u00e1o v\u00e0 thay th\u1ebf b\u1eb1ng b\u1ed9 lau nh\u00e0 v\u1edbi hai ch\u1ed5i xoay 360 \u0111\u1ed9 lau \u01b0\u1edbt.<\/p>\n<p><strong>Kh\u00f4ng kh\u00ed m\u00f4i tr\u01b0\u1eddng trong l\u00e0nh<\/strong><\/p>\n<p>H\u1ec7 th\u1ed1ng l\u1ecdc kh\u00f4ng kh\u00f3i 4 l\u1edbp bao g\u1ed3m: l\u1ecdc th\u00f4 v\u1edbi l\u01b0\u1edbi s\u1eaft, l\u1ecdc b\u1ee5i v\u1edbi l\u1edbp l\u1ecdc HEPA d\u1ea1ng ph\u1ec5u, l\u1ecdc m\u00f9i v\u1edbi h\u1ec7 m\u00e0ng l\u1ecdc ph\u1ee7 nano cacbon, l\u1edbp h\u1ecdc HEPA \u1edf ngo\u00e0i c\u00f9ng gi\u00fap b\u1ea3o v\u1ec7 m\u00f4i tr\u01b0\u1eddng trong l\u00e0nh.<\/p>\n<p class=\"_ilcss0_\"><img decoding=\"async\" loading=\"lazy\" class=\"aligncenter\" src=\"https:\/\/i0.wp.com\/s.meta.com.vn\/Data\/image\/2022\/08\/06\/may-hut-bui-va-lau-nha-ultty-v08-4.jpg?resize=600%2C450&#038;ssl=1\" alt=\"\" width=\"600\" height=\"450\" data-xsrc=\"\/Data\/image\/2022\/08\/06\/may-hut-bui-va-lau-nha-ultty-v08-4.jpg\" data-recalc-dims=\"1\" \/><\/p>\n<p>M\u00e1y c\u00f3 hai b\u1ed9 l\u1ecdc HEPA hi\u1ec7u su\u1ea5t cao \u1edf c\u1eeda tho\u00e1t gi\u00f3 v\u00e0 m\u1ed9t l\u1edbp ph\u1ee7 nano cacbon gi\u00fap gi\u1ea3m b\u1ee5i s\u00e2u, kh\u00f4ng kh\u00ed tho\u00e1t ra s\u1ebd s\u1ea1ch h\u01a1n, tr\u00e1nh \u00f4 nhi\u1ec5m.<\/p>\n<p><strong>Thi\u1ebft k\u1ebf c\u00f4ng th\u00e1i h\u1ecdc<\/strong><\/p>\n<p>M\u00e1y h\u00fat b\u1ee5i\u00a0Ultty n\u00e0y \u0111\u01b0\u1ee3c thi\u1ebft k\u1ebf theo d\u1ea1ng \u1ed1ng v\u1edbi tay c\u1ea7m thu\u1eadn ti\u00ean k\u1ebft h\u1ee3p v\u1edbi \u1ed1ng h\u00fat d\u1ea1ng g\u1ea5p gi\u00fap d\u1ec5 d\u00e0ng v\u1ec7 sinh g\u1ea7m b\u00e0n, gh\u1ebf, gi\u01b0\u1eddng. Ultty V08 trang b\u1ecb b\u00e1nh xe cho vi\u1ec7c di chuy\u1ec3n d\u1ec5 d\u00e0ng v\u00e0 d\u1ecdn d\u1eb9p t\u1ed1t h\u01a1n v\u1edbi 4 c\u1ee5m \u0111\u00e8n LED g\u1eafn \u1edf \u0111\u1ea7u ch\u1ed5i gi\u00fap ph\u00e1t hi\u1ec7n b\u1ee5i b\u1ea9n.<\/p>\n<p class=\"_ilcss0_\"><img decoding=\"async\" loading=\"lazy\" class=\"aligncenter\" src=\"https:\/\/i0.wp.com\/s.meta.com.vn\/Data\/image\/2022\/09\/23\/may-hut-bui-va-lau-nha-ultty-v08-c.jpg?resize=700%2C353&#038;ssl=1\" alt=\"\" width=\"700\" height=\"353\" data-xsrc=\"\/Data\/image\/2022\/09\/23\/may-hut-bui-va-lau-nha-ultty-v08-c.jpg\" data-recalc-dims=\"1\" \/><\/p>\n<p>\u0110\u00e0u h\u00fat v\u00e0 lau nh\u00e0 c\u00f3 th\u1ec3 t\u1ef1 \u0111\u1ed9ng xoay chuy\u1ec3n c\u00e1c g\u00f3c 180 \u0111\u1ed9 linh ho\u1ea1t. M\u00e1y h\u00fat b\u1ee5i v\u00e0 lau nh\u00e0 V08 c\u00f3 c\u00f4ng ngh\u1ec7 kh\u1eed ti\u1ebfng \u1ed3n 2 l\u1edbp gi\u00fap \u0111\u1ed9 \u1ed3n m\u00e1y lu\u00f4n m\u1ee9c d\u01b0\u1edbi 78dB khi \u1edf ch\u1ebf \u0111\u1ed9 cao nh\u1ea5t.<\/p>\n<p><strong>M\u00e0n h\u00ecnh LED hi\u1ec3n th\u1ecb, ph\u00edm \u0111i\u1ec1u khi\u1ec3n c\u1ea3m \u1ee9ng<\/strong><\/p>\n<p>Ultty V08 c\u00f3 m\u00e0n h\u00ecnh LED v\u00e0 ph\u00edm b\u1ea5m \u0111i\u1ec1u khi\u1ec3n c\u1ea3m \u1ee9ng d\u1ec5 d\u00e0ng thao t\u00e1c, ki\u1ec3m tra t\u00ecnh tr\u1ea1ng c\u00f4ng su\u1ea5t v\u00e0 pin ho\u1ea1t \u0111\u1ed9ng khi d\u00f9ng. Ngo\u00e0i ra, m\u00e0n h\u00ecnh c\u00f3 \u0111\u00e8n c\u1ea3nh b\u00e1o khi ch\u1ed5i cu\u1ed1n b\u1ecb k\u1eb9t hay pin g\u1eb7p s\u1ef1 c\u1ed1.<\/p>\n<p class=\"_ilcss0_\"><img decoding=\"async\" loading=\"lazy\" class=\"aligncenter\" src=\"https:\/\/i0.wp.com\/s.meta.com.vn\/Data\/image\/2022\/08\/06\/may-hut-bui-va-lau-nha-ultty-v08-2.jpg?resize=600%2C450&#038;ssl=1\" alt=\"\" width=\"600\" height=\"450\" data-xsrc=\"\/Data\/image\/2022\/08\/06\/may-hut-bui-va-lau-nha-ultty-v08-2.jpg\" data-recalc-dims=\"1\" \/><\/p>\n<p><strong>H\u1ec7 th\u1ed1ng ch\u1ed5i lau k\u00e9p<\/strong><\/p>\n<p>H\u1ec7 th\u1ed1ng ch\u1ed5i lau k\u00e9p xoay li\u00ean t\u1ee5c 360 \u0111\u1ed9 c\u00f3 th\u1ec3 lau s\u1ea1ch \u0111\u01b0\u1ee3c m\u1ecdi v\u1ebft b\u1ea9n ngay c\u1ea3 nh\u1eefng v\u1ebft b\u1ea9n l\u00e2u ng\u00e0y. M\u00e1y k\u1ebft h\u1ee3p \u1ed1ng h\u00fat b\u1ee5i gi\u00fap th\u1ef1c hi\u1ec7n \u0111\u1ed3ng th\u1eddi 2 t\u00e1c v\u1ee5 nh\u01b0 ch\u1ed5i qu\u00e9t v\u00e0 lau nh\u00e0.<\/p>\n<p class=\"_ilcss0_\"><img decoding=\"async\" loading=\"lazy\" class=\"aligncenter\" src=\"https:\/\/i0.wp.com\/s.meta.com.vn\/Data\/image\/2022\/08\/06\/may-hut-bui-va-lau-nha-ultty-v08-9.jpg?resize=600%2C450&#038;ssl=1\" alt=\"\" width=\"600\" height=\"450\" data-xsrc=\"\/Data\/image\/2022\/08\/06\/may-hut-bui-va-lau-nha-ultty-v08-9.jpg\" data-recalc-dims=\"1\" \/><\/p>\n<p>Ch\u1ed5i qu\u00e9t s\u00e0n \u0111a n\u0103ng s\u1eed d\u1ee5ng 3 lo\u1ea1i ch\u1ea5t li\u1ec7u b\u00e0n ch\u1ea3i kh\u00e1c nhau v\u1edbi tu\u1ed5i th\u1ecd cao gi\u00fap \u0111\u1ea3m b\u1ea3o ho\u1ea1t \u0111\u1ed9ng t\u1ed1t \u1edf tr\u00ean s\u00e0n nh\u00e0, th\u1ea3m.<\/p>\n<p><strong>K\u1ebft h\u1ee3p 6 c\u00f4ng d\u1ee5ng trong m\u1ed9t m\u00e1y<\/strong><\/p>\n<p>M\u00e1y h\u00fat b\u1ee5i lau nh\u00e0 Ultty V08 k\u1ebft h\u1ee3p 6 c\u00f4ng d\u1ee5ng trong m\u1ed9t m\u00e1y \u0111\u00e1p \u1ee9ng \u0111\u01b0\u1ee3c m\u1ecdi ng\u00f3c ng\u00e1ch trong nh\u00e0 v\u1edbi c\u00e1c t\u00ednh n\u0103ng v\u1edbi t\u1eebng ph\u1ee5 ki\u1ec7n:<\/p>\n<ul>\n<li>Qu\u00e9t v\u00e0 h\u00fat k\u1ebft h\u1ee3p c\u00e1c \u0111\u1ea7u h\u00fat t\u1ef1 \u0111\u1ed9ng xoay chuy\u1ec3n c\u00e1c g\u00f3c 180 \u0111\u1ed9 linh ho\u1ea1t.<\/li>\n<li>Lau \u01b0\u1edbt s\u00e0n nh\u00e0 v\u1edbi 2 ch\u1ed5i lau xoay 360 \u0111\u1ed9 k\u1ebft h\u1ee3p v\u1edbi h\u00fat<\/li>\n<li>Ch\u1ea3i v\u00e0 h\u00fat l\u00f4ng th\u00fa c\u01b0ng<\/li>\n<li>\u0110\u1ea7u h\u00fat nh\u1ecf: h\u00fat v\u1ec7 sinh n\u1ed9i th\u1ea5t \u00f4 t\u00f4, c\u1ea1nh t\u01b0\u1eddng, g\u00f3c nh\u00e0, sofa.<\/li>\n<li>\u0110\u1ea7u h\u00fat gi\u01b0\u1eddng \u0111\u1ec7m, sofa: K\u1ebft h\u1ee3p ch\u1ed5i l\u0103n nh\u1ecf v\u1edbi mi\u1ec7ng h\u00fat<\/li>\n<li>\u0110\u1ea7u ch\u1ed5i h\u00fat d\u1ecdn d\u1eb9p b\u00e0n ph\u00edm m\u00e1y<\/li>\n<\/ul>\n<p class=\"_ilcss0_\"><img decoding=\"async\" loading=\"lazy\" class=\"aligncenter\" src=\"https:\/\/i0.wp.com\/s.meta.com.vn\/Data\/image\/2022\/08\/06\/may-hut-bui-va-lau-nha-ultty-v08-5.jpg?resize=600%2C450&#038;ssl=1\" alt=\"\" width=\"600\" height=\"450\" data-xsrc=\"\/Data\/image\/2022\/08\/06\/may-hut-bui-va-lau-nha-ultty-v08-5.jpg\" data-recalc-dims=\"1\" \/><\/p>\n<p class=\"_ilcss0_\"><img decoding=\"async\" loading=\"lazy\" class=\"aligncenter\" title=\"Ph\u1ee5 ki\u1ec7n\" src=\"https:\/\/i0.wp.com\/s.meta.com.vn\/Data\/image\/2022\/09\/29\/may-hut-bui-va-lau-nha-ultty-v08-phu-kien.jpg?resize=700%2C525&#038;ssl=1\" alt=\"Ph\u1ee5 ki\u1ec7n\" width=\"700\" height=\"525\" data-xsrc=\"\/Data\/image\/2022\/09\/29\/may-hut-bui-va-lau-nha-ultty-v08-phu-kien.jpg\" data-recalc-dims=\"1\" \/><\/p>\n<p class=\"_ilcss0_\" style=\"text-align: center;\">Ph\u1ee5 ki\u1ec7n c\u1ee7a Ultty V08<\/p>\n<p><strong>L\u01b0u \u00fd:<\/strong>\u00a0H\u00ecnh \u1ea3nh s\u1ea3n ph\u1ea9m ch\u1ec9 c\u00f3 t\u00ednh ch\u1ea5t minh h\u1ecda, chi ti\u1ebft s\u1ea3n ph\u1ea9m, m\u00e0u s\u1eafc c\u00f3 th\u1ec3 thay \u0111\u1ed5i t\u00f9y theo s\u1ea3n ph\u1ea9m th\u1ef1c t\u1ebf.<\/p>\n","protected":false},"excerpt":{"rendered":"<table style=\"height: 100px;\">\n<tbody>\n<tr style=\"height: 50px;\">\n<td style=\"height: 50px;\" width=\"312\">K\u00edch th\u01b0\u1edbc<\/td>\n<td style=\"height: 50px;\" width=\"312\">1.200mm x 230mm x 240mm<\/td>\n<\/tr>\n<tr style=\"height: 50px;\">\n<td style=\"height: 50px;\" width=\"312\">Tr\u1ecdng l\u01b0\u1ee3ng s\u1ea3n ph\u1ea9m<\/td>\n<td style=\"height: 50px;\" width=\"312\">1,1kg<\/td>\n<\/tr>\n<tr style=\"height: 50px;\">\n<td style=\"height: 50px;\" width=\"312\">Tr\u1ecdng l\u01b0\u1ee3ng bao b\u00ec<\/td>\n<td style=\"height: 50px;\" width=\"312\">700mm x 370mm x 190mm<\/td>\n<\/tr>\n<tr style=\"height: 50px;\">\n<td style=\"height: 50px;\" width=\"312\">Xu\u1ea5t x\u1ee9 th\u01b0\u01a1ng hi\u1ec7u<\/td>\n<td style=\"height: 50px;\" width=\"312\">Ph\u00e1p<\/td>\n<\/tr>\n<tr style=\"height: 16.9531px;\">\n<td style=\"height: 16.9531px;\" width=\"312\">S\u1ea3n xu\u1ea5t t\u1ea1i<\/td>\n<td style=\"height: 16.9531px;\" width=\"312\">Trung Qu\u1ed1c<\/td>\n<\/tr>\n<tr style=\"height: 50px;\">\n<td style=\"height: 50px;\" width=\"312\">B\u1ea3o h\u00e0nh<\/td>\n<td style=\"height: 50px;\" width=\"312\">24 th\u00e1ng<\/td>\n<\/tr>\n<\/tbody>\n<\/table>\n","protected":false},"featured_media":3592,"comment_status":"open","ping_status":"closed","template":"","meta":[],"product_cat":[272],"product_tag":[274,278,277,273],"jetpack-related-posts":[{"id":3602,"url":"https:\/\/tp-electric.vn\/index.php\/san-pham\/robot-hut-bui-lau-nha-ultty-skj-rb01x\/","url_meta":{"origin":3591,"position":0},"title":"Robot h\u00fat b\u1ee5i lau nh\u00e0 Ultty SKJ RB01X","author":"","date":"22\/06\/2023","format":false,"excerpt":"Tr\u1ecdng l\u01b0\u1ee3ng s\u1ea3n ph\u1ea9m 3kg Tr\u1ecdng l\u01b0\u1ee3ng bao b\u00ec 6kg Xu\u1ea5t x\u1ee9 th\u01b0\u01a1ng hi\u1ec7u Ph\u00e1p S\u1ea3n xu\u1ea5t t\u1ea1i Trung Qu\u1ed1c B\u1ea3o h\u00e0nh 24 th\u00e1ng T\u01b0\u1eddng \u1ea3o Kh\u00f4ng","rel":"","context":"Similar post","block_context":{"text":"Similar post","link":""},"img":{"alt_text":"","src":"https:\/\/i0.wp.com\/tp-electric.vn\/wp-content\/uploads\/2023\/06\/robot-hut-bui-lau-nha-ultty-skj-rb01x-a.jpg?fit=600%2C600&ssl=1&resize=350%2C200","width":350,"height":200},"classes":[]},{"id":3714,"url":"https:\/\/tp-electric.vn\/index.php\/san-pham\/gia-treo-may-hut-bui-phu-kien-dau-hut-cua-may-hut-bui-lau-nha-ultty-v08\/","url_meta":{"origin":3591,"position":1},"title":"Gi\u00e1 treo m\u00e1y h\u00fat b\u1ee5i, ph\u1ee5 ki\u1ec7n \u0111\u1ea7u h\u00fat c\u1ee7a m\u00e1y h\u00fat b\u1ee5i lau nh\u00e0 ULTTY V08","author":"","date":"16\/08\/2023","format":false,"excerpt":"Ch\u1ea5t li\u1ec7u: G\u1ed7 C\u00e2n n\u1eb7ng: 4,5 kg \u00a0K\u00edch th\u01b0\u1edbc: 120x35x37cm","rel":"","context":"Similar post","block_context":{"text":"Similar post","link":""},"img":{"alt_text":"","src":"https:\/\/i0.wp.com\/tp-electric.vn\/wp-content\/uploads\/2023\/08\/1770577162267756.png?fit=900%2C900&ssl=1&resize=350%2C200","width":350,"height":200,"srcset":"https:\/\/i0.wp.com\/tp-electric.vn\/wp-content\/uploads\/2023\/08\/1770577162267756.png?fit=900%2C900&ssl=1&resize=350%2C200 1x, https:\/\/i0.wp.com\/tp-electric.vn\/wp-content\/uploads\/2023\/08\/1770577162267756.png?fit=900%2C900&ssl=1&resize=700%2C400 2x"},"classes":[]},{"id":3580,"url":"https:\/\/tp-electric.vn\/index.php\/san-pham\/may-hut-am-va-loc-khong-khi-ultty-luk012\/","url_meta":{"origin":3591,"position":2},"title":"M\u00e1y h\u00fat \u1ea9m v\u00e0 l\u1ecdc kh\u00f4ng kh\u00ed Ultty LUK016","author":"","date":"22\/06\/2023","format":false,"excerpt":"K\u00edch th\u01b0\u1edbc 28cm x 20cm x 50cm Tr\u1ecdng l\u01b0\u1ee3ng s\u1ea3n ph\u1ea9m 12kg Tr\u1ecdng l\u01b0\u1ee3ng bao b\u00ec 13,5kg Xu\u1ea5t x\u1ee9 th\u01b0\u01a1ng hi\u1ec7u Ph\u00e1p S\u1ea3n xu\u1ea5t t\u1ea1i Trung Qu\u1ed1c B\u1ea3o h\u00e0nh 24 th\u00e1ng","rel":"","context":"Similar post","block_context":{"text":"Similar post","link":""},"img":{"alt_text":"","src":"https:\/\/i0.wp.com\/tp-electric.vn\/wp-content\/uploads\/2023\/06\/may-hut-am-va-loc-khong-khi-ultty-luk012-8.jpg?fit=666%2C500&ssl=1&resize=350%2C200","width":350,"height":200},"classes":[]},{"id":4042,"url":"https:\/\/tp-electric.vn\/index.php\/san-pham\/tam-pin-trina-495wp-vertex\/","url_meta":{"origin":3591,"position":3},"title":"T\u1ea5m pin Trina 495Wp Vertex","author":"Admin","date":"11\/12\/2024","format":false,"excerpt":"'- H\u00e3ng s\u1ea3n xu\u1ea5t Trina - C\u00f4ng su\u1ea5t: 495Wp\/t\u1ea5m - Lo\u1ea1i: Mono Halfcells 150\u00a0cells - Kh\u1ed1i l\u01b0\u1ee3ng : 26.3\u00a0kg\/t\u1ea5m - Hi\u1ec7u su\u1ea5t: 21.1% - K\u00edch th\u01b0\u1edbc t\u1ea5m pin: 2176 \u00d7 1098 \u00d7 35 mm - Xu\u1ea5t x\u1ee9: Trung Qu\u1ed1c - B\u1ea3o h\u00e0nh 12 n\u0103m, hi\u1ec7u su\u1ea5t 25 n\u0103m - 01\u2026","rel":"","context":"Similar post","block_context":{"text":"Similar post","link":""},"img":{"alt_text":"","src":"https:\/\/i0.wp.com\/tp-electric.vn\/wp-content\/uploads\/2024\/12\/pin-trina-vertex-mono-perc-hc-495wp.png?fit=654%2C700&ssl=1&resize=350%2C200","width":350,"height":200},"classes":[]},{"id":3553,"url":"https:\/\/tp-electric.vn\/index.php\/san-pham\/binh-dien-phan-phun-suong-diet-khuan-ultty-skj-crs01-hang-chinh-hang\/","url_meta":{"origin":3591,"position":4},"title":"B\u00ecnh \u0111i\u1ec7n ph\u00e2n phun s\u01b0\u01a1ng di\u1ec7t khu\u1ea9n Ultty SKJ-CRS01 &#8211; H\u00e0ng ch\u00ednh h\u00e3ng","author":"","date":"22\/06\/2023","format":false,"excerpt":"C\u00f4ng su\u1ea5t 26W Ngu\u1ed3n \u0111i\u1ec7n \u00e1p AC 100V - 240V\/50Hz - 60Hz Dung t\u00edch 330ml Kh\u1ea3 n\u0103ng di\u1ec7t khu\u1ea9n 99,9% Xu\u1ea5t x\u1ee9 th\u01b0\u01a1ng hi\u1ec7u Ph\u00e1p S\u1ea3n xu\u1ea5t t\u1ea1i \u0110\u1ee9c B\u1ea3o h\u00e0nh 24 th\u00e1ng","rel":"","context":"Similar post","block_context":{"text":"Similar post","link":""},"img":{"alt_text":"","src":"https:\/\/i0.wp.com\/tp-electric.vn\/wp-content\/uploads\/2023\/06\/binh-dien-phan-phun-suong-diet-khuan-ultty-skj-crs01-g.jpg?fit=800%2C600&ssl=1&resize=350%2C200","width":350,"height":200,"srcset":"https:\/\/i0.wp.com\/tp-electric.vn\/wp-content\/uploads\/2023\/06\/binh-dien-phan-phun-suong-diet-khuan-ultty-skj-crs01-g.jpg?fit=800%2C600&ssl=1&resize=350%2C200 1x, https:\/\/i0.wp.com\/tp-electric.vn\/wp-content\/uploads\/2023\/06\/binh-dien-phan-phun-suong-diet-khuan-ultty-skj-crs01-g.jpg?fit=800%2C600&ssl=1&resize=700%2C400 2x"},"classes":[]},{"id":4576,"url":"https:\/\/tp-electric.vn\/index.php\/san-pham\/tam-pin-mat-troi-risen-575w\/","url_meta":{"origin":3591,"position":5},"title":"T\u1ea5m pin m\u1eb7t tr\u1eddi Risen 575W","author":"Admin","date":"11\/12\/2024","format":false,"excerpt":"Th\u01b0\u01a1ng hi\u1ec7u Risen Solar Model RSM110-8-565-585BHDG C\u00f4ng su\u1ea5t 575WP Hi\u1ec7u su\u1ea5t 22.3% Tr\u1ecdng L\u01b0\u1ee3ng 31kg K\u00edch Th\u01b0\u1edbc 2278\u00d71134\u00d730mm B\u1ea3o H\u00e0nh V\u1eadt L\u00fd 15 Years B\u1ea3o H\u00e0nh Hi\u1ec7u Su\u1ea5t 30 Years","rel":"","context":"Similar post","block_context":{"text":"Similar post","link":""},"img":{"alt_text":"","src":"https:\/\/i0.wp.com\/tp-electric.vn\/wp-content\/uploads\/2024\/12\/product-jpeg-500x500-1.png?fit=500%2C500&ssl=1&resize=350%2C200","width":350,"height":200},"classes":[]}],"_links":{"self":[{"href":"https:\/\/tp-electric.vn\/index.php\/wp-json\/wp\/v2\/product\/3591"}],"collection":[{"href":"https:\/\/tp-electric.vn\/index.php\/wp-json\/wp\/v2\/product"}],"about":[{"href":"https:\/\/tp-electric.vn\/index.php\/wp-json\/wp\/v2\/types\/product"}],"replies":[{"embeddable":true,"href":"https:\/\/tp-electric.vn\/index.php\/wp-json\/wp\/v2\/comments?post=3591"}],"wp:featuredmedia":[{"embeddable":true,"href":"https:\/\/tp-electric.vn\/index.php\/wp-json\/wp\/v2\/media\/3592"}],"wp:attachment":[{"href":"https:\/\/tp-electric.vn\/index.php\/wp-json\/wp\/v2\/media?parent=3591"}],"wp:term":[{"taxonomy":"product_cat","embeddable":true,"href":"https:\/\/tp-electric.vn\/index.php\/wp-json\/wp\/v2\/product_cat?post=3591"},{"taxonomy":"product_tag","embeddable":true,"href":"https:\/\/tp-electric.vn\/index.php\/wp-json\/wp\/v2\/product_tag?post=3591"}],"curies":[{"name":"wp","href":"https:\/\/api.w.org\/{rel}","templated":true}]}}