{"id":3506,"date":"2023-04-14T11:11:10","date_gmt":"2023-04-14T04:11:10","guid":{"rendered":"https:\/\/tp-electric.vn\/?post_type=product&#038;p=3506"},"modified":"2024-12-12T15:11:38","modified_gmt":"2024-12-12T08:11:38","slug":"domino-khoi-fit-den","status":"publish","type":"product","link":"https:\/\/tp-electric.vn\/index.php\/san-pham\/domino-khoi-fit-den\/","title":{"rendered":"DOMINO KH\u1ed0I FIT \u0110EN"},"content":{"rendered":"<table style=\"height: 629px;\" border=\"1\" width=\"600\" cellspacing=\"1\" cellpadding=\"1\" align=\"center\">\n<tbody>\n<tr style=\"height: 21px;\">\n<td style=\"width: 119.114px; height: 21px; text-align: center;\"><strong>S\u1ed1 c\u1ef1c (P)<\/strong><\/td>\n<td style=\"width: 139.443px; height: 21px; text-align: center;\"><strong>D\u00f2ng t\u1ea3i (A)<\/strong><\/td>\n<td style=\"width: 126.455px; text-align: center; height: 21px;\"><strong>M\u00e3 SP<\/strong><\/td>\n<td style=\"width: 196.08px; text-align: center; height: 21px;\"><strong>G\u00eda<\/strong><\/td>\n<\/tr>\n<tr style=\"height: 21px;\">\n<td style=\"width: 119.114px; height: 21px; text-align: center;\">3P<\/td>\n<td style=\"width: 139.443px; height: 84px; text-align: center;\" colspan=\"1\" rowspan=\"4\">10(17)A<\/td>\n<td style=\"width: 126.455px; height: 21px; text-align: center;\">STB-103<\/td>\n<td style=\"width: 196.08px; height: 21px; text-align: center;\"><em>Li\u00ean h\u1ec7<\/em><\/td>\n<\/tr>\n<tr style=\"height: 21px;\">\n<td style=\"width: 119.114px; height: 21px; text-align: center;\">4P<\/td>\n<td style=\"width: 126.455px; height: 21px; text-align: center;\">STB-104<\/td>\n<td style=\"width: 196.08px; height: 21px; text-align: center;\"><em>Li\u00ean h\u1ec7<\/em><\/td>\n<\/tr>\n<tr style=\"height: 21px;\">\n<td style=\"width: 119.114px; height: 21px; text-align: center;\">6P<\/td>\n<td style=\"width: 126.455px; height: 21px; text-align: center;\">STB-106<\/td>\n<td style=\"width: 196.08px; height: 21px; text-align: center;\"><em>Li\u00ean h\u1ec7<\/em><\/td>\n<\/tr>\n<tr style=\"height: 21px;\">\n<td style=\"width: 119.114px; height: 21px; text-align: center;\">10P<\/td>\n<td style=\"width: 126.455px; height: 21px; text-align: center;\">STB-1010<\/td>\n<td style=\"width: 196.08px; height: 21px; text-align: center;\"><em>Li\u00ean h\u1ec7<\/em><\/td>\n<\/tr>\n<tr style=\"height: 21.3611px;\">\n<td style=\"width: 119.114px; height: 21.3611px; text-align: center;\">3P<\/td>\n<td style=\"width: 139.443px; height: 147.361px; text-align: center;\" colspan=\"1\" rowspan=\"7\">20(24)A<\/td>\n<td style=\"width: 126.455px; height: 21.3611px; text-align: center;\">FHTB-203<\/td>\n<td style=\"width: 196.08px; height: 21.3611px; text-align: center;\"><em>Li\u00ean h\u1ec7<\/em><\/td>\n<\/tr>\n<tr style=\"height: 21px;\">\n<td style=\"width: 119.114px; height: 21px; text-align: center;\">4P<\/td>\n<td style=\"width: 126.455px; height: 21px; text-align: center;\">FHTB-204<\/td>\n<td style=\"width: 196.08px; height: 21px; text-align: center;\"><em>Li\u00ean h\u1ec7<\/em><\/td>\n<\/tr>\n<tr style=\"height: 21px;\">\n<td style=\"width: 119.114px; height: 21px; text-align: center;\">6P<\/td>\n<td style=\"width: 126.455px; height: 21px; text-align: center;\">FHTB-206<\/td>\n<td style=\"width: 196.08px; height: 21px; text-align: center;\"><em>Li\u00ean h\u1ec7<\/em><\/td>\n<\/tr>\n<tr style=\"height: 21px;\">\n<td style=\"width: 119.114px; height: 21px; text-align: center;\">10P<\/td>\n<td style=\"width: 126.455px; height: 21px; text-align: center;\">FHTB-2010<\/td>\n<td style=\"width: 196.08px; height: 21px; text-align: center;\"><em>Li\u00ean h\u1ec7<\/em><\/td>\n<\/tr>\n<tr style=\"height: 21px;\">\n<td style=\"width: 119.114px; height: 21px; text-align: center;\">12P<\/td>\n<td style=\"width: 126.455px; height: 21px; text-align: center;\">FHTB-2012<\/td>\n<td style=\"width: 196.08px; height: 21px; text-align: center;\"><em>Li\u00ean h\u1ec7<\/em><\/td>\n<\/tr>\n<tr style=\"height: 21px;\">\n<td style=\"width: 119.114px; height: 21px; text-align: center;\">15P<\/td>\n<td style=\"width: 126.455px; height: 21px; text-align: center;\">FHTB-2015<\/td>\n<td style=\"width: 196.08px; height: 21px; text-align: center;\"><em>Li\u00ean h\u1ec7<\/em><\/td>\n<\/tr>\n<tr style=\"height: 21px;\">\n<td style=\"width: 119.114px; height: 21px; text-align: center;\">20P<\/td>\n<td style=\"width: 126.455px; height: 21px; text-align: center;\">FHTB-2020<\/td>\n<td style=\"width: 196.08px; height: 21px; text-align: center;\"><em>Li\u00ean h\u1ec7<\/em><\/td>\n<\/tr>\n<tr style=\"height: 21px;\">\n<td style=\"width: 119.114px; height: 21px; text-align: center;\">3P<\/td>\n<td style=\"width: 139.443px; height: 84px; text-align: center;\" colspan=\"1\" rowspan=\"4\">30(32)A<\/td>\n<td style=\"width: 126.455px; height: 21px; text-align: center;\">FHTB-303<\/td>\n<td style=\"width: 196.08px; height: 21px; text-align: center;\"><em>Li\u00ean h\u1ec7<\/em><\/td>\n<\/tr>\n<tr style=\"height: 21px;\">\n<td style=\"width: 119.114px; height: 21px; text-align: center;\">4P<\/td>\n<td style=\"width: 126.455px; height: 21px; text-align: center;\">FHTB-304<\/td>\n<td style=\"width: 196.08px; height: 21px; text-align: center;\"><em>Li\u00ean h\u1ec7<\/em><\/td>\n<\/tr>\n<tr style=\"height: 21px;\">\n<td style=\"width: 119.114px; height: 21px; text-align: center;\">6P<\/td>\n<td style=\"width: 126.455px; height: 21px; text-align: center;\">FHTB-306<\/td>\n<td style=\"width: 196.08px; height: 21px; text-align: center;\"><em>Li\u00ean h\u1ec7<\/em><\/td>\n<\/tr>\n<tr style=\"height: 21px;\">\n<td style=\"width: 119.114px; height: 21px; text-align: center;\">10P<\/td>\n<td style=\"width: 126.455px; height: 21px; text-align: center;\">FHTB-3010<\/td>\n<td style=\"width: 196.08px; height: 21px; text-align: center;\"><em>Li\u00ean h\u1ec7<\/em><\/td>\n<\/tr>\n<tr style=\"height: 21px;\">\n<td style=\"width: 119.114px; height: 21px; text-align: center;\">3P<\/td>\n<td style=\"width: 139.443px; height: 42px; text-align: center;\" colspan=\"1\" rowspan=\"2\">60A<\/td>\n<td style=\"width: 126.455px; height: 21px; text-align: center;\">FHTB-603<\/td>\n<td style=\"width: 196.08px; height: 21px; text-align: center;\"><em>Li\u00ean h\u1ec7<\/em><\/td>\n<\/tr>\n<tr style=\"height: 21px;\">\n<td style=\"width: 119.114px; height: 21px; text-align: center;\">4P<\/td>\n<td style=\"width: 126.455px; height: 21px; text-align: center;\">FHTB-604<\/td>\n<td style=\"width: 196.08px; height: 21px; text-align: center;\"><em>Li\u00ean h\u1ec7<\/em><\/td>\n<\/tr>\n<tr style=\"height: 21px;\">\n<td style=\"width: 119.114px; height: 21px; text-align: center;\">3P<\/td>\n<td style=\"width: 139.443px; height: 42px; text-align: center;\" colspan=\"1\" rowspan=\"2\">100A<\/td>\n<td style=\"width: 126.455px; height: 21px; text-align: center;\">FHTB-1003<\/td>\n<td style=\"width: 196.08px; height: 21px; text-align: center;\"><em>Li\u00ean h\u1ec7<\/em><\/td>\n<\/tr>\n<tr style=\"height: 21px;\">\n<td style=\"width: 119.114px; height: 21px; text-align: center;\">4P<\/td>\n<td style=\"width: 126.455px; height: 21px; text-align: center;\">FHTB-1004<\/td>\n<td style=\"width: 196.08px; height: 21px; text-align: center;\"><em>Li\u00ean h\u1ec7<\/em><\/td>\n<\/tr>\n<tr style=\"height: 21px;\">\n<td style=\"width: 119.114px; height: 21px; text-align: center;\">3P<\/td>\n<td style=\"width: 139.443px; height: 42px; text-align: center;\" colspan=\"1\" rowspan=\"2\">150A<\/td>\n<td style=\"width: 126.455px; height: 21px; text-align: center;\">FHTB-1503<\/td>\n<td style=\"width: 196.08px; height: 21px; text-align: center;\"><em>Li\u00ean h\u1ec7<\/em><\/td>\n<\/tr>\n<tr style=\"height: 21px;\">\n<td style=\"width: 119.114px; height: 21px; text-align: center;\">4P<\/td>\n<td style=\"width: 126.455px; height: 21px; text-align: center;\">FHTB-1504<\/td>\n<td style=\"width: 196.08px; height: 21px; text-align: center;\"><em>Li\u00ean h\u1ec7<\/em><\/td>\n<\/tr>\n<tr style=\"height: 21px;\">\n<td style=\"width: 119.114px; height: 21px; text-align: center;\">3P<\/td>\n<td style=\"width: 139.443px; height: 42px; text-align: center;\" colspan=\"1\" rowspan=\"2\">200A<\/td>\n<td style=\"width: 126.455px; height: 21px; text-align: center;\">FHTB-2003<\/td>\n<td style=\"width: 196.08px; height: 21px; text-align: center;\"><em>Li\u00ean h\u1ec7<\/em><\/td>\n<\/tr>\n<tr style=\"height: 21px;\">\n<td style=\"width: 119.114px; height: 21px; text-align: center;\">4P<\/td>\n<td style=\"width: 126.455px; height: 21px; text-align: center;\">FHTB-2004<\/td>\n<td style=\"width: 196.08px; height: 21px; text-align: center;\"><em>Li\u00ean h\u1ec7<\/em><\/td>\n<\/tr>\n<tr style=\"height: 21px;\">\n<td style=\"width: 119.114px; height: 21px; text-align: center;\">3P<\/td>\n<td style=\"width: 139.443px; height: 42px; text-align: center;\" colspan=\"1\" rowspan=\"2\">300A<\/td>\n<td style=\"width: 126.455px; height: 21px; text-align: center;\">FHTB-3003<\/td>\n<td style=\"width: 196.08px; height: 21px; text-align: center;\"><em>Li\u00ean h\u1ec7<\/em><\/td>\n<\/tr>\n<tr style=\"height: 21px;\">\n<td style=\"width: 119.114px; height: 21px; text-align: center;\">4P<\/td>\n<td style=\"width: 126.455px; height: 21px; text-align: center;\">FHTB-3004<\/td>\n<td style=\"width: 196.08px; height: 21px; text-align: center;\"><em>Li\u00ean h\u1ec7<\/em><\/td>\n<\/tr>\n<tr style=\"height: 21px;\">\n<td style=\"width: 119.114px; height: 21px; text-align: center;\">3P<\/td>\n<td style=\"width: 139.443px; height: 42px; text-align: center;\" colspan=\"1\" rowspan=\"2\">400A<\/td>\n<td style=\"width: 126.455px; height: 21px; text-align: center;\">FHTB-4003<\/td>\n<td style=\"width: 196.08px; height: 21px; text-align: center;\"><em>Li\u00ean h\u1ec7<\/em><\/td>\n<\/tr>\n<tr style=\"height: 21px;\">\n<td style=\"width: 119.114px; height: 21px; text-align: center;\">4P<\/td>\n<td style=\"width: 126.455px; height: 21px; text-align: center;\">FHTB-4004<\/td>\n<td style=\"width: 196.08px; height: 21px; text-align: center;\"><em>Li\u00ean h\u1ec7<\/em><\/td>\n<\/tr>\n<\/tbody>\n<\/table>\n<p>&nbsp;<\/p>\n<p>C\u1ea7u \u0111\u1ea5u d\u00e2y \u0111i\u1ec7n hay c\u00f2n \u0111\u01b0\u1ee3c g\u1ecdi l\u00e0 domino \u0111i\u1ec7n, l\u00e0 thi\u1ebft b\u1ecb d\u00f9ng \u0111\u1ec3 n\u1ed1i ti\u1ebfp c\u00e1c m\u1ea1ch \u0111i\u1ec7n trong m\u1ea1ch \u0111i\u1ec1u khi\u1ec3n ho\u1eb7c m\u1ea1ch \u0111\u1ed9ng l\u1ef1c. C\u1ea7u \u0111\u1ea5u gi\u00fap cho vi\u1ec7c k\u1ebft n\u1ed1i c\u00e1c d\u00e2y \u0111i\u1ec7n tr\u1edf n\u00ean d\u1ec5 d\u00e0ng, th\u1ea9m m\u1ef9, ch\u1eafc ch\u1eafn v\u00e0 an to\u00e0n h\u01a1n. C\u1ea7u \u0111\u1ea5u c\u00f3 r\u1ea5t nhi\u1ec1u lo\u1ea1i nh\u01b0: C\u1ea7u \u0111\u1ea5u kh\u1ed1i, c\u1ea7u \u0111\u1ea5u gi\u1eafc c\u1eafm, c\u1ea7u \u0111\u1ea5u l\u1eafp gh\u00e9p,\u2026<\/p>\n<p><strong>Domino kh\u1ed1i fit \u0111en<\/strong><\/p>\n<p>C\u1ea7u \u0111\u1ea5u \u0111i\u1ec7n d\u1ea1ng kh\u1ed1i \u0111\u01b0\u1ee3c s\u1eed d\u1ee5ng ph\u1ed5 bi\u1ebfn trong \u0111i\u1ec7n c\u00f4ng nghi\u1ec7p, \u1ee9ng d\u1ee5ng trong c\u00e1c t\u1ee7 ph\u00e2n ph\u1ed1i ch\u00ednh, t\u1ee7 \u0111i\u1ec1u khi\u1ec3n.<\/p>\n<p><strong>\u01afu \u0111i\u1ec3m<\/strong><\/p>\n<p>V\u1edbi thi\u1ebft k\u1ebf g\u1ecdn g\u00e0ng nh\u01b0ng v\u1eabn t\u1ea3i \u0111\u01b0\u1ee3c d\u00f2ng \u0111i\u1ec7n l\u1edbn l\u00ean \u0111\u1ebfn 400A, c\u1ea7u \u0111\u1ea5u l\u00e0 thi\u1ebft b\u1ecb th\u00edch h\u1ee3p nh\u1ea5t \u0111\u1ec3 n\u1ed1i d\u00e2y trong c\u00e1c m\u1ea1ch \u0111\u1ed9ng l\u1ef1c, c\u00e1c m\u1ea1ch \u0111i\u1ec1u khi\u1ec3n c\u00f3 c\u00f4ng su\u1ea5t l\u1edbn. Ngo\u00e0i ra, n\u00f3 c\u00f2n r\u1ea5t nhi\u1ec1u \u01b0u \u0111i\u1ec3m nh\u01b0:<\/p>\n<ul>\n<li>D\u1ea1ng kh\u1ed1i ch\u1eafc ch\u1eafn, ch\u1ea5t li\u1ec7u nh\u1ef1a cao c\u1ea5p ch\u1ecbu nhi\u1ec7t, va \u0111\u1eadp t\u1ed1t, c\u00e1c ti\u1ebfp \u0111i\u1ec3m ch\u1ed1ng ch\u1ecbu m\u00e0i m\u00f2n cao. \u0110i\u1ec3m ti\u1ebfp x\u00fac t\u1ed1t, tr\u00e1nh \u0111\u01b0\u1ee3c hi\u1ec7n t\u01b0\u1ee3ng r\u00f2 r\u1ec9 tia l\u1eeda \u0111i\u1ec7n.<\/li>\n<li>C\u00f3 \u0111a d\u1ea1ng k\u00edch th\u01b0\u1edbc, l\u00ean \u0111\u1ebfn 12P cho ph\u00e9p k\u1ebft n\u1ed1i r\u1ea5t nhi\u1ec1u d\u00e2y \u0111i\u1ec7n v\u1edbi nhau. \u0110i\u1ec1u n\u00e0y v\u1eeba gi\u00fap cho h\u1ec7 th\u1ed1ng c\u1ee7a b\u1ea1n v\u1eeba g\u1ecdn g\u00e0ng, th\u1ea9m m\u1ef9, c\u00e1c k\u1ebft n\u1ed1i ch\u1eafc ch\u1eafn v\u00e0 h\u01a1n n\u1eefa l\u00e0 ti\u1ebfp ki\u1ec7m \u0111\u01b0\u1ee3c chi ph\u00ed cho vi\u1ec7c mua nhi\u1ec1u c\u1ea7u \u0111\u1ea5u 3P, 4P \u0111\u1ec3 gh\u00e9p l\u1ea1i.<\/li>\n<li>Gi\u00fap vi\u1ec7c \u0111i d\u00e2y trong t\u1ee7 \u0111i\u1ec7n tr\u1edf n\u00ean \u0111\u01a1n gi\u1ea3n h\u01a1n, d\u1ec5 d\u00e0ng h\u01a1n.<\/li>\n<li>Gi\u00e1 th\u00e0nh r\u1ebb, Ch\u1ec9 t\u1eeb 10000vn\u0111 cho 1 s\u1ea3n ph\u1ea9m v\u1edbi t\u1ea3i 15A 3P.<\/li>\n<li>Ch\u1ea5t l\u01b0\u1ee3ng cao. T\u1ef7 l\u1ec7 h\u01b0 h\u1ecfng hay x\u1ea3y ra l\u1ed7i h\u1ea7u nh\u01b0 l\u00e0 kh\u00f4ng c\u00f3.<\/li>\n<\/ul>\n<p>Nh\u01b0 c\u00e1c b\u1ea1n c\u0169ng \u0111\u00e3 th\u1ea5y tr\u00ean h\u00ecnh, c\u1ea7u \u0111\u1ea5u \u0111i\u1ec7n fit \u0111en c\u00f3 t\u1ea5m mica trong su\u1ed1t \u0111\u1ec3 b\u1ea3o v\u1ec7 c\u00e1ch ly, t\u0103ng t\u00ednh an to\u00e0n h\u01a1n cho ng\u01b0\u1eddi thao t\u00e1c. N\u00f3 c\u00f2n mang l\u1ea1i t\u00ednh th\u1ea9m m\u1ef9 cao cho c\u00f4ng tr\u00ecnh c\u1ee7a b\u1ea1n.<\/p>\n<p><strong>\u0110\u1eb7c \u0111i\u1ec3m<\/strong><\/p>\n<p>\u0110\u01b0\u1ee3c s\u1ea3n xu\u1ea5t theo ti\u00eau chu\u1ea9n Ch\u00e2u \u00c2u, ph\u00f9 h\u1ee3p v\u1edbi m\u1ecdi lo\u1ea1i t\u1ee7 \u0111i\u1ec7n, k\u1ebft n\u1ed1i \u0111\u01b0\u1ee3c h\u1ea7u h\u1ebft c\u00e1c lo\u1ea1i c\u00e1p \u0111i\u1ec7n.<\/p>\n<p>Thi\u1ebft k\u1ebf nh\u1ecf g\u1ecdn cho ph\u00e9p l\u1eafp \u0111\u1eb7t \u1edf nh\u1eefng kh\u00f4ng gian h\u1ea1n ch\u1ebf nh\u1ea5t. B\u1ea3o v\u1ec7 c\u00e1ch ly gi\u1eefa c\u00e1c pha, c\u00e1c ti\u1ebfp \u0111i\u1ec3m \u0111\u01b0\u1ee3c t\u00ednh to\u00e1n k\u1ef9 c\u00e0ng \u0111\u1ec3 thi\u1ebft k\u1ebf k\u00edch th\u01b0\u1edbc pha ch\u00ednh x\u00e1c, tr\u00e1nh hi\u1ec7n t\u01b0\u1ee3ng ph\u00f3ng \u0111i\u1ec7n, tia l\u1eeda \u0111i\u1ec7n g\u00e2y ch\u00e1y n\u1ed5 h\u01b0 h\u1ecfng h\u1ec7 th\u1ed1ng.<\/p>\n<p><strong>\u1ee8ng d\u1ee5ng<\/strong><\/p>\n<p>C\u1ea7u \u0111\u1ea5u \u0111i\u1ec7n fit \u0111en \u0111\u01b0\u1ee3c \u1ee9ng d\u1ee5ng r\u1ed9ng r\u00e3i trong c\u00f4ng nghi\u1ec7p, l\u00e0 d\u00f2ng s\u1ea3n ph\u1ea9m \u0111\u01b0\u1ee3c s\u1eed d\u1ee5ng ph\u1ed5 bi\u1ebfn cho nhu c\u1ea7u k\u1ebft n\u1ed1i d\u00e2y \u0111i\u1ec7n v\u1edbi c\u00e1c thi\u1ebft b\u1ecb \u0111i\u1ec1u khi\u1ec3n, c\u00e1c m\u1ea1ch \u0111\u1ed9ng l\u1ef1c trong t\u1ee7 \u0111i\u1ec7n,\u2026<\/p>\n<p>&nbsp;<\/p>\n","protected":false},"excerpt":{"rendered":"<div class=\"desc\">C\u1ea7u \u0111\u1ea5u d\u00e2y \u0111i\u1ec7n domino kh\u1ed1i fit \u0111en th\u01b0\u1eddng \u0111\u01b0\u1ee3c s\u1eed d\u1ee5ng trong \u0111\u1ea5u n\u1ed1i t\u1ee7 b\u1ea3ng \u0111i\u1ec7n c\u00f4ng nghi\u1ec7p, c\u00f3 th\u1ec3 \u0111\u1ea5u n\u1ed1i t\u1eeb 3P \u0111\u1ebfn 20P.<\/div>\n<div class=\"list\">\n<p><i class=\"fa fa-gg\" aria-hidden=\"true\"><\/i>\u00a0\u01afU \u0110I\u1ec2M:<br \/>\nC\u1ea7u \u0111\u1ea5u \u0111i\u1ec7n domino kh\u1ed1i \u0111\u1eb7t ti\u00eau chu\u1ea9n IEC<br \/>\nCh\u1ea5t li\u1ec7u t\u1ed1t, chi\u1ee5 nhi\u1ec7t cao<br \/>\n\u0110a d\u1ea1ng k\u00edch th\u01b0\u1edbc, cho ph\u00e9p k\u1ebft n\u1ed1i nhi\u1ec1u d\u00e2y \u0111i\u1ec7n<br \/>\nThi\u1ebft k\u1ebf g\u1ecdn nh\u1eb9, \u0111\u1ec5 d\u00e0ng thay th\u1ebf<br \/>\nGi\u00e1 th\u00e0nh h\u1ee3p l\u00fd ph\u00f9 h\u1ee3p kinh t\u1ebf<\/p>\n<\/div>\n","protected":false},"featured_media":3507,"comment_status":"open","ping_status":"closed","template":"","meta":[],"product_cat":[199],"product_tag":[],"jetpack-related-posts":[{"id":3508,"url":"https:\/\/tp-electric.vn\/index.php\/san-pham\/domino-tep\/","url_meta":{"origin":3506,"position":0},"title":"DOMINO T\u00c9P","author":"","date":"14\/04\/2023","format":false,"excerpt":"\u01afU \u0110I\u1ec2M: \u0110\u1ea1t ti\u00eau chu\u1ea9n ch\u1ed1ng va \u0111\u1eadp, ch\u1ecbu nhi\u1ec7t, c\u00e1ch \u0111i\u1ec7n t\u1ed1t Ph\u00f9 h\u1ee3p v\u1edbi m\u1ecdi k\u00edch th\u01b0\u1edbc d\u00e2y \u0111i\u1ec7n \u0111\u1ec3 \u0111\u1ea5u n\u1ed1i Nh\u1ecf g\u1ecdn, d\u1ec5 d\u00e0ng l\u1eafp \u0111\u1eb7t Thi\u1ebft k\u1ebf hi\u1ec7n \u0111\u1ea1i, \u0111\u00e1p \u1ee9ng c\u00e1c y\u00eau c\u1ea7u kh\u1eafc khe Gi\u00e1 th\u00e0nh t\u01b0\u01a1ng \u0111\u1ed1i r\u1ebb","rel":"","context":"Similar post","block_context":{"text":"Similar post","link":""},"img":{"alt_text":"","src":"https:\/\/i0.wp.com\/tp-electric.vn\/wp-content\/uploads\/2023\/04\/DOMINO-TEP.png?fit=300%2C300&ssl=1&resize=350%2C200","width":350,"height":200},"classes":[]},{"id":2803,"url":"https:\/\/tp-electric.vn\/index.php\/san-pham\/dau-cose-pin\/","url_meta":{"origin":3506,"position":1},"title":"\u0110\u1ea7u cose c\u00e1c lo\u1ea1i","author":"","date":"08\/02\/2023","format":false,"excerpt":"\u0110\u1ea7u c\u1ed1t (Coss) c\u00f3 t\u00ean ti\u1ebfng Anh l\u00e0 COSSE ho\u1eb7c Terminal l\u00e0 thi\u1ebft b\u1ecb k\u1ebft n\u1ed1i trong ng\u00e0nh \u0111i\u1ec7n, c\u00f3 t\u00e1c d\u1ee5ng truy\u1ec1n t\u1ea3i \u0111i\u1ec7n n\u0103ng nh\u1eb1m t\u0103ng kh\u1ea3 n\u0103ng d\u1eabn \u0111i\u1ec7n gi\u1eef c\u00e1p \u0111i\u1ec7n v\u1edbi c\u00e1p \u0111i\u00ean ho\u1eb7c gi\u1eefa c\u00e1p \u0111i\u1ec7n v\u1edbi c\u00e1c thi\u1ebft b\u1ecb kh\u00e1c","rel":"","context":"Similar post","block_context":{"text":"Similar post","link":""},"img":{"alt_text":"","src":"https:\/\/i0.wp.com\/tp-electric.vn\/wp-content\/uploads\/2023\/02\/1-6.png?fit=300%2C300&ssl=1&resize=350%2C200","width":350,"height":200},"classes":[]},{"id":3504,"url":"https:\/\/tp-electric.vn\/index.php\/san-pham\/hop-noi-day-dien\/","url_meta":{"origin":3506,"position":2},"title":"H\u1ed8P N\u1ed0I D\u00c2Y \u0110I\u1ec6N","author":"","date":"14\/04\/2023","format":false,"excerpt":"\u00a0\u01afU \u0110I\u1ec2M: V\u1eadt li\u1ec7u PVC, ABS cao c\u1ea5p ch\u1ed1ng ch\u00e1y, ch\u1ed1ng \u1ed1 v\u00e0ng H\u1ed9p n\u1ed1i \u0111i\u1ec7n \u0111a d\u1ea1ng k\u00edch th\u01b0\u1edbc, ti\u00eau chu\u1ea9n C\u00f3 nhi\u1ec1u h\u00e3ng Sino, Boxco, OBO... ch\u00ednh h\u00e3ng H\u1ed9p n\u1ed1i d\u00e2y \u0111i\u1ec7n \u0111\u00e1p \u1ee9ng c\u00e1c ti\u00eau chu\u1ea9n VN, Ch\u00e2u \u00e2u Ch\u00ednh s\u00e1ch gi\u00e1 t\u1ed1t cho c\u00f4ng tr\u00ecnh, nh\u00e0\u2026","rel":"","context":"Similar post","block_context":{"text":"Similar post","link":""},"img":{"alt_text":"","src":"https:\/\/i0.wp.com\/tp-electric.vn\/wp-content\/uploads\/2023\/04\/hopnoi.png?fit=300%2C300&ssl=1&resize=350%2C200","width":350,"height":200},"classes":[]},{"id":2937,"url":"https:\/\/tp-electric.vn\/index.php\/san-pham\/aptomat-chong-set-lan-truyen-truc-tiep-abb\/","url_meta":{"origin":3506,"position":3},"title":"APTOMAT CH\u1ed0NG S\u00c9T LAN TRUY\u1ec0N TR\u1ef0C TI\u1ebeP ABB","author":"","date":"13\/02\/2023","format":false,"excerpt":"Aptomat ch\u1ed1ng s\u00e9t lan truy\u1ec1n tr\u1ef1c ti\u1ebfp ABB d\u00f2ng s\u1ea3n ph\u1ea9m c\u00f3 ch\u1ee9c n\u0103ng b\u1ea3o v\u1ec7 s\u00e9t \u0111\u00e1nh tr\u1ef1c ti\u1ebfp cho h\u1ec7 th\u1ed1ng \u0111i\u1ec7n, b\u1ea3o v\u1ec7 qu\u00e1 \u0111i\u1ec7n \u00e1p cho c\u00e1c thi\u1ebft b\u1ecb \u0111i\u1ec7n d\u00e2n d\u1ee5ng, c\u00f4ng nghi\u1ec7p. \u00a0\u01afU \u0110I\u1ec2M: Ch\u1ed1ng s\u00e9t \u0111\u00e1nh tr\u1ef1c ti\u1ebfp cho c\u00e1c thi\u1ebft b\u1ecb \u0111i\u1ec7n\u2026","rel":"","context":"Similar post","block_context":{"text":"Similar post","link":""},"img":{"alt_text":"","src":"https:\/\/i0.wp.com\/tp-electric.vn\/wp-content\/uploads\/2023\/02\/CS-TT.png?fit=1200%2C1200&ssl=1&resize=350%2C200","width":350,"height":200,"srcset":"https:\/\/i0.wp.com\/tp-electric.vn\/wp-content\/uploads\/2023\/02\/CS-TT.png?fit=1200%2C1200&ssl=1&resize=350%2C200 1x, https:\/\/i0.wp.com\/tp-electric.vn\/wp-content\/uploads\/2023\/02\/CS-TT.png?fit=1200%2C1200&ssl=1&resize=700%2C400 2x, https:\/\/i0.wp.com\/tp-electric.vn\/wp-content\/uploads\/2023\/02\/CS-TT.png?fit=1200%2C1200&ssl=1&resize=1050%2C600 3x"},"classes":[]},{"id":3495,"url":"https:\/\/tp-electric.vn\/index.php\/san-pham\/nut-nhan-loai-khoi-abb\/","url_meta":{"origin":3506,"position":4},"title":"N\u00daT NH\u1ea4N LO\u1ea0I KH\u1ed0I ABB","author":"","date":"14\/04\/2023","format":false,"excerpt":"C\u00e1c lo\u1ea1i n\u00fat nh\u1ea5n ABB g\u1ed3m n\u00fat nh\u1ea5n nh\u1ea3, n\u00fat nh\u1ea5n c\u00f3 \u0111\u00e8n b\u00e1o, n\u00fat d\u1eebng kh\u1ea9n c\u1ea5p \u0111a d\u1ea1ng v\u1ec1 m\u00e0u s\u1eafc, ki\u1ec3u d\u00e1ng, nh\u01b0 \u0111en, xanh, \u0111\u1ecf, v\u00e0ng, cam. \u00a0\u01afU \u0110I\u1ec2M: \u0110\u1ed9 b\u1ec1n c\u01a1 kh\u00ed: 500.000 l\u1ea7n thao t\u00e1c \u0110i\u1ec7n \u00e1p c\u00e1ch \u0111i\u1ec7n 300V D\u00f2ng \u0111\u1ecbnh m\u1ee9c nhi\u1ec7t\u2026","rel":"","context":"Similar post","block_context":{"text":"Similar post","link":""},"img":{"alt_text":"","src":"https:\/\/i0.wp.com\/tp-electric.vn\/wp-content\/uploads\/2023\/04\/Untitled-1.png?fit=300%2C300&ssl=1&resize=350%2C200","width":350,"height":200},"classes":[]},{"id":3297,"url":"https:\/\/tp-electric.vn\/index.php\/san-pham\/cau-chi-hop-e90-abb\/","url_meta":{"origin":3506,"position":5},"title":"C\u1ea6U CH\u00cc H\u1ed8P E90 ABB","author":"","date":"25\/02\/2023","format":false,"excerpt":"C\u1ea7u ch\u00ec h\u1ed9p E90 ABB d\u00f2ng s\u1ea3n ph\u1ea9m \u0111\u01b0\u1ee3c d\u00f9ng \u0111\u1ec3 ki\u1ec3m so\u00e1t b\u1ea3o v\u1ec7 m\u1ea1ch \u0111i\u1ec7n trong t\u1ef1 \u0111\u1ed9ng \u0111i\u1ec1u khi\u1ec3n, \u0111\u00f3ng ng\u1eaft m\u1ea1ch, b\u1ea3o v\u1ec7 qu\u00e1 t\u1ea3i v\u1edbi d\u00f2ng \u0111\u1ecbnh m\u1ee9c \u0111\u1ebfn 125A. \u00a0\u01afU \u0110I\u1ec2M: B\u1ea3o v\u1ec7 qu\u00e1 t\u1ea3i, ng\u1eafn m\u1ea1ch tr\u1ecdng m\u1ea1ng \u0111i\u1ec7n h\u1ea1 th\u1ebf S\u1eed d\u1ee5ng\u2026","rel":"","context":"Similar post","block_context":{"text":"Similar post","link":""},"img":{"alt_text":"","src":"https:\/\/i0.wp.com\/tp-electric.vn\/wp-content\/uploads\/2023\/02\/fusse.png?fit=300%2C300&ssl=1&resize=350%2C200","width":350,"height":200},"classes":[]}],"_links":{"self":[{"href":"https:\/\/tp-electric.vn\/index.php\/wp-json\/wp\/v2\/product\/3506"}],"collection":[{"href":"https:\/\/tp-electric.vn\/index.php\/wp-json\/wp\/v2\/product"}],"about":[{"href":"https:\/\/tp-electric.vn\/index.php\/wp-json\/wp\/v2\/types\/product"}],"replies":[{"embeddable":true,"href":"https:\/\/tp-electric.vn\/index.php\/wp-json\/wp\/v2\/comments?post=3506"}],"wp:featuredmedia":[{"embeddable":true,"href":"https:\/\/tp-electric.vn\/index.php\/wp-json\/wp\/v2\/media\/3507"}],"wp:attachment":[{"href":"https:\/\/tp-electric.vn\/index.php\/wp-json\/wp\/v2\/media?parent=3506"}],"wp:term":[{"taxonomy":"product_cat","embeddable":true,"href":"https:\/\/tp-electric.vn\/index.php\/wp-json\/wp\/v2\/product_cat?post=3506"},{"taxonomy":"product_tag","embeddable":true,"href":"https:\/\/tp-electric.vn\/index.php\/wp-json\/wp\/v2\/product_tag?post=3506"}],"curies":[{"name":"wp","href":"https:\/\/api.w.org\/{rel}","templated":true}]}}