{"id":3504,"date":"2023-04-14T11:04:21","date_gmt":"2023-04-14T04:04:21","guid":{"rendered":"https:\/\/tp-electric.vn\/?post_type=product&#038;p=3504"},"modified":"2024-12-12T15:11:37","modified_gmt":"2024-12-12T08:11:37","slug":"hop-noi-day-dien","status":"publish","type":"product","link":"https:\/\/tp-electric.vn\/index.php\/san-pham\/hop-noi-day-dien\/","title":{"rendered":"H\u1ed8P N\u1ed0I D\u00c2Y \u0110I\u1ec6N"},"content":{"rendered":"<h2><strong>\u01afu \u0111i\u1ec3m c\u1ee7a h\u1ed9p n\u1ed1i d\u00e2y \u0111i\u1ec7n<\/strong><\/h2>\n<p>&#8211; Ch\u1ea5t l\u01b0\u1ee3ng cao: h\u1ed9p n\u1ed1i d\u00e2y \u0111i\u1ec7n \u0111\u01b0\u1ee3c s\u1ea3n xu\u1ea5t b\u1eb1ng nh\u1ef1a PVC cao c\u1ea5p, s\u1ee3i th\u1ee7y tinh, th\u00e9p, nh\u00f4m, \u2026 \u0111\u1ed9 b\u1ec1n cao, c\u00e1ch \u0111i\u1ec7n t\u1ed1t \u0111\u1ed1i v\u1edbi h\u1ee3p nh\u1ef1a. ch\u1ed1ng ch\u00e1y, ch\u1ecbu nhi\u1ec7t cao \u0111\u1ed1i v\u1edbi h\u1ed9p \u0111i\u1ec7n kim lo\u1ea1i, h\u1ed9p \u0111i\u1ec7n nh\u1ef1a cao c\u1ea5p. T\u00f9y thu\u1ed9c v\u00e0o nhu c\u1ea7u s\u1eed d\u1ee5ng \u0111\u1ec3 l\u1ef1a ch\u1ecdn s\u1ea3n ph\u1ea9m ph\u00f9 h\u1ee3p.<\/p>\n<p>&#8211; Gi\u00e1 th\u00e0nh r\u1ebb: gi\u00e1 c\u1ee7a c\u00e1c h\u1ed9p n\u1ed1i \u0111i\u1ec7n nh\u1ef1a kh\u00e1 l\u00e0 r\u1ebb, ch\u1ec9 t\u1eeb 10.000\u0111 tr\u1edf l\u00ean<\/p>\n<p>&#8211; Thi\u1ebft k\u1ebf g\u1ecdn nh\u1eb9, \u0111a d\u1ea1ng v\u1ec1 k\u00edch th\u01b0\u1edbc l\u1ed7 n\u1ed1i d\u00e2y, ph\u00f9 h\u1ee3p cho m\u1ecdi lo\u1ea1i d\u00e2y t\u1ea3i t\u1eeb nh\u1ecf \u0111\u1ebfn l\u1edbn.<\/p>\n<p>Ngo\u00e0i ra, h\u1ed9p n\u1ed1i d\u00e2y \u0111i\u1ec7n c\u00f2n nhi\u1ec1u \u01b0u \u0111i\u1ec3m kh\u00e1c gi\u00fap cho c\u00f4ng tr\u00ecnh c\u1ee7a b\u1ea1n tr\u1edf n\u00ean ho\u00e0n thi\u1ec7n h\u01a1n v\u1ec1 c\u00f4ng \u0111o\u1ea1n k\u1ef9 thu\u1eadt c\u0169ng nh\u01b0 th\u1ea9m m\u0129 trong ng\u00f4i nh\u00e0 c\u1ee7a b\u1ea1n.<\/p>\n<p>&nbsp;<\/p>\n<h2><strong>C\u00e1c lo\u1ea1i h\u1ed9p n\u1ed1i d\u00e2y \u0111i\u1ec7n th\u00f4ng d\u1ee5ng<\/strong><\/h2>\n<h3><strong>H\u1ed9p n\u1ed1i \u0111i\u1ec7n kim lo\u1ea1i<\/strong><\/h3>\n<p>N\u1ebfu b\u1ea1n s\u1eed d\u1ee5ng \u1ed1ng kim lo\u1ea1i \u0111\u1ec3 \u0111\u01b0a d\u00e2y d\u1eabn \u0111\u1ebfn h\u1ed9p n\u1ed1i d\u00e2y \u0111i\u1ec7n, th\u00ec b\u1ea1n c\u1ea7n ph\u1ea3i s\u1eed d\u1ee5ng h\u1ed9p n\u1ed1i \u0111i\u1ec7n b\u1eb1ng kim lo\u1ea1i. N\u00f3 v\u1eeba gi\u1eef ch\u1eb7t \u1ed1ng d\u1eabn \u0111i\u1ec7n h\u01a1n so v\u1edbi h\u1ed9p nh\u1ef1a, v\u1eeba c\u00f3 th\u1ec3 \u0111\u01b0\u1ee3c s\u1eed d\u1ee5ng \u0111\u1ec3 n\u1ed1i \u0111\u1ea5t cho h\u1ec7 th\u1ed1ng.<\/p>\n<h3><strong>H\u1ed9p n\u1ed1i \u0111i\u1ec7n nh\u1ef1a<\/strong><\/h3>\n<p>\u0110\u01b0\u1ee3c s\u1eed d\u1ee5ng ph\u1ed5 bi\u1ebfn trong c\u00f4ng tr\u00ecnh d\u00e2n d\u1ee5ng b\u1edfi gi\u00e1 th\u00e0nh r\u1ebb v\u00e0 \u0111\u00e1p \u1ee9ng \u0111\u01b0\u1ee3c c\u00e1c y\u00eau c\u1ea7u k\u1ef9 thu\u1eadt. V\u1edbi \u0111\u1ed9 b\u1ec1n cao, ch\u1ed1ng ch\u00e1y t\u1ed1t, c\u00e1ch \u0111i\u1ec7n. H\u1ed9p n\u1ed1i \u0111i\u1ec7n b\u1eb1ng nh\u1ef1a lu\u00f4n l\u00e0 s\u1ef1 l\u1ef1a h\u00e0ng \u0111\u1ea7u c\u1ee7a nh\u1eefng k\u1ef9 s\u01b0 \u0111i\u1ec7n.<\/p>\n<h3><strong>H\u1ed9p n\u1ed1i \u0111i\u1ec7n h\u00ecnh ch\u1eef nh\u1eadt ti\u00eau chu\u1ea9n<\/strong><\/h3>\n<p>Th\u01b0\u1eddng \u0111\u01b0\u1ee3c s\u1eed d\u1ee5ng \u0111\u1ec3 ch\u1ee9a c\u00f4ng t\u1eafc c\u1ed1 \u0111\u1ecbnh \u0111\u00e8n \u0111\u01a1n, \u1ed5 c\u1eafm th\u01b0\u1eddng. H\u1ed9p \u0111i\u1ec7n n\u00e0y th\u01b0\u1eddng c\u00f3 k\u00edch th\u01b0\u1edbc 2&#215;3 inch, v\u1edbi \u0111\u1ed9 s\u00e2u t\u1eeb 1 \u00bd inch \u0111\u1ebfn 3 \u00bd inch. V\u1edbi b\u1ec1 m\u1eb7t c\u00f3 th\u1ec3 th\u00e1o r\u1eddi \u0111\u1ec3 li\u00ean k\u1ebft v\u1edbi c\u00e1c h\u1ed9p kh\u00e1c t\u1ea1o th\u00e0nh h\u1ed9p \u0111i\u1ec7n l\u1edbn h\u01a1n \u0111\u1ec3 ch\u1ee9a 2 ho\u1eb7c nhi\u1ec1u thi\u1ebft b\u1ecb c\u1ea1nh nhau.<\/p>\n<h3><strong>H\u1ed9p \u0111i\u1ec7n 2- Gang, 3-Gang v\u00e0 4-Gang<\/strong><\/h3>\n<p>T\u01b0\u01a1ng t\u1ef1 nh\u01b0 h\u1ed9p \u0111i\u1ec7n ch\u1eef nh\u1eadt ti\u00eau chu\u1ea9n, n\u00f3 c\u0169ng \u0111\u01b0\u1ee3c d\u00f9ng \u0111\u1ec3 ch\u1ee9a c\u00e1c c\u00f4ng t\u1eafc v\u00e0 \u1ed5 c\u1eafm \u0111i\u1ec7n trong gia \u0111\u00ecnh. \u0110i\u1ec1u kh\u00e1c bi\u1ec7t l\u00e0 h\u1ed9p \u0111i\u1ec7n lo\u1ea1i n\u00e0y cho ph\u00e9p ch\u1ee9a 2, 3, 4 thi\u1ebft b\u1ecb c\u1ea1nh nhau.<\/p>\n<h3><strong>H\u1ed9p \u0111i\u1ec7n ch\u1ea3o tr\u00f2n<\/strong><\/h3>\n<p>H\u1ed9p \u0111i\u1ec7n tr\u00f2n c\u00f3 k\u00edch th\u01b0\u1edbc chi\u1ec1u s\u00e2u \u00bd inch ho\u1eb7c \u00be inch. N\u00f3 \u0111\u01b0\u1ee3c s\u1eed d\u1ee5ng ph\u1ed5 bi\u1ebfn cho c\u00e1c thi\u1ebft b\u1ecb chi\u1ebfu s\u00e1ng g\u1eafn tr\u1ea7n ho\u1eb7c treo t\u01b0\u1eddng v\u1edbi tr\u1ecdng l\u01b0\u1ee3ng nh\u1ecf h\u01a1n 22,68 kg. Ngo\u00e0i ra, m\u1ed9t s\u1ed1 lo\u1ea1i h\u1ed9p \u0111i\u1ec7n ch\u1ea3o tr\u00f2n n\u00e0y c\u00f2n \u0111\u01b0\u1ee3c d\u00f9ng \u0111\u1ec3 l\u1eafp qu\u1ea1t tr\u1ea7n.<\/p>\n<h3><strong>H\u1ed9p \u0111i\u1ec7n h\u00ecnh b\u00e1t gi\u00e1c v\u00e0 h\u00ecnh tr\u00f2n<\/strong><\/h3>\n<p>C\u00f3 k\u00edch th\u01b0\u1edbc chi\u1ec1u s\u00e2u t\u1eeb 1, \u00bd \u0111\u1ebfn 3inch v\u00e0 h\u1ed9p \u0111i\u1ec7n ti\u00eau chu\u1ea9n chuy\u00ean d\u00f9ng cho \u0111\u00e8n chi\u1ebfu s\u00e1ng g\u1eafn tr\u1ea7n ho\u1eb7c treo t\u01b0\u1eddng c\u00f3 tr\u1ecdng l\u01b0\u1ee3ng l\u00ean \u0111\u1ebfn 23kg. V\u1edbi k\u00edch th\u01b0\u1edbc r\u1ed9ng h\u01a1n so v\u1edbi h\u1ed9p \u0111i\u1ec7n ch\u1ea3o tr\u00f2n, n\u00f3 cung c\u1ea5p di\u1ec7n t\u00edch ch\u1ee9a d\u00e2y nhi\u1ec1u h\u01a1n v\u00e0 c\u00f3 th\u1ec3 \u0111\u01b0\u1ee3c s\u1eed d\u1ee5ng nh\u01b0 h\u1ed9p n\u1ed5i.<\/p>\n<p>H\u1ed9p \u0111i\u1ec7n kim lo\u1ea1i ph\u00f9 h\u1ee3p \u0111\u1ec3 l\u1eafp \u0111\u1eb7t \u1edf b\u1ec1 m\u1eb7t s\u1eed d\u1ee5ng \u1ed1ng d\u1eabn kim lo\u1ea1i. H\u1ed9p nh\u1ef1a tr\u00f2n th\u01b0\u1eddng c\u00f3 v\u00e0nh \u0111\u1ec3 g\u1eafn v\u00e0o t\u01b0\u1eddng ho\u1eb7c b\u1ec1 m\u1eb7t th\u1ea1ch cao.<\/p>\n<h3><strong>H\u1ed9p vu\u00f4ng 4 inch<\/strong><\/h3>\n<p>Nh\u1eefng c\u1ea1ch g\u00f3c vu\u00f4ng mang l\u1ea1i cho n\u00f3 kho\u1ea3n kh\u00f4ng gian r\u1ed9ng h\u01a1n, cho ph\u00e9p ch\u1ee9a \u0111\u01b0\u1ee3c nhi\u1ec1u d\u00e2y d\u1eabn v\u00e0 \u0111\u1ea7u n\u1ed1i.<\/p>\n<h3><strong>H\u1ed9p n\u1ed1i \u0111i\u1ec7n ngo\u00e0i tr\u1eddi ch\u1ed1ng th\u1ea5m<\/strong><\/h3>\n<p>V\u1edbi \u0111i\u1ec1u ki\u1ec7n th\u1eddi ti\u1ebft ngo\u00e0i tr\u1eddi ph\u1ee9c t\u1ea1p, \u0111\u1ed3ng ngh\u0129a v\u1edbi vi\u1ec7c h\u1ed9p \u0111i\u1ec7n ph\u1ea3i ch\u1ecbu \u0111i\u1ec1u ki\u1ec7n kh\u1eafc nghi\u1ec7t h\u01a1n. V\u00ec v\u1eady, h\u1ed9p \u0111i\u1ec7n ngo\u00e0i tr\u1eddi l\u00e0 c\u00e1c h\u1ed9p k\u00edn \u0111\u01b0\u1ee3c thi\u1ebft k\u1ebf g\u1eafn v\u00e0o b\u1ec1 m\u1eb7t c\u1ee7a t\u01b0\u1eddng b\u00ean ngo\u00e0i, ph\u1ea7n nh\u00f4 ra c\u1ee7a m\u00e1i nh\u00e0, c\u1ed5ng,\u2026. H\u1ed9p \u0111i\u1ec7n n\u00e0y \u0111\u01b0\u1ee3c s\u1eed d\u1ee5ng ch\u1ee7 y\u1ebfu \u0111\u1ec3 l\u1eafp \u0111\u1eb7t \u1ed5 c\u1eafm ngo\u00e0i tr\u1eddi, \u0111\u00e8n chi\u1ebfu s\u00e1ng. C\u00e1c h\u1ed9p ngo\u00e0i tr\u1eddi ph\u1ea3i c\u00f3 n\u1eafp \u0111\u1eady ho\u1eb7c v\u1eadt c\u1ed1 \u0111\u1ecbnh ngo\u00e0i tr\u1eddi ch\u1ecbu \u0111\u01b0\u1ee3c \u1ea9m \u01b0\u1edbt, t\u00f9y theo nhu c\u1ea7u s\u1eed d\u1ee5ng. Th\u01b0\u1eddng \u0111\u01b0\u1ee3c l\u00e0m b\u1eb1ng nh\u1ef1a PVC ch\u1ed1ng ch\u1ecbu va \u0111\u1eadp cao, h\u1ed9p \u0111i\u1ec7n kim lo\u1ea1i th\u00ec \u0111\u01b0\u1ee3c l\u00e0m b\u1eb1ng nh\u00f4m.<\/p>\n<h3><strong>H\u1ed9p n\u1ed1i m\u1edf r\u1ed9ng<\/strong><\/h3>\n<p>Nh\u01b0 c\u00e1i t\u00ean c\u1ee7a n\u00f3, h\u1ed9p \u0111i\u1ec7n m\u1edf r\u1ed9ng kh\u00f4ng c\u00f3 m\u1eb7t sau, \u0111\u01b0\u1ee3c d\u00f9ng \u0111\u1ec3 m\u1edf r\u1ed9ng dung t\u00edch h\u1ee3p \u0111i\u1ec7n ti\u00eau chu\u1ea9n, t\u1ea1o ra kh\u00f4ng gian r\u1ed9ng h\u01a1n b\u1eb1ng c\u00e1ch l\u1eafp v\u00e0o m\u1eb7t tr\u01b0\u1edbc c\u1ee7a c\u00e1c h\u1ed9p \u0111i\u1ec7n ti\u00eau chu\u1ea9n.<\/p>\n","protected":false},"excerpt":{"rendered":"<p><i class=\"fa fa-gg\" aria-hidden=\"true\"><\/i><span style=\"font-size: 90%;\">\u00a0\u01afU \u0110I\u1ec2M:<br \/>\n<\/span><span style=\"font-size: 90%;\">V\u1eadt li\u1ec7u PVC, ABS cao c\u1ea5p ch\u1ed1ng ch\u00e1y, ch\u1ed1ng \u1ed1 v\u00e0ng<br \/>\n<\/span><span style=\"font-size: 90%;\">H<\/span><span style=\"font-size: 90%;\">\u1ed9p n\u1ed1i \u0111i\u1ec7n \u0111a d\u1ea1ng k\u00edch th\u01b0\u1edbc, ti\u00eau chu\u1ea9n<br \/>\n<\/span><span style=\"font-size: 90%;\">C\u00f3 nhi\u1ec1u h\u00e3ng Sino, Boxco, OBO&#8230; ch\u00ednh h\u00e3ng<br \/>\n<\/span><span style=\"font-size: 90%;\">H\u1ed9p n\u1ed1i d\u00e2y \u0111i\u1ec7n \u0111\u00e1p \u1ee9ng c\u00e1c ti\u00eau chu\u1ea9n VN, Ch\u00e2u \u00e2u<br \/>\n<\/span><span style=\"font-size: 90%;\">Ch\u00ednh s\u00e1ch gi\u00e1 t\u1ed1t cho c\u00f4ng tr\u00ecnh, nh\u00e0 m\u00e1y, c\u1eeda h\u00e0ng<\/span><\/p>\n<p><a href=\"https:\/\/drive.google.com\/file\/d\/1iyvCh8YXG2Kf18znsNgp0WimkniY1CdV\/view?usp=share_link\"><span style=\"color: #ff0000;\"><strong>T\u1ea2I CATAGUE T\u1ea0I \u0110\u00c2Y<\/strong><\/span><\/a><\/p>\n","protected":false},"featured_media":3505,"comment_status":"open","ping_status":"closed","template":"","meta":[],"product_cat":[199],"product_tag":[],"jetpack-related-posts":[{"id":2803,"url":"https:\/\/tp-electric.vn\/index.php\/san-pham\/dau-cose-pin\/","url_meta":{"origin":3504,"position":0},"title":"\u0110\u1ea7u cose c\u00e1c lo\u1ea1i","author":"","date":"08\/02\/2023","format":false,"excerpt":"\u0110\u1ea7u c\u1ed1t (Coss) c\u00f3 t\u00ean ti\u1ebfng Anh l\u00e0 COSSE ho\u1eb7c Terminal l\u00e0 thi\u1ebft b\u1ecb k\u1ebft n\u1ed1i trong ng\u00e0nh \u0111i\u1ec7n, c\u00f3 t\u00e1c d\u1ee5ng truy\u1ec1n t\u1ea3i \u0111i\u1ec7n n\u0103ng nh\u1eb1m t\u0103ng kh\u1ea3 n\u0103ng d\u1eabn \u0111i\u1ec7n gi\u1eef c\u00e1p \u0111i\u1ec7n v\u1edbi c\u00e1p \u0111i\u00ean ho\u1eb7c gi\u1eefa c\u00e1p \u0111i\u1ec7n v\u1edbi c\u00e1c thi\u1ebft b\u1ecb kh\u00e1c","rel":"","context":"Similar post","block_context":{"text":"Similar post","link":""},"img":{"alt_text":"","src":"https:\/\/i0.wp.com\/tp-electric.vn\/wp-content\/uploads\/2023\/02\/1-6.png?fit=300%2C300&ssl=1&resize=350%2C200","width":350,"height":200},"classes":[]},{"id":3506,"url":"https:\/\/tp-electric.vn\/index.php\/san-pham\/domino-khoi-fit-den\/","url_meta":{"origin":3504,"position":1},"title":"DOMINO KH\u1ed0I FIT \u0110EN","author":"","date":"14\/04\/2023","format":false,"excerpt":"C\u1ea7u \u0111\u1ea5u d\u00e2y \u0111i\u1ec7n domino kh\u1ed1i fit \u0111en th\u01b0\u1eddng \u0111\u01b0\u1ee3c s\u1eed d\u1ee5ng trong \u0111\u1ea5u n\u1ed1i t\u1ee7 b\u1ea3ng \u0111i\u1ec7n c\u00f4ng nghi\u1ec7p, c\u00f3 th\u1ec3 \u0111\u1ea5u n\u1ed1i t\u1eeb 3P \u0111\u1ebfn 20P. \u00a0\u01afU \u0110I\u1ec2M: C\u1ea7u \u0111\u1ea5u \u0111i\u1ec7n domino kh\u1ed1i \u0111\u1eb7t ti\u00eau chu\u1ea9n IEC Ch\u1ea5t li\u1ec7u t\u1ed1t, chi\u1ee5 nhi\u1ec7t cao \u0110a d\u1ea1ng k\u00edch th\u01b0\u1edbc, cho\u2026","rel":"","context":"Similar post","block_context":{"text":"Similar post","link":""},"img":{"alt_text":"","src":"https:\/\/i0.wp.com\/tp-electric.vn\/wp-content\/uploads\/2023\/04\/DOMINO-FIT-DEN.png?fit=300%2C300&ssl=1&resize=350%2C200","width":350,"height":200},"classes":[]},{"id":3285,"url":"https:\/\/tp-electric.vn\/index.php\/san-pham\/aptomat-mccb-tmax-abb\/","url_meta":{"origin":3504,"position":2},"title":"APTOMAT MCCB TMAX ABB","author":"","date":"25\/02\/2023","format":false,"excerpt":"\u00a0\u01afU \u0110I\u1ec2M: S\u1ea3n xu\u1ea5t t\u1ea1i \u00dd, b\u1ea3o v\u1ec7 qu\u00e1 t\u1ea3i, ng\u1eafn m\u1ea1ch Kh\u1ea3 n\u0103ng c\u1eaft d\u00f2ng ng\u1eafn m\u1ea1ch l\u00ean \u0111\u1ebfn 150kA Ng\u1eaft m\u1ea1ch b\u1ea3o v\u1ec7 c\u00e1c thi\u1ebft b\u1ecb c\u00f3 d\u00f2ng \u0111\u1ecbnh m\u1ee9c \u0111\u1ebfn 1600A Ch\u1ec9nh d\u00f2ng qu\u00e1 t\u1ea3i v\u1edbi trip t\u1eeb nhi\u1ec7t v\u00e0 \u0111i\u1ec7n t\u1eed S\u1eed d\u1ee5ng \u1edf m\u00f4i tr\u01b0\u1eddng\u2026","rel":"","context":"Similar post","block_context":{"text":"Similar post","link":""},"img":{"alt_text":"Tmax XT Molded Case Circuit Breakers (MCCB)","src":"https:\/\/i0.wp.com\/electrification.us.abb.com\/sites\/default\/files\/sace-tmax-xt-series-of-molded-case-circuit-breakers.jpg?resize=350%2C200&ssl=1","width":350,"height":200,"srcset":"https:\/\/i0.wp.com\/electrification.us.abb.com\/sites\/default\/files\/sace-tmax-xt-series-of-molded-case-circuit-breakers.jpg?resize=350%2C200&ssl=1 1x, https:\/\/i0.wp.com\/electrification.us.abb.com\/sites\/default\/files\/sace-tmax-xt-series-of-molded-case-circuit-breakers.jpg?resize=700%2C400&ssl=1 2x"},"classes":[]},{"id":3500,"url":"https:\/\/tp-electric.vn\/index.php\/san-pham\/cong-tac-xoay-2-vi-tri\/","url_meta":{"origin":3504,"position":3},"title":"C\u00d4NG T\u1eaeC XOAY 2 V\u1eca TR\u00cd","author":"","date":"14\/04\/2023","format":false,"excerpt":"C\u00f4ng t\u1eafc xoay 2 v\u1ecb tr\u00ed l\u00e0 m\u1ed9t thi\u1ebft b\u1ecb \u0111i\u1ec7n \u0111\u01b0\u1ee3c l\u1eafp \u0111\u1eb7t \u0111\u1ec3 s\u1eed d\u1ee5ng cho vi\u1ec7c b\u1eadt\/t\u1eaft \u1edf 2 v\u1ecb tr\u00ed kh\u00e1c nhau, \u0111\u01b0\u1ee3c \u1ee9ng d\u1ee5ng nhi\u1ec1u trong \u0111i\u1ec7n c\u00f4ng nghi\u1ec7p. \u00a0\u01afU \u0110I\u1ec2M: Lo\u1ea1i kh\u00f4ng \u0111\u00e8n, c\u00f3 \u0111\u00e8n, c\u00f3 ch\u00eca kho\u00e1 Th\u01b0\u01a1ng hi\u1ec7u Schneider, Idec, Hangyoung... Tu\u1ed5i\u2026","rel":"","context":"Similar post","block_context":{"text":"Similar post","link":""},"img":{"alt_text":"","src":"https:\/\/i0.wp.com\/tp-electric.vn\/wp-content\/uploads\/2023\/04\/2-vt.png?fit=300%2C300&ssl=1&resize=350%2C200","width":350,"height":200},"classes":[]},{"id":3502,"url":"https:\/\/tp-electric.vn\/index.php\/san-pham\/phich-cam-cong-nghiep\/","url_meta":{"origin":3504,"position":4},"title":"PH\u00cdCH C\u1eaeM C\u00d4NG NGHI\u1ec6P","author":"","date":"14\/04\/2023","format":false,"excerpt":"Ph\u00edch c\u1eafm di \u0111\u1ed9ng ch\u1ed1ng n\u01b0\u1edbc IP67 PK Schneider c\u00f3 thi\u1ebft k\u1ebf nh\u1ecf g\u1ecdn, tr\u1ecdng l\u01b0\u1ee3ng nh\u1eb9, \u0111\u1ed9 an to\u00e0n v\u00e0 kh\u1ea3 n\u0103ng c\u00e1ch \u0111i\u1ec7n cao. \u00a0\u01afU \u0110I\u1ec2M: Ch\u1ed1ng n\u01b0\u1edbc, b\u1ee5i b\u1ea9n \u0111\u1ea1t c\u1ea5p \u0111\u1ed9 IP67 S\u1ed1 c\u1ef1c t\u01b0\u01a1ng th\u00edch 2P+E, 3P+E, 4P+E Ch\u1ecbu m\u1ee9c d\u00f2ng \u0111i\u1ec7n 16A \u0111\u1ebfn 125A\u2026","rel":"","context":"Similar post","block_context":{"text":"Similar post","link":""},"img":{"alt_text":"","src":"https:\/\/i0.wp.com\/tp-electric.vn\/wp-content\/uploads\/2023\/04\/phich-cam-cong-nghiep.png?fit=300%2C300&ssl=1&resize=350%2C200","width":350,"height":200},"classes":[]},{"id":4832,"url":"https:\/\/tp-electric.vn\/index.php\/san-pham\/vo-tu-dien-mat-troi-ha-12way\/","url_meta":{"origin":3504,"position":5},"title":"V\u1ecf t\u1ee7 \u0111i\u1ec7n m\u1eb7t tr\u1eddi HA-12Way","author":"Admin","date":"11\/12\/2024","format":false,"excerpt":"Th\u00f4ng s\u1ed1 s\u1ea3n ph\u1ea9m: Model: HA-12 Way: 12 way IP b\u1ea3o v\u1ec7: IP65 K\u00edch th\u01b0\u1edbc: 295 x 260 x 140 Kh\u1ea3 n\u0103ng ch\u1ee9a t\u1ed1i \u0111a: 8\/12 MCB \u0110i\u1ec7n \u00e1p \u0111\u1ecbnh m\u1ee9c: 690V T\u1ea7n s\u1ed1 \u0111\u1ecbnh m\u1ee9c: 50Hz","rel":"","context":"Similar post","block_context":{"text":"Similar post","link":""},"img":{"alt_text":"","src":"https:\/\/i0.wp.com\/tp-electric.vn\/wp-content\/uploads\/2024\/12\/tu-dien-pin-mat-troi-ha-12-way-2.jpg?fit=700%2C700&ssl=1&resize=350%2C200","width":350,"height":200,"srcset":"https:\/\/i0.wp.com\/tp-electric.vn\/wp-content\/uploads\/2024\/12\/tu-dien-pin-mat-troi-ha-12-way-2.jpg?fit=700%2C700&ssl=1&resize=350%2C200 1x, https:\/\/i0.wp.com\/tp-electric.vn\/wp-content\/uploads\/2024\/12\/tu-dien-pin-mat-troi-ha-12-way-2.jpg?fit=700%2C700&ssl=1&resize=700%2C400 2x"},"classes":[]}],"_links":{"self":[{"href":"https:\/\/tp-electric.vn\/index.php\/wp-json\/wp\/v2\/product\/3504"}],"collection":[{"href":"https:\/\/tp-electric.vn\/index.php\/wp-json\/wp\/v2\/product"}],"about":[{"href":"https:\/\/tp-electric.vn\/index.php\/wp-json\/wp\/v2\/types\/product"}],"replies":[{"embeddable":true,"href":"https:\/\/tp-electric.vn\/index.php\/wp-json\/wp\/v2\/comments?post=3504"}],"wp:featuredmedia":[{"embeddable":true,"href":"https:\/\/tp-electric.vn\/index.php\/wp-json\/wp\/v2\/media\/3505"}],"wp:attachment":[{"href":"https:\/\/tp-electric.vn\/index.php\/wp-json\/wp\/v2\/media?parent=3504"}],"wp:term":[{"taxonomy":"product_cat","embeddable":true,"href":"https:\/\/tp-electric.vn\/index.php\/wp-json\/wp\/v2\/product_cat?post=3504"},{"taxonomy":"product_tag","embeddable":true,"href":"https:\/\/tp-electric.vn\/index.php\/wp-json\/wp\/v2\/product_tag?post=3504"}],"curies":[{"name":"wp","href":"https:\/\/api.w.org\/{rel}","templated":true}]}}