{"id":3285,"date":"2023-02-25T14:01:45","date_gmt":"2023-02-25T07:01:45","guid":{"rendered":"https:\/\/tp-electric.vn\/?post_type=product&#038;p=3285"},"modified":"2024-12-12T15:10:27","modified_gmt":"2024-12-12T08:10:27","slug":"aptomat-mccb-tmax-abb","status":"publish","type":"product","link":"https:\/\/tp-electric.vn\/index.php\/san-pham\/aptomat-mccb-tmax-abb\/","title":{"rendered":"APTOMAT MCCB TMAX ABB"},"content":{"rendered":"<h2><strong>Th\u00f4ng s\u1ed1 k\u1ef9 thu\u1eadt<\/strong><\/h2>\n<p>&#8211; \u00a0T\u00ean s\u1ea3n ph\u1ea9m:\u00a0<strong>Aptomat MCCB Tmax ABB<\/strong><\/p>\n<p>&#8211; \u00a0D\u00f2ng \u0111i\u1ec7n \u0111\u1ecbnh m\u1ee9c: 320A \u2013 1600A<\/p>\n<p>&#8211; \u00a0D\u00f2ng ng\u1eafn m\u1ea1ch: 60kA \u2013 200kA<\/p>\n<p>&#8211; \u00a0Ti\u00eau chu\u1ea9n thi\u1ebft k\u1ebf: IEC60947-2<\/p>\n<p>&#8211; \u00a0Ph\u1ee5 ki\u1ec7n k\u00e8m theo\u00a0module \u0111i\u1ec7n t\u1eed, d\u00f2ng ch\u1ec9nh Trip t\u1eeb nhi\u1ec7t t\u1eeb 0.7-1ln<\/p>\n<p><img decoding=\"async\" loading=\"lazy\" class=\"aligncenter\" src=\"https:\/\/i0.wp.com\/electrification.us.abb.com\/sites\/default\/files\/sace-tmax-xt-series-of-molded-case-circuit-breakers.jpg?resize=731%2C731&#038;ssl=1\" alt=\"Tmax XT Molded Case Circuit Breakers (MCCB)\" width=\"731\" height=\"731\" data-recalc-dims=\"1\" \/><\/p>\n<h3><strong>\u0110\u1eb7c \u0111i\u1ec3m ch\u1ee9c n\u0103ng<\/strong><\/h3>\n<p>S\u1ea3n ph\u1ea9m\u00a0MCCB Tmax ABB\u00a0c\u00f3 m\u1ed9t s\u1ed1 \u0111\u1eb7c \u0111i\u1ec3m thi\u1ebft k\u1ebf n\u1ed5i b\u1eadt ng\u01b0\u1eddi d\u00f9ng c\u1ea7n n\u1eafm \u0111\u01b0\u1ee3c \u0111\u1ec3 c\u00f3 s\u1ef1 l\u1ef1a ch\u1ecdn ch\u00ednh x\u00e1c v\u00e0 h\u1ee3p l\u00fd nh\u1ea5t.<\/p>\n<ul>\n<li>Thi\u1ebft k\u1ebf c\u1ee7a s\u1ea3n ph\u1ea9m \u0111\u01b0\u1ee3c chia th\u00e0nh nhi\u1ec1u series kh\u00e1c nhau bao g\u1ed3m: m\u00e3 XT1(16A \u2013 160A); XT2 (1.6A=&gt; 160A) ; XT3 (200A \u2013 250A);\u00a0\u00a0XT4 (200A=&gt; 250A).<\/li>\n<li>So c\u1edbi c\u00e1c thi\u1ebft b\u1ecb c\u00f9ng lo\u1ea1i c\u1ee7a c\u00e1c h\u00e3ng kh\u00e1c th\u00ec MCCB Tmax c\u1ee7a ABB c\u00f3 k\u00edch th\u01b0\u1edbc nh\u1ecf g\u1ecdn h\u01a1n, \u0111\u1eb9p m\u1eaft h\u01a1n n\u00ean thu h\u00fat \u0111\u01b0\u1ee3c s\u1ef1 ch\u00fa \u00fd c\u1ee7a ng\u01b0\u1eddi d\u00f9ng r\u1ea5t l\u1edbn .<\/li>\n<li>Ch\u1ea5t li\u1ec7u nh\u1ef1a t\u1ed5ng h\u1ee3p d\u00f9ng \u0111\u1ec3 s\u1ea3n xu\u1ea5t thi\u1ebft b\u1ecb c\u00f3 \u0111\u1ed9 b\u1ec1n cao, an to\u00e0n cho ng\u01b0\u1eddi d\u00f9ng v\u00e0 th\u00e2n thi\u1ec7n v\u1edbi m\u00f4i tr\u01b0\u1eddng.<\/li>\n<li>S\u1ea3n ph\u1ea9m \u0111\u01b0\u1ee3c h\u00e3ng ABB nhi\u1ec7t \u0111\u1edbi h\u00f3a v\u1edbi thi\u1ebft k\u1ebf \u0111\u01a1n gi\u1ea3n n\u00ean vi\u1ec7c l\u1eafp \u0111\u1eb7t r\u1ea5t d\u1ec5 d\u00e0ng.<\/li>\n<li>S\u1ea3n ph\u1ea9m \u0111\u1ea1t ti\u00eau chu\u1ea9n thi\u1ebft k\u1ebf IEC60947-2 v\u00e0 \u1ee9ng d\u1ee5ng c\u00f4ng ngh\u1ec7 s\u1ea3n xu\u1ea5t hi\u1ec7n \u0111\u1ea1i b\u1eadc nh\u1ea5t c\u1ee7a \u00dd.<\/li>\n<\/ul>\n<h2><strong>C\u1ea5u t\u1ea1o c\u1ee7a MCCB Tmax ABB<\/strong><\/h2>\n<p>\u0110\u1ec3 c\u00f3 th\u1ec3 gi\u00fap thi\u1ebft b\u1ecb ph\u00e1t huy \u0111\u01b0\u1ee3c h\u1ebft c\u00f4ng d\u1ee5ng v\u00e0 hi\u1ec7u qu\u1ea3 khi l\u1eafp \u0111\u1eb7t v\u00e0o m\u1ea1ch \u0111i\u1ec7n, th\u01b0\u01a1ng hi\u1ec7u ABB \u0111\u00e3 l\u1ef1a ch\u1ecdn c\u00e1c b\u1ed9 ph\u1eadn thi\u1ebft k\u1ebf r\u1ea5t hi\u1ec7n \u0111\u1ea1i v\u00e0 ti\u00ean ti\u1ebfn. C\u1ea5u t\u1ea1o s\u1ea3n ph\u1ea9m g\u1ed3m 3 b\u1ed9 ph\u1eadn sau:<\/p>\n<ul>\n<li>Th\u1ee9 nh\u1ea5t l\u00e0 v\u1ecf h\u1ed9p c\u00e1ch \u0111i\u1ec7n. B\u1ed9 ph\u1eadn n\u00e0y \u0111\u01b0\u1ee3c s\u1ea3n xu\u1ea5t t\u1eeb ch\u1ea5t li\u1ec7u nh\u1ef1a t\u1ed5ng h\u1ee3p. Ngo\u00e0i ra, h\u00e3ng ABB c\u00f2n s\u1eed d\u1ee5ng th\u00eam s\u1ee3i th\u1ee7y tinh \u0111\u1ec3 gia c\u1ed1 gi\u00fap t\u0103ng \u0111\u1ed9 b\u1ec1n v\u00e0 kh\u1ea3 n\u0103ng ch\u1ed1ng th\u1ea5m n\u01b0\u1edbc cho thi\u1ebft b\u1ecb.<\/li>\n<li>Th\u1ee9 hai l\u00e0 c\u00e1c ph\u1ea7n kim lo\u1ea1i ch\u00ednh. \u0110\u1ec3 gi\u00fap MCCB Tmax c\u00f3 th\u1ec3 th\u00edch nghi \u0111\u01b0\u1ee3c v\u1edbi m\u1ecdi \u0111i\u1ec1u ki\u1ec7n m\u00f4i tr\u01b0\u1eddng kh\u1eafc nghi\u1ec7t kh\u00e1c nhau th\u00ec h\u00e3ng \u0111\u00e3 \u1ee9ng d\u1ee5ng c\u00f4ng ngh\u1ec7 x\u1eed l\u00fd ch\u1ed1ng \u0103n m\u00f2n cho c\u00e1c kim lo\u1ea1i.<\/li>\n<li>Th\u1ee9 ba l\u00e0 b\u1ed9 b\u1ea3o v\u1ec7 qu\u00e1 t\u1ea3i v\u00e0 c\u00e1c ph\u1ee5 ki\u1ec7n li\u00ean quan kh\u00e1c. T\u1ea1i \u0111\u00e2y, c\u00f4ng ngh\u1ec7 b\u1ea3o v\u1ec7 ch\u1ed1ng ng\u01b0ng t\u1ee5 cao c\u1ea5p nh\u1ea5t \u0111\u00e3 \u0111\u01b0\u1ee3c h\u00e3ng \u1ee9ng d\u1ee5ng \u0111\u1ec3 gi\u00fap t\u0103ng hi\u1ec7u qu\u1ea3 ch\u1ed1ng ng\u01b0ng t\u1ee5 n\u01b0\u1edbc c\u1ee7a thi\u1ebft b\u1ecb \u1edf m\u1ee9c cao nh\u1ea5t.<\/li>\n<\/ul>\n<h3><strong>\u1ee8ng d\u1ee5ng<\/strong><\/h3>\n<p>B\u1eb1ng nh\u1eefng \u0111\u1eb7c \u0111i\u1ec3m thi\u1ebft k\u1ebf n\u1ed5i b\u1eadt v\u00e0 hi\u1ec3u qu\u1ea3 s\u1eed d\u1ee5ng v\u01b0\u1ee3t tr\u1ed9i c\u1ee7a MCCB Tmax \u0111\u00e3 gi\u00fap thi\u1ebft b\u1ecb n\u00e0y c\u00f3 \u0111\u01b0\u1ee3c kh\u1ea3 n\u0103ng \u1ee9ng d\u1ee5ng r\u1ed9ng r\u00e3i trong cu\u1ed9c s\u1ed1ng hi\u1ec7n \u0111\u1ea1i ng\u00e0y nay. R\u1ea5t nhi\u1ec1u ng\u01b0\u1eddi d\u00f9ng \u0111\u00e3 l\u1ef1a ch\u1ecdn thi\u1ebft b\u1ecb \u0111\u1ec3 l\u1eafp \u0111\u1eb7t trong c\u00e1c c\u00f4ng tr\u00ecnh h\u1ec7 th\u1ed1ng \u0111i\u1ec7n l\u1edbn, \u0111\u00f2i h\u1ecfi kh\u1ea3 n\u0103ng b\u1ea3o v\u1ec7 cao. V\u00ed nh\u01b0: h\u1ec7 th\u1ed1ng \u0111i\u1ec7n c\u00f4ng nghi\u1ec7p t\u1ea1i c\u00e1c nh\u00e0 m\u00e1y, x\u00ed nghi\u1ec7p hay h\u1ec7 th\u1ed1ng \u0111i\u1ec7n t\u1ea1i c\u00e1c t\u00f2a nh\u00e0, chung c\u01b0 cao c\u1ea5p\u2026.<\/p>\n<h3><strong>C\u00e1ch l\u1ef1a ch\u1ecdn aptomat MCCB Tmax ABB ch\u1ea5t l\u01b0\u1ee3ng<\/strong><\/h3>\n<p>MCCB Tmax c\u1ee7a ABB l\u00e0 thi\u1ebft b\u1ecb b\u1ea3o v\u1ec7 m\u1ea1ch \u0111i\u1ec7n an to\u00e0n cao trong c\u00e1c s\u1ef1 c\u1ed1 \u0111i\u1ec7n. Tuy nhi\u00ean, v\u1edbi m\u1ed9t th\u1ecb tr\u01b0\u1eddng \u0111a d\u1ea1ng s\u1ea3n ph\u1ea9m v\u00e0 ch\u1ea5t l\u01b0\u1ee3ng nh\u01b0 hi\u1ec7n nay th\u00ec kh\u00f4ng ph\u1ea3i ai c\u0169ng bi\u1ebft c\u00e1ch \u0111\u1ec3 c\u00f3 th\u1ec3 l\u1ef1a ch\u1ecdn \u0111\u01b0\u1ee3c s\u1ea3n ph\u1ea9m v\u1edbi ch\u1ea5t l\u01b0\u1ee3ng t\u1ed1t nh\u1ea5t.<\/p>\n<ul>\n<li>Tr\u01b0\u1edbc khi l\u1ef1a ch\u1ecdn thi\u1ebft b\u1ecb, ng\u01b0\u1eddi d\u00f9ng c\u1ea7n t\u00ecm hi\u1ec3u k\u1ef9 th\u00f4ng tin v\u1ec1 s\u1ea3n ph\u1ea9m \u0111\u1ec3 \u0111\u1ea3m b\u1ea3o s\u1ef1 l\u1ef1a ch\u1ecdn \u0111\u00f3 ph\u00f9 h\u1ee3p v\u1edbi h\u1ec7 th\u1ed1ng \u0111i\u1ec7n m\u00ecnh thi\u1ebft k\u1ebf.<\/li>\n<li>Tham kh\u1ea3o nhi\u1ec1u \u0111\u1ecba ch\u1ec9 cung c\u1ea5p \u0111\u1ec3 c\u00f3 \u0111\u01b0\u1ee3c l\u1ef1a ch\u1ecdn h\u1ee3p l\u00fd v\u1ec1 ch\u1ea5t l\u01b0\u1ee3ng v\u00e0 m\u1ee9c gi\u00e1.<\/li>\n<li>Kh\u00f4ng n\u00ean \u0111\u1eb7t ti\u00eau ch\u00ed l\u1ef1a ch\u1ecdn s\u1ea3n ph\u1ea9m gi\u00e1 r\u1ebb \u0111\u1ec3 tr\u00e1nh mua ph\u1ea3i s\u1ea3n ph\u1ea9m l\u00e0m gi\u1ea3, l\u00e0m nh\u00e1i tr\u00ean th\u1ecb tr\u01b0\u1eddng.<\/li>\n<li>Ch\u1ec9 ch\u1ecdn mua thi\u1ebft b\u1ecb t\u1ea1i nh\u00e0 cung c\u1ea5p c\u00f3 th\u01b0\u01a1ng hi\u1ec7u v\u00e0 t\u00ean tu\u1ed5i v\u1edbi nhi\u1ec1u n\u0103m kinh nghi\u1ec7m \u0111\u1ec3 y\u00ean t\u00e2m v\u1ec1 ch\u1ea5t l\u01b0\u1ee3ng s\u1ea3n ph\u1ea9m.<\/li>\n<\/ul>\n<p>&nbsp;<\/p>\n","protected":false},"excerpt":{"rendered":"<div class=\"desc\"><\/div>\n<div class=\"list\">\n<p><i class=\"fa fa-gg\" aria-hidden=\"true\"><\/i>\u00a0\u01afU \u0110I\u1ec2M:<\/p>\n<div class=\"ht-format-detail\">\n<ul>\n<li>S\u1ea3n xu\u1ea5t t\u1ea1i \u00dd, b\u1ea3o v\u1ec7 qu\u00e1 t\u1ea3i, ng\u1eafn m\u1ea1ch<\/li>\n<li>Kh\u1ea3 n\u0103ng c\u1eaft d\u00f2ng ng\u1eafn m\u1ea1ch l\u00ean \u0111\u1ebfn 150kA<\/li>\n<li>Ng\u1eaft m\u1ea1ch b\u1ea3o v\u1ec7 c\u00e1c thi\u1ebft b\u1ecb c\u00f3 d\u00f2ng \u0111\u1ecbnh m\u1ee9c \u0111\u1ebfn 1600A<\/li>\n<li>Ch\u1ec9nh d\u00f2ng qu\u00e1 t\u1ea3i v\u1edbi trip t\u1eeb nhi\u1ec7t v\u00e0 \u0111i\u1ec7n t\u1eed<\/li>\n<li>S\u1eed d\u1ee5ng \u1edf m\u00f4i tr\u01b0\u1eddng nhi\u1ec7t \u0111\u1edbi, \u0111\u00e1p \u1ee9ng ti\u00eau chu\u1ea9n IEC 60068-2-30<\/li>\n<li>T\u1ea3i Catalogue MCCB Tmax ABB: <span style=\"color: #00aae7;\"><a style=\"color: #00aae7;\" href=\"https:\/\/drive.google.com\/file\/d\/1RrN-0rtm1FW_G6wLT30zsUTnOr963uIv\/view?usp=share_link\">T\u1ea1i \u0111\u00e2y<\/a><\/span><\/li>\n<\/ul>\n<\/div>\n<\/div>\n","protected":false},"featured_media":3289,"comment_status":"open","ping_status":"closed","template":"","meta":[],"product_cat":[206],"product_tag":[],"jetpack-related-posts":[{"id":4703,"url":"https:\/\/tp-electric.vn\/index.php\/san-pham\/aptomat-chint-mccb-3-pha-160a-25ka\/","url_meta":{"origin":3285,"position":0},"title":"Aptomat Chint MCCB 3 pha 160A 25kA","author":"Admin","date":"11\/12\/2024","format":false,"excerpt":"M\u00e3 s\u1ea3n ph\u1ea9m: NXM-160S\/3300 160A D\u00f2ng series: NXM CHINT Series Xu\u1ea5t x\u1ee9:\u00a0Trung Qu\u1ed1c Th\u1eddi gian b\u1ea3o h\u00e0nh:\u00a012 th\u00e1ng T\u00ecnh tr\u1ea1ng:\u00a0M\u1edbi 100% H\u00e3ng s\u1ea3n xu\u1ea5t: CHINT [icon name=\"download\" prefix=\"fas\"] Download CATALOGUE Chint Drive Product Training","rel":"","context":"Similar post","block_context":{"text":"Similar post","link":""},"img":{"alt_text":"","src":"https:\/\/i0.wp.com\/tp-electric.vn\/wp-content\/uploads\/2024\/12\/image-2-1.png?fit=500%2C500&ssl=1&resize=350%2C200","width":350,"height":200},"classes":[]},{"id":2710,"url":"https:\/\/tp-electric.vn\/index.php\/san-pham\/mccb-3p-25ka-160a\/","url_meta":{"origin":3285,"position":1},"title":"MCCB 3P, 25KA, 160A","author":"","date":"07\/02\/2023","format":false,"excerpt":"Th\u00f4ng s\u1ed1 k\u1ef9 thu\u1eadt : S\u1ed1 c\u1ef1c: 3 c\u1ef1c D\u00f2ng c\u1eaft (Icu): 25kA D\u00f2ng \u0111\u1ecbnh m\u1ee9c (Idm): 160A","rel":"","context":"Similar post","block_context":{"text":"Similar post","link":""},"img":{"alt_text":"","src":"https:\/\/i0.wp.com\/tp-electric.vn\/wp-content\/uploads\/2023\/02\/mccb-160-1.png?fit=300%2C300&ssl=1&resize=350%2C200","width":350,"height":200},"classes":[]},{"id":2712,"url":"https:\/\/tp-electric.vn\/index.php\/san-pham\/mccb-3p-25ka-200a\/","url_meta":{"origin":3285,"position":2},"title":"MCCB 3P, 25kA, 200A","author":"","date":"07\/02\/2023","format":false,"excerpt":"Th\u00f4ng s\u1ed1 k\u1ef9 thu\u1eadt : S\u1ed1 c\u1ef1c: 3 c\u1ef1c D\u00f2ng c\u1eaft (Icu): 25kA D\u00f2ng \u0111\u1ecbnh m\u1ee9c (Idm): 200 A","rel":"","context":"Similar post","block_context":{"text":"Similar post","link":""},"img":{"alt_text":"","src":"https:\/\/i0.wp.com\/tp-electric.vn\/wp-content\/uploads\/2023\/02\/mccb-200-1.png?fit=300%2C300&ssl=1&resize=350%2C200","width":350,"height":200},"classes":[]},{"id":3303,"url":"https:\/\/tp-electric.vn\/index.php\/san-pham\/cau-giao-gat-tay-ot-oetl-abb\/","url_meta":{"origin":3285,"position":3},"title":"C\u1ea6U GIAO G\u1ea0T TAY OT, OETL ABB","author":"","date":"25\/02\/2023","format":false,"excerpt":"C\u1ea7u giao g\u1ea1t tay OT OETL ABB lo\u1ea1i c\u1ea7u giao c\u1eaft t\u1ea3i \u0111\u01b0\u1ee3c s\u1ea3n xu\u1ea5t t\u1ea1i Ph\u1ea7n Lan c\u00f3 tay v\u1eb7n tr\u1ef1c ti\u1ebfp, d\u00f2ng \u0111\u1ecbnh m\u1ee9c t\u1eeb 16A \u0111\u1ebfn 2500A. \u00a0\u01afU \u0110I\u1ec2M: C\u1ea7u giao c\u1eaft t\u1ea3i c\u00f3 d\u00f2ng \u0111\u1ecbnh m\u1ee9c \u0111\u1ebfn 3150A G\u1eafn \u0111\u01b0\u1ee3c tr\u00ean thanh dinrail, c\u00f3 tay v\u1eb7n\u2026","rel":"","context":"Similar post","block_context":{"text":"Similar post","link":""},"img":{"alt_text":"","src":"https:\/\/i0.wp.com\/tp-electric.vn\/wp-content\/uploads\/2023\/02\/adssas-1.png?fit=300%2C300&ssl=1&resize=350%2C200","width":350,"height":200},"classes":[]},{"id":3301,"url":"https:\/\/tp-electric.vn\/index.php\/san-pham\/cau-dao-gat-tay-co-chi-os-abb\/","url_meta":{"origin":3285,"position":4},"title":"C\u1ea6U DAO G\u1ea0T TAY C\u00d3 CH\u00cc OS ABB","author":"","date":"25\/02\/2023","format":false,"excerpt":"C\u1ea7u dao g\u1ea1t tay c\u00f3 ch\u00ec OS ABB \u0111\u01b0\u1ee3c s\u1ea3n xu\u1ea5t t\u1ea1i Ph\u1ea7n Lan c\u00f3 ch\u1ee9c n\u0103ng \u0111\u00f3ng ng\u1eaft m\u1ea1ch \u0111i\u1ec7n \u0111\u01b0\u1ee3c l\u1eafp tr\u00ean thanh Dinrail, tu\u1ed5i th\u1ecd l\u00ean \u0111\u1ebfn 20.000 l\u1ea7n \u0111\u00f3ng c\u1eaft. \u00a0\u01afU \u0110I\u1ec2M: S\u1ea3n xu\u1ea5t t\u1ea1i Ph\u1ea7n Lan \u0111\u00e1p \u1ee9ng ti\u00eau chu\u1ea9n\u00a0IEC60947-3 Tu\u1ed5i th\u1ecd c\u01a1 kh\u00ed: 20.000\u2026","rel":"","context":"Similar post","block_context":{"text":"Similar post","link":""},"img":{"alt_text":"","src":"https:\/\/i0.wp.com\/tp-electric.vn\/wp-content\/uploads\/2023\/02\/cd.png?fit=300%2C300&ssl=1&resize=350%2C200","width":350,"height":200},"classes":[]},{"id":4701,"url":"https:\/\/tp-electric.vn\/index.php\/san-pham\/aptomat-chint-mccb-3-pha-50a-25ka\/","url_meta":{"origin":3285,"position":5},"title":"Aptomat Chint MCCB 3 pha 50A 25kA","author":"Admin","date":"11\/12\/2024","format":false,"excerpt":"M\u00e3 s\u1ea3n ph\u1ea9m: NXM-125S\/3300 50A D\u00f2ng series:\u00a0NXM CHINT Series Xu\u1ea5t x\u1ee9:\u00a0Trung Qu\u1ed1c Th\u1eddi gian b\u1ea3o h\u00e0nh:\u00a012 th\u00e1ng T\u00ecnh tr\u1ea1ng:\u00a0M\u1edbi 100% H\u00e3ng s\u1ea3n xu\u1ea5t: CHINT [icon name=\"download\" prefix=\"fas\"] Download CATALOGUE Chint Drive Product Training","rel":"","context":"Similar post","block_context":{"text":"Similar post","link":""},"img":{"alt_text":"","src":"https:\/\/i0.wp.com\/tp-electric.vn\/wp-content\/uploads\/2024\/12\/image.png?fit=1000%2C1000&ssl=1&resize=350%2C200","width":350,"height":200,"srcset":"https:\/\/i0.wp.com\/tp-electric.vn\/wp-content\/uploads\/2024\/12\/image.png?fit=1000%2C1000&ssl=1&resize=350%2C200 1x, https:\/\/i0.wp.com\/tp-electric.vn\/wp-content\/uploads\/2024\/12\/image.png?fit=1000%2C1000&ssl=1&resize=700%2C400 2x"},"classes":[]}],"_links":{"self":[{"href":"https:\/\/tp-electric.vn\/index.php\/wp-json\/wp\/v2\/product\/3285"}],"collection":[{"href":"https:\/\/tp-electric.vn\/index.php\/wp-json\/wp\/v2\/product"}],"about":[{"href":"https:\/\/tp-electric.vn\/index.php\/wp-json\/wp\/v2\/types\/product"}],"replies":[{"embeddable":true,"href":"https:\/\/tp-electric.vn\/index.php\/wp-json\/wp\/v2\/comments?post=3285"}],"wp:featuredmedia":[{"embeddable":true,"href":"https:\/\/tp-electric.vn\/index.php\/wp-json\/wp\/v2\/media\/3289"}],"wp:attachment":[{"href":"https:\/\/tp-electric.vn\/index.php\/wp-json\/wp\/v2\/media?parent=3285"}],"wp:term":[{"taxonomy":"product_cat","embeddable":true,"href":"https:\/\/tp-electric.vn\/index.php\/wp-json\/wp\/v2\/product_cat?post=3285"},{"taxonomy":"product_tag","embeddable":true,"href":"https:\/\/tp-electric.vn\/index.php\/wp-json\/wp\/v2\/product_tag?post=3285"}],"curies":[{"name":"wp","href":"https:\/\/api.w.org\/{rel}","templated":true}]}}