{"id":3271,"date":"2023-02-25T11:32:02","date_gmt":"2023-02-25T04:32:02","guid":{"rendered":"https:\/\/tp-electric.vn\/?post_type=product&#038;p=3271"},"modified":"2024-12-12T15:10:26","modified_gmt":"2024-12-12T08:10:26","slug":"aptomat-mcb-dong-dien-dc-s200muc-abb","status":"publish","type":"product","link":"https:\/\/tp-electric.vn\/index.php\/san-pham\/aptomat-mcb-dong-dien-dc-s200muc-abb\/","title":{"rendered":"APTOMAT MCB D\u00d2NG \u0110I\u1ec6N DC S200MUC ABB"},"content":{"rendered":"<p><strong>QUY C\u00c1CH:<\/strong><\/p>\n<table style=\"height: 1525px;\" width=\"1192\">\n<tbody>\n<tr>\n<td style=\"width: 1182px;\">MCB S201M-C0.5UC 1P 0.5A 10kA DC<em>1P, D\u00f2ng \u0111\u1ecbnh m\u1ee9c: 0,5A, D\u00f2ng c\u1eaft: 10kA, VDC, C Curve<\/em><\/td>\n<\/tr>\n<tr>\n<td style=\"width: 1182px;\">MCB S201M-C1UC 1P 1A 10kA DC<em>1P, D\u00f2ng \u0111\u1ecbnh m\u1ee9c: 1A, D\u00f2ng c\u1eaft: 10kA, VDC, C Curve<\/em><\/td>\n<\/tr>\n<tr>\n<td style=\"width: 1182px;\">MCB S201M-C2UC 1P 2A 10kA DC<em>1P, D\u00f2ng \u0111\u1ecbnh m\u1ee9c: 2A, D\u00f2ng c\u1eaft: 10kA, VDC, C Curve<\/em><\/td>\n<\/tr>\n<tr>\n<td style=\"width: 1182px;\">MCB S201M-C3UC 1P 3A 10kA DC<em>1P, D\u00f2ng \u0111\u1ecbnh m\u1ee9c: 3A, D\u00f2ng c\u1eaft: 10kA, VDC, C Curve<\/em><\/td>\n<\/tr>\n<tr>\n<td style=\"width: 1182px;\">MCB S201M-C4UC 1P 4A 10kA DC<em>1P, D\u00f2ng \u0111\u1ecbnh m\u1ee9c: 4A, D\u00f2ng c\u1eaft: 10kA, VDC, C Curve<\/em><\/td>\n<\/tr>\n<tr>\n<td style=\"width: 1182px;\">MCB S201M-C5UC 1P 5A 10kA DC<em>1P, D\u00f2ng \u0111\u1ecbnh m\u1ee9c: 5A, D\u00f2ng c\u1eaft: 10kA, VDC, C Curve<\/em><\/td>\n<\/tr>\n<tr>\n<td style=\"width: 1182px;\">MCB S201M-C6UC 1P 6A 10kA DC<em>1P, D\u00f2ng \u0111\u1ecbnh m\u1ee9c: 6A, D\u00f2ng c\u1eaft: 10kA, VDC, C Curve<\/em><\/td>\n<\/tr>\n<tr>\n<td style=\"width: 1182px;\">MCB S201M-C8UC 1P 8A 10kA DC<em>1P, D\u00f2ng \u0111\u1ecbnh m\u1ee9c: 8A, D\u00f2ng c\u1eaft: 10kA, VDC, C Curve<\/em><\/td>\n<\/tr>\n<tr>\n<td style=\"width: 1182px;\">MCB S201M-C10UC 1P 10A 10kA DC<em>1P, D\u00f2ng \u0111\u1ecbnh m\u1ee9c: 10A, D\u00f2ng c\u1eaft: 10kA, VDC, C Curve<\/em><\/td>\n<\/tr>\n<tr>\n<td style=\"width: 1182px;\">MCB S201M-C13UC 1P 13A 10kA DC<em>1P, D\u00f2ng \u0111\u1ecbnh m\u1ee9c: 13A, D\u00f2ng c\u1eaft: 10kA, VDC, C Curve<\/em><\/td>\n<\/tr>\n<tr>\n<td style=\"width: 1182px;\">MCB S201M-C16UC 1P 16A 10kA DC<em>1P, D\u00f2ng \u0111\u1ecbnh m\u1ee9c: 16A, D\u00f2ng c\u1eaft: 10kA, VDC, C Curve<\/em><\/td>\n<\/tr>\n<tr>\n<td style=\"width: 1182px;\">MCB S201M-C20UC 1P 20A 10kA DC<em>1P, D\u00f2ng \u0111\u1ecbnh m\u1ee9c: 20A, D\u00f2ng c\u1eaft: 10kA, VDC, C Curve<\/em><\/td>\n<\/tr>\n<tr>\n<td style=\"width: 1182px;\">MCB S201M-C25UC 1P 25A 10kA DC<em>1P, D\u00f2ng \u0111\u1ecbnh m\u1ee9c: 25A, D\u00f2ng c\u1eaft: 10kA, VDC, C Curve<\/em><\/td>\n<\/tr>\n<tr>\n<td style=\"width: 1182px;\">MCB S201M-C32UC 1P 32A 10kA DC<em>1P, D\u00f2ng \u0111\u1ecbnh m\u1ee9c: 32A, D\u00f2ng c\u1eaft: 10kA, VDC, C Curve<\/em><\/td>\n<\/tr>\n<tr>\n<td style=\"width: 1182px;\">MCB S201M-C40UC 1P 40A 10kA DC<em>1P, D\u00f2ng \u0111\u1ecbnh m\u1ee9c: 40A, D\u00f2ng c\u1eaft: 10kA, VDC, C Curve<\/em><\/td>\n<\/tr>\n<tr>\n<td style=\"width: 1182px;\">MCB S201M-C50UC 1P 50A 10kA DC<em>1P, D\u00f2ng \u0111\u1ecbnh m\u1ee9c: 50A, D\u00f2ng c\u1eaft: 10kA, VDC, C Curve<\/em><\/td>\n<\/tr>\n<tr>\n<td style=\"width: 1182px;\">MCB S201M-C63UC 1P 63A 10kA DC<em>1P, D\u00f2ng \u0111\u1ecbnh m\u1ee9c: 63A, D\u00f2ng c\u1eaft: 10kA, VDC, C Curve<\/em><\/td>\n<\/tr>\n<tr>\n<td style=\"width: 1182px;\">MCB S202M-C0.5UC 2P 0.5A 10kA DC<em>2P, D\u00f2ng \u0111\u1ecbnh m\u1ee9c: 0,5A, D\u00f2ng c\u1eaft: 10kA, VDC, C Curve<\/em><\/td>\n<\/tr>\n<tr>\n<td style=\"width: 1182px;\">MCB S202M-C1UC 2P 1A 10kA DC<em>2P, D\u00f2ng \u0111\u1ecbnh m\u1ee9c: 1A, D\u00f2ng c\u1eaft: 10kA, VDC, C Curve<\/em><\/td>\n<\/tr>\n<tr>\n<td style=\"width: 1182px;\">MCB S202M-C2UC 2P 2A 10kA DC<em>2P, D\u00f2ng \u0111\u1ecbnh m\u1ee9c: 2A, D\u00f2ng c\u1eaft: 10kA, VDC, C Curve<\/em><\/td>\n<\/tr>\n<tr>\n<td style=\"width: 1182px;\">MCB S201M-C20UC 1P 20A 10kA DC<em>1P, D\u00f2ng \u0111\u1ecbnh m\u1ee9c: 20A, D\u00f2ng c\u1eaft: 10kA, VDC, C Curve<\/em><\/td>\n<\/tr>\n<tr>\n<td style=\"width: 1182px;\">MCB S201M-C25UC 1P 25A 10kA DC<em>1P, D\u00f2ng \u0111\u1ecbnh m\u1ee9c: 25A, D\u00f2ng c\u1eaft: 10kA, VDC, C Curve<\/em><\/td>\n<\/tr>\n<tr>\n<td style=\"width: 1182px;\">MCB S201M-C32UC 1P 32A 10kA DC<em>1P, D\u00f2ng \u0111\u1ecbnh m\u1ee9c: 32A, D\u00f2ng c\u1eaft: 10kA, VDC, C Curve<\/em><\/td>\n<\/tr>\n<tr>\n<td style=\"width: 1182px;\">MCB S201M-C40UC 1P 40A 10kA DC<em>1P, D\u00f2ng \u0111\u1ecbnh m\u1ee9c: 40A, D\u00f2ng c\u1eaft: 10kA, VDC, C Curve<\/em><\/td>\n<\/tr>\n<tr>\n<td style=\"width: 1182px;\">MCB S201M-C50UC 1P 50A 10kA DC<em>1P, D\u00f2ng \u0111\u1ecbnh m\u1ee9c: 50A, D\u00f2ng c\u1eaft: 10kA, VDC, C Curve<\/em><\/td>\n<\/tr>\n<tr>\n<td style=\"width: 1182px;\">MCB S201M-C63UC 1P 63A 10kA DC<em>1P, D\u00f2ng \u0111\u1ecbnh m\u1ee9c: 63A, D\u00f2ng c\u1eaft: 10kA, VDC, C Curve<\/em><\/td>\n<\/tr>\n<tr>\n<td style=\"width: 1182px;\">MCB S202M-C0.5UC 2P 0.5A 10kA DC<em>2P, D\u00f2ng \u0111\u1ecbnh m\u1ee9c: 0,5A, D\u00f2ng c\u1eaft: 10kA, VDC, C Curve<\/em><\/td>\n<\/tr>\n<tr>\n<td style=\"width: 1182px;\">MCB S202M-C1UC 2P 1A 10kA DC<em>2P, D\u00f2ng \u0111\u1ecbnh m\u1ee9c: 1A, D\u00f2ng c\u1eaft: 10kA, VDC, C Curve<\/em><\/td>\n<\/tr>\n<tr>\n<td style=\"width: 1182px;\">MCB S202M-C2UC 2P 2A 10kA DC<em>2P, D\u00f2ng \u0111\u1ecbnh m\u1ee9c: 2A, D\u00f2ng c\u1eaft: 10kA, VDC, C Curve<\/em><\/td>\n<\/tr>\n<tr>\n<td style=\"width: 1182px;\">MCB S202M-C3UC 2P 3A 10kA DC<em>2P, D\u00f2ng \u0111\u1ecbnh m\u1ee9c: 3A, D\u00f2ng c\u1eaft: 10kA, VDC, C Curve<\/em><\/td>\n<\/tr>\n<tr>\n<td style=\"width: 1182px;\">MCB S202M-C4UC 2P 4A 10kA DC<em>2P, D\u00f2ng \u0111\u1ecbnh m\u1ee9c: 4A, D\u00f2ng c\u1eaft: 10kA, VDC, C Curve<\/em><\/td>\n<\/tr>\n<\/tbody>\n<\/table>\n","protected":false},"excerpt":{"rendered":"<div class=\"desc\">Aptomat MCB d\u00f2ng \u0111i\u1ec7n DC S200MUC ABB series \u0111\u01b0\u1ee3c s\u1eed d\u1ee5ng ng\u1eafn m\u1ea1ch trong c\u00e1c m\u1ea1ch \u0111i\u1ec7n tr\u1ef1c ti\u1ebfp cho \u0111i\u1ec7n \u00e1p l\u00ean \u0111\u1ebfn 220 V DC 1 c\u1ef1c v\u00e0 440 V DC 2, 3 v\u00e0 4 c\u1ef1c.<\/div>\n<div class=\"list\">\n<p><i class=\"fa fa-gg\" aria-hidden=\"true\"><\/i>\u00a0\u01afU \u0110I\u1ec2M:<\/p>\n<div class=\"ht-format-detail\">\n<ul>\n<li>Phi\u00ean b\u1ea3n d\u00e0nh ri\u00eang cho m\u1ea1ch \u0111i\u1ec7n tr\u1ef1c ti\u1ebfp VDC<\/li>\n<li>Gi\u1ea3i ph\u00e1p s\u1eed d\u1ee5ng cho t\u00e0u \u0111i\u1ec7n, xe bus t\u1ef1 \u0111\u1ed9ng<\/li>\n<li>Ch\u1ea5t l\u01b0\u1ee3ng ho\u00e0n h\u1ea3o, t\u1ed1i \u01b0u h\u1ebft c\u00e1c t\u00ednh n\u0103ng<\/li>\n<li>D\u1ec5 d\u00e0ng l\u1eafp \u0111\u1eb7t, thay th\u1ebf \u0111\u01a1n gi\u1ea3n<\/li>\n<li>Thi\u1ebft k\u1ebf tinh t\u1ebf, hi\u1ec7n \u0111\u1ea1i, nh\u1ecf g\u1ecdn<\/li>\n<li>T\u1ea3i Catalogue MCB DC S200M UC: <span style=\"color: #00aae7;\"><a style=\"color: #00aae7;\" href=\"https:\/\/drive.google.com\/file\/d\/1jnq7kcw_Zk8isGGylWezLaO5BYjBBL5N\/view?usp=share_link\">T\u1ea1i \u0111\u1eady<\/a><\/span><\/li>\n<\/ul>\n<\/div>\n<\/div>\n","protected":false},"featured_media":3272,"comment_status":"open","ping_status":"closed","template":"","meta":[],"product_cat":[242],"product_tag":[],"jetpack-related-posts":[{"id":3258,"url":"https:\/\/tp-electric.vn\/index.php\/san-pham\/aptomat-mcb-s200m-abb\/","url_meta":{"origin":3271,"position":0},"title":"APTOMAT MCB S200M ABB","author":"","date":"25\/02\/2023","format":false,"excerpt":"Aptomat MCB S200M ABB c\u00f3 m\u1eb7t t\u1ea1i nhi\u1ec1u d\u1ef1 \u00e1n, c\u00f4ng tr\u00ecnh, h\u1ec7 th\u1ed1ng s\u1ea3n xu\u1ea5t, h\u1ed7 tr\u1ee3 \u0111\u1ecba ph\u01b0\u01a1ng m\u1ea1nh m\u1ebd cho d\u1ef1 \u00e1n. \u00a0\u01afU \u0110I\u1ec2M: Series MCB S200M\u00a0\u0111\u1ea1t c\u00e1c ti\u00eau chu\u1ea9n qu\u1ed1c t\u1ebf S\u1eed d\u1ee5ng ph\u00f9 h\u1ee3p cho\u00a0nhi\u1ec1u m\u00f4i tr\u01b0\u1eddng IP20 Thi\u1ebft k\u1ebf hi\u1ec7n \u0111\u1ea1i, g\u1ecdn nh\u1eb9 d\u1ec5\u2026","rel":"","context":"Similar post","block_context":{"text":"Similar post","link":""},"img":{"alt_text":"","src":"https:\/\/i0.wp.com\/tp-electric.vn\/wp-content\/uploads\/2023\/02\/s200m.png?fit=300%2C300&ssl=1&resize=350%2C200","width":350,"height":200},"classes":[]},{"id":4700,"url":"https:\/\/tp-electric.vn\/index.php\/san-pham\/aptomat-chint-mcb-2-pha-100a-10ka\/","url_meta":{"origin":3271,"position":1},"title":"Aptomat Chint MCB 2 pha 100A 10kA","author":"Admin","date":"11\/12\/2024","format":false,"excerpt":"M\u00e3 s\u1ea3n ph\u1ea9m: NXB-125 2P C100 D\u00f2ng Series: NXB-125 CHINT Series Xu\u1ea5t x\u1ee9:\u00a0Trung Qu\u1ed1c Th\u1eddi gian b\u1ea3o h\u00e0nh:\u00a012 th\u00e1ng T\u00ecnh tr\u1ea1ng:\u00a0M\u1edbi 100% D\u00f2ng c\u1eaft: 10kA D\u00f2ng \u0111i\u1ec7n \u0111\u1ecbnh m\u1ee9c: 100A H\u00e3ng s\u1ea3n xu\u1ea5t: CHINT Pha: 2 pha [icon name=\"download\" prefix=\"fas\"] Download CATALOGUE Chint Drive Product Training \u00a0","rel":"","context":"Similar post","block_context":{"text":"Similar post","link":""},"img":{"alt_text":"","src":"https:\/\/i0.wp.com\/tp-electric.vn\/wp-content\/uploads\/2024\/12\/MCB-Chint-NXB-125-2P-100A-10kA.jpg?fit=450%2C450&ssl=1&resize=350%2C200","width":350,"height":200},"classes":[]},{"id":2909,"url":"https:\/\/tp-electric.vn\/index.php\/san-pham\/aptomat-tu-dong-mcb-abb-1p\/","url_meta":{"origin":3271,"position":2},"title":"APTOMAT T\u1ef0 \u0110\u1ed8NG MCB ABB 1P","author":"","date":"11\/02\/2023","format":false,"excerpt":"Aptomat MCB S200P ABB d\u00f2ng series \u0111\u1ea1t c\u00e1c ti\u00eau chu\u1ea9n qu\u1ed1c t\u1ebf mang \u0111\u1ebfn gi\u1ea3i ph\u00e1p b\u1ea3o v\u1ec7 qu\u00e1 t\u1ea3i, ng\u1eafn m\u1ea1ch cho h\u1ec7 th\u1ed1ng \u0111i\u1ec7n to\u00e0 nh\u00e0, c\u00f4ng nghi\u1ec7p. \u01afU \u0110I\u1ec2M: Gi\u1ea3i ph\u00e1p s\u1eed d\u1ee5ng cho \u0111i\u1ec7n d\u00e2n d\u1ee5ng, c\u00f4ng nghi\u1ec7p \u0110\u1ea1t ti\u00eau chu\u1ea9n qu\u1ed1c t\u1ebf v\u1ec1 ch\u1ea5t l\u01b0\u1ee3ng,\u2026","rel":"","context":"Similar post","block_context":{"text":"Similar post","link":""},"img":{"alt_text":"","src":"https:\/\/i0.wp.com\/tp-electric.vn\/wp-content\/uploads\/2023\/02\/1-7.png?fit=600%2C450&ssl=1&resize=350%2C200","width":350,"height":200},"classes":[]},{"id":3268,"url":"https:\/\/tp-electric.vn\/index.php\/san-pham\/aptomat-mcb-sh200l-abb\/","url_meta":{"origin":3271,"position":3},"title":"APTOMAT MCB SH200L ABB","author":"","date":"25\/02\/2023","format":false,"excerpt":"Aptomat MCB SH200L ABB s\u1ea3n xu\u1ea5t tu\u00e2n theo th\u1ee7ti\u00eau chu\u1ea9n IEC \/ EN 60898-1, \u0111\u1ea3m b\u1ea3o y\u00eau c\u1ea7u an to\u00e0n s\u1eed d\u1ee5ng trong c\u00e1c \u1ee9ng d\u1ee5ng d\u00e2n d\u1ee5ng khu d\u00e2n c\u01b0, th\u01b0\u01a1ng m\u1ea1i. \u00a0\u01afU \u0110I\u1ec2M: \u0110\u00e1p \u1ee9ng nhu c\u1ea7u cao cho \u0111i\u1ec7n d\u00e2n d\u1ee5ng Thi\u1ebft k\u1ebf nh\u1ecf g\u1ecdn, ti\u1ebft ki\u1ec7m\u2026","rel":"","context":"Similar post","block_context":{"text":"Similar post","link":""},"img":{"alt_text":"","src":"https:\/\/i0.wp.com\/tp-electric.vn\/wp-content\/uploads\/2023\/02\/sh200l.png?fit=300%2C300&ssl=1&resize=350%2C200","width":350,"height":200},"classes":[]},{"id":3273,"url":"https:\/\/tp-electric.vn\/index.php\/san-pham\/aptomat-mcb-s800c-abb\/","url_meta":{"origin":3271,"position":4},"title":"APTOMAT MCB S800C ABB","author":"","date":"25\/02\/2023","format":false,"excerpt":"Aptomat MCB S800C ABB \u0111\u01b0\u1ee3c s\u1ea3n xu\u1ea5t thi\u1ebft k\u1ebf \u0111\u1ea1t hi\u1ec7u su\u1ea5t cao v\u1edbi ch\u1ee9c n\u0103ng ng\u1eaft m\u1ea1ch b\u1ea3o v\u1ec7 thi\u1ebft b\u1ecb \u0111i\u1ec7n, \u0111\u01b0\u1ee3c s\u1eed d\u1ee5ng trong c\u00e1c \u1ee9ng d\u1ee5ng IEC v\u00e0 UL. \u00a0\u01afU \u0110I\u1ec2M: \u0110\u1ea1t hi\u1ec7u su\u1ea5t cao trong ch\u1ee9c n\u0103ng ng\u1eaft m\u1ea1ch S\u1ea3n ph\u1ea9m ch\u1ea5t l\u01b0\u1ee3ng ti\u00eau chu\u1ea9n\u2026","rel":"","context":"Similar post","block_context":{"text":"Similar post","link":""},"img":{"alt_text":"","src":"https:\/\/i0.wp.com\/tp-electric.vn\/wp-content\/uploads\/2023\/02\/s800c.png?fit=300%2C300&ssl=1&resize=350%2C200","width":350,"height":200},"classes":[]},{"id":2729,"url":"https:\/\/tp-electric.vn\/index.php\/san-pham\/mcb-loai-snd6000\/","url_meta":{"origin":3271,"position":5},"title":"MCB type SND","author":"","date":"07\/02\/2023","format":false,"excerpt":"Th\u00f4ng tin s\u1ea3n ph\u1ea9m: S\u1ed1 c\u1ef1c: 1,2,3 v\u00e0 4 c\u1ef1c D\u00f2ng c\u1eaft : 3KA, 4.5KA , 6KA , 10KA , 16KA D\u00f2ng \u0111\u1ecbnh m\u1ee9c: t\u1eeb 1A \u0111\u1ebfn 125A","rel":"","context":"Similar post","block_context":{"text":"Similar post","link":""},"img":{"alt_text":"","src":"https:\/\/i0.wp.com\/tp-electric.vn\/wp-content\/uploads\/2023\/02\/Miniature_Circui_5b3c87ecdcf85.png?fit=500%2C500&ssl=1&resize=350%2C200","width":350,"height":200},"classes":[]}],"_links":{"self":[{"href":"https:\/\/tp-electric.vn\/index.php\/wp-json\/wp\/v2\/product\/3271"}],"collection":[{"href":"https:\/\/tp-electric.vn\/index.php\/wp-json\/wp\/v2\/product"}],"about":[{"href":"https:\/\/tp-electric.vn\/index.php\/wp-json\/wp\/v2\/types\/product"}],"replies":[{"embeddable":true,"href":"https:\/\/tp-electric.vn\/index.php\/wp-json\/wp\/v2\/comments?post=3271"}],"wp:featuredmedia":[{"embeddable":true,"href":"https:\/\/tp-electric.vn\/index.php\/wp-json\/wp\/v2\/media\/3272"}],"wp:attachment":[{"href":"https:\/\/tp-electric.vn\/index.php\/wp-json\/wp\/v2\/media?parent=3271"}],"wp:term":[{"taxonomy":"product_cat","embeddable":true,"href":"https:\/\/tp-electric.vn\/index.php\/wp-json\/wp\/v2\/product_cat?post=3271"},{"taxonomy":"product_tag","embeddable":true,"href":"https:\/\/tp-electric.vn\/index.php\/wp-json\/wp\/v2\/product_tag?post=3271"}],"curies":[{"name":"wp","href":"https:\/\/api.w.org\/{rel}","templated":true}]}}