{"id":3229,"date":"2023-02-15T16:46:15","date_gmt":"2023-02-15T09:46:15","guid":{"rendered":"https:\/\/tp-electric.vn\/?post_type=product&#038;p=3229"},"modified":"2024-12-12T15:10:26","modified_gmt":"2024-12-12T08:10:26","slug":"zen-lyras-l12s-9w","status":"publish","type":"product","link":"https:\/\/tp-electric.vn\/index.php\/san-pham\/zen-lyras-l12s-9w\/","title":{"rendered":"\u0110\u00e8n \u00e2m tr\u1ea7n ch\u1ed1ng ch\u00f3i ZEN LYRAS L12S 9W"},"content":{"rendered":"<p>\u0110\u00e8n \u00e2m tr\u1ea7n ch\u1ed1ng \u1ea9m ZEN LYRAS L12S l\u00e0 c\u00f4ng c\u1ee5 chi\u1ebfu s\u00e1ng ph\u00f9 h\u1ee3p cho kh\u00f4ng gian \u1ea9m \u01b0\u1edbt nh\u01b0 WC, b\u1ed3n t\u1eafm. V\u1edbi g\u00f3c chi\u1ebfu r\u1ed9ng, \u00e1nh s\u00e1ng trung th\u1ef1c ch\u1ec9 s\u1ed1 ho\u00e0n m\u00e0u CRI&gt;90 v\u00e0 kh\u1ea3 n\u0103ng ch\u1ed1ng ch\u00f3i cao SDCM&lt;3. ZEN LYRA IP s\u1eed d\u1ee5ng lens chi\u1ebfu s\u00e1ng PC v\u00e0 cho\u00e1 ph\u1ea3n quang \u0111\u1eb7c bi\u1ec7t t\u1ea1o v\u1ea7ng s\u00e1ng m\u1ec1m c\u00f3 tr\u1ecdng t\u00e2m cho ra \u00e1nh s\u00e1ng \u0111\u1ec1u nh\u01b0ng v\u1eabn c\u00f3 ti\u00eau \u0111i\u1ec3m t\u0103ng c\u01b0\u1eddng v\u1ebb \u0111\u1eb9p c\u1ee7a v\u1eadt th\u1ec3 \u0111\u01b0\u1ee3c chi\u1ebfu s\u00e1ng.<\/p>\n<p><strong>Th\u00f4ng s\u1ed1 k\u1ef9 thu\u1eadt<\/strong><\/p>\n<div>\n<table style=\"width: 719px;\">\n<tbody>\n<tr>\n<td style=\"width: 337.068px;\">Th\u00e2n \u0111\u00e8n:<\/td>\n<td style=\"width: 366.932px;\">Nh\u00f4m, s\u01a1n tr\u1eafng<\/td>\n<\/tr>\n<tr>\n<td style=\"width: 337.068px;\">Vi\u1ec1n \u0111\u00e8n:<\/td>\n<td style=\"width: 366.932px;\">Nh\u00f4m, s\u01a1n tr\u1eafng<\/td>\n<\/tr>\n<tr>\n<td style=\"width: 337.068px;\">Cho\u00e1 \u0111\u00e8n:<\/td>\n<td style=\"width: 366.932px;\">Lens PC, cho\u00e1 ph\u1ea3n quang<\/td>\n<\/tr>\n<tr>\n<td style=\"width: 337.068px;\">K\u00edch th\u01b0\u1edbc \u0111\u00e8n:<\/td>\n<td style=\"width: 366.932px;\">\u03a675*H77*\u03a685mm<\/td>\n<\/tr>\n<tr>\n<td style=\"width: 337.068px;\">L\u1ed7 kho\u00e9t:<\/td>\n<td style=\"width: 366.932px;\">\u03a675mm<\/td>\n<\/tr>\n<\/tbody>\n<\/table>\n<p><strong>D\u1eef li\u1ec7u quang h\u1ecdc<\/strong><\/p>\n<table style=\"width: 717px;\">\n<tbody>\n<tr>\n<td style=\"width: 336.514px;\">LED:<\/td>\n<td style=\"width: 365.486px;\">CREE 1304<\/td>\n<\/tr>\n<tr>\n<td style=\"width: 336.514px;\">Ch\u1ec9 s\u1ed1 ho\u00e0n m\u00e0u:<\/td>\n<td style=\"width: 365.486px;\">CRI\u226590<\/td>\n<\/tr>\n<tr>\n<td style=\"width: 336.514px;\">G\u00f3c chi\u1ebfu n\u00f3n:<\/td>\n<td style=\"width: 365.486px;\">24\u00b0<\/td>\n<\/tr>\n<\/tbody>\n<\/table>\n<table style=\"width: 840px;\" border=\"1\">\n<tbody>\n<tr>\n<th style=\"width: 105.406px; text-align: center;\">M\u00e3 \u0111\u00e8n<\/th>\n<th style=\"width: 104.594px; text-align: center;\">C\u00f4ng su\u1ea5t<\/th>\n<th style=\"width: 145px; text-align: center;\">Quang th\u00f4ng<\/th>\n<th style=\"width: 177px; text-align: center;\">Nhi\u1ec7t \u0111\u1ed9 m\u00e0u<\/th>\n<th style=\"width: 151px; text-align: center;\">Ch\u1ec9 s\u1ed1 ho\u00e0n m\u00e0u<\/th>\n<th style=\"width: 116px; text-align: center;\">G\u00f3c chi\u1ebfu<\/th>\n<\/tr>\n<tr>\n<td style=\"width: 105.406px; text-align: center;\">LYRA IP<\/td>\n<td style=\"width: 104.594px; text-align: center;\">10W<\/td>\n<td style=\"width: 145px; text-align: center;\">720lm<\/td>\n<td style=\"width: 177px; text-align: center;\">3500K, 4000K<\/td>\n<td style=\"width: 151px; text-align: center;\">CRI\u226590<\/td>\n<td style=\"width: 116px; text-align: center;\">24\u00b0<\/td>\n<\/tr>\n<\/tbody>\n<\/table>\n<div dir=\"auto\">&#8212;&#8212;&#8212;&#8212;&#8212;&#8212;&#8212;&#8212;&#8212;&#8212;&#8212;&#8212;-<\/div>\n<div dir=\"auto\">CH\u1eccN THU\u1eacN PHONG &#8211; CH\u1eccN S\u1ef0 AN T\u00c2M<\/div>\n<div dir=\"auto\"><span class=\"html-span xexx8yu x4uap5 x18d9i69 xkhd6sd x1hl2dhg x16tdsg8 x1vvkbs x3nfvp2 x1j61x8r x1fcty0u xdj266r xat24cr xgzva0m xhhsvwb xxymvpz xlup9mm x1kky2od\"><img decoding=\"async\" loading=\"lazy\" class=\"xz74otr\" src=\"https:\/\/static.xx.fbcdn.net\/images\/emoji.php\/v9\/t4c\/1\/16\/25aa.png\" alt=\"\u25aa\" width=\"16\" height=\"16\" \/><\/span> Hotline: 0869.564.567<\/div>\n<div dir=\"auto\"><span class=\"html-span xexx8yu x4uap5 x18d9i69 xkhd6sd x1hl2dhg x16tdsg8 x1vvkbs x3nfvp2 x1j61x8r x1fcty0u xdj266r xat24cr xgzva0m xhhsvwb xxymvpz xlup9mm x1kky2od\"><img decoding=\"async\" loading=\"lazy\" class=\"xz74otr\" src=\"https:\/\/static.xx.fbcdn.net\/images\/emoji.php\/v9\/t4c\/1\/16\/25aa.png\" alt=\"\u25aa\" width=\"16\" height=\"16\" \/><\/span> K\u1ef9 thu\u1eadt: Mr D\u0169ng 0899768777<\/div>\n<div dir=\"auto\"><span class=\"html-span xexx8yu x4uap5 x18d9i69 xkhd6sd x1hl2dhg x16tdsg8 x1vvkbs x3nfvp2 x1j61x8r x1fcty0u xdj266r xat24cr xgzva0m xhhsvwb xxymvpz xlup9mm x1kky2od\"><img decoding=\"async\" loading=\"lazy\" class=\"xz74otr\" src=\"https:\/\/static.xx.fbcdn.net\/images\/emoji.php\/v9\/t4c\/1\/16\/25aa.png\" alt=\"\u25aa\" width=\"16\" height=\"16\" \/><\/span> Tr\u1ee5 s\u1edf ch\u00ednh: 30 Nguy\u1ec5n H\u1eefu D\u1eadt, ph\u01b0\u1eddng Nam L\u00fd, th\u00e0nh ph\u1ed1 \u0110\u1ed3ng H\u1edbi, t\u1ec9nh Qu\u1ea3ng B\u00ecnh, Vi\u1ec7t Nam<\/div>\n<div dir=\"auto\"><span class=\"html-span xexx8yu x4uap5 x18d9i69 xkhd6sd x1hl2dhg x16tdsg8 x1vvkbs x3nfvp2 x1j61x8r x1fcty0u xdj266r xat24cr xgzva0m xhhsvwb xxymvpz xlup9mm x1kky2od\"><img decoding=\"async\" loading=\"lazy\" class=\"xz74otr\" src=\"https:\/\/static.xx.fbcdn.net\/images\/emoji.php\/v9\/t4c\/1\/16\/25aa.png\" alt=\"\u25aa\" width=\"16\" height=\"16\" \/><\/span> Tr\u1ee5 s\u1edf H\u00e0 N\u1ed9i: Nh\u00e0 ph\u1ed1 th\u01b0\u01a1ng m\u1ea1i Khai S\u01a1n Town s\u1ed1 18 thu\u1ed9c Town 7, khu \u0111\u00f4 th\u1ecb Khai S\u01a1n City, Ph\u01b0\u1eddng Th\u01b0\u1ee3ng Thanh, Qu\u1eadn Long Bi\u00ean, TP H\u00e0 N\u1ed9i<\/div>\n<\/div>\n","protected":false},"excerpt":{"rendered":"<p><strong>Th\u00f4ng s\u1ed1 k\u1ef9 thu\u1eadt<\/strong><\/p>\n<div>\n<table style=\"height: 276px;\" width=\"641\">\n<tbody>\n<tr>\n<td style=\"width: 230.455px;\">Th\u00e2n \u0111\u00e8n:<\/td>\n<td style=\"width: 395.653px;\">Nh\u00f4m, s\u01a1n tr\u1eafng<\/td>\n<\/tr>\n<tr>\n<td style=\"width: 230.455px;\">Vi\u1ec1n \u0111\u00e8n:<\/td>\n<td style=\"width: 395.653px;\">Nh\u00f4m, s\u01a1n tr\u1eafng<\/td>\n<\/tr>\n<tr>\n<td style=\"width: 230.455px;\">Cho\u00e1 \u0111\u00e8n:<\/td>\n<td style=\"width: 395.653px;\">Lens PC, cho\u00e1 ph\u1ea3n quang<\/td>\n<\/tr>\n<tr>\n<td style=\"width: 230.455px;\">K\u00edch th\u01b0\u1edbc \u0111\u00e8n:<\/td>\n<td style=\"width: 395.653px;\">\u00a0\u03a685*H75mm<\/td>\n<\/tr>\n<tr>\n<td style=\"width: 230.455px;\">L\u1ed7 kho\u00e9t:<\/td>\n<td style=\"width: 395.653px;\">\u03a675mm<\/td>\n<\/tr>\n<\/tbody>\n<\/table>\n<\/div>\n","protected":false},"featured_media":3230,"comment_status":"open","ping_status":"closed","template":"","meta":[],"product_cat":[238],"product_tag":[309,310,313],"jetpack-related-posts":[{"id":3210,"url":"https:\/\/tp-electric.vn\/index.php\/san-pham\/zen-lyra-12w\/","url_meta":{"origin":3229,"position":0},"title":"\u0110\u00e8n \u00e2m tr\u1ea7n ch\u1ed1ng ch\u00f3i ZEN LYRA 12W","author":"","date":"15\/02\/2023","format":false,"excerpt":"Th\u00f4ng s\u1ed1 k\u1ef9 thu\u1eadt Th\u00e2n \u0111\u00e8n: Nh\u00f4m, s\u01a1n tr\u1eafng Vi\u1ec1n \u0111\u00e8n: Nh\u00f4m, s\u01a1n tr\u1eafng Cho\u00e1 \u0111\u00e8n: Lens PC, cho\u00e1 ph\u1ea3n quang K\u00edch th\u01b0\u1edbc \u0111\u00e8n: \u00a0\u03a685*H75mm L\u1ed7 kho\u00e9t: \u03a675mm","rel":"","context":"Similar post","block_context":{"text":"Similar post","link":""},"img":{"alt_text":"","src":"https:\/\/i0.wp.com\/tp-electric.vn\/wp-content\/uploads\/2023\/02\/2023-02-15_13-35-19-1.png?fit=697%2C933&ssl=1&resize=350%2C200","width":350,"height":200},"classes":[]},{"id":3309,"url":"https:\/\/tp-electric.vn\/index.php\/san-pham\/den-duong-led-axis\/","url_meta":{"origin":3229,"position":1},"title":"\u0110\u00c8N \u0110\u01af\u1edcNG LED AXIS","author":"","date":"27\/02\/2023","format":false,"excerpt":"M\u00e3 s\u1ea3n ph\u1ea9m : AXIS T\u1ea3i CATALOGUE S\u1ea2N PH\u1ea8M","rel":"","context":"Similar post","block_context":{"text":"Similar post","link":""},"img":{"alt_text":"","src":"https:\/\/i0.wp.com\/tp-electric.vn\/wp-content\/uploads\/2023\/02\/AXIS-1.png?fit=512%2C512&ssl=1&resize=350%2C200","width":350,"height":200},"classes":[]},{"id":3368,"url":"https:\/\/tp-electric.vn\/index.php\/san-pham\/den-duong-led-mm-tss10\/","url_meta":{"origin":3229,"position":2},"title":"\u0110\u00c8N \u0110\u01af\u1edcNG LED MM \u2013 TSS10","author":"","date":"01\/03\/2023","format":false,"excerpt":"'- M\u00e3 s\u1ea3n ph\u1ea9m : MM - TSS10","rel":"","context":"Similar post","block_context":{"text":"Similar post","link":""},"img":{"alt_text":"","src":"https:\/\/i0.wp.com\/tp-electric.vn\/wp-content\/uploads\/2023\/03\/MM-TSS010-1.png?fit=300%2C300&ssl=1&resize=350%2C200","width":350,"height":200},"classes":[]},{"id":3343,"url":"https:\/\/tp-electric.vn\/index.php\/san-pham\/den-duong-led-mm-tss07\/","url_meta":{"origin":3229,"position":3},"title":"\u0110\u00c8N \u0110\u01af\u1edcNG LED MM &#8211; TSS07","author":"","date":"27\/02\/2023","format":false,"excerpt":"\u2013 M\u00e3 s\u1ea3n ph\u1ea9m : MM \u2013 TSS07","rel":"","context":"Similar post","block_context":{"text":"Similar post","link":""},"img":{"alt_text":"","src":"https:\/\/i0.wp.com\/tp-electric.vn\/wp-content\/uploads\/2023\/02\/MM-TSS07-1.png?fit=512%2C512&ssl=1&resize=350%2C200","width":350,"height":200},"classes":[]},{"id":3321,"url":"https:\/\/tp-electric.vn\/index.php\/san-pham\/den-duong-led-rylai\/","url_meta":{"origin":3229,"position":4},"title":"\u0110\u00c8N \u0110\u01af\u1edcNG LED RYLAI","author":"","date":"27\/02\/2023","format":false,"excerpt":"- M\u00e3 s\u1ea3n ph\u1ea9m : RYLAI T\u1ea3i\u00a0CATALOGUE S\u1ea2N PH\u1ea8M","rel":"","context":"Similar post","block_context":{"text":"Similar post","link":""},"img":{"alt_text":"","src":"https:\/\/i0.wp.com\/tp-electric.vn\/wp-content\/uploads\/2023\/02\/RYLAI-1.png?fit=512%2C512&ssl=1&resize=350%2C200","width":350,"height":200},"classes":[]},{"id":3315,"url":"https:\/\/tp-electric.vn\/index.php\/san-pham\/den-duong-led-orbit\/","url_meta":{"origin":3229,"position":5},"title":"\u0110\u00c8N \u0110\u01af\u1edcNG LED ORBIT","author":"","date":"27\/02\/2023","format":false,"excerpt":"- M\u00e3 s\u1ea3n ph\u1ea9m : ORBIT T\u1ea3i\u00a0CATALOGUE S\u1ea2N PH\u1ea8M","rel":"","context":"Similar post","block_context":{"text":"Similar post","link":""},"img":{"alt_text":"","src":"https:\/\/i0.wp.com\/tp-electric.vn\/wp-content\/uploads\/2023\/02\/ORBIT-1.png?fit=512%2C512&ssl=1&resize=350%2C200","width":350,"height":200},"classes":[]}],"_links":{"self":[{"href":"https:\/\/tp-electric.vn\/index.php\/wp-json\/wp\/v2\/product\/3229"}],"collection":[{"href":"https:\/\/tp-electric.vn\/index.php\/wp-json\/wp\/v2\/product"}],"about":[{"href":"https:\/\/tp-electric.vn\/index.php\/wp-json\/wp\/v2\/types\/product"}],"replies":[{"embeddable":true,"href":"https:\/\/tp-electric.vn\/index.php\/wp-json\/wp\/v2\/comments?post=3229"}],"wp:featuredmedia":[{"embeddable":true,"href":"https:\/\/tp-electric.vn\/index.php\/wp-json\/wp\/v2\/media\/3230"}],"wp:attachment":[{"href":"https:\/\/tp-electric.vn\/index.php\/wp-json\/wp\/v2\/media?parent=3229"}],"wp:term":[{"taxonomy":"product_cat","embeddable":true,"href":"https:\/\/tp-electric.vn\/index.php\/wp-json\/wp\/v2\/product_cat?post=3229"},{"taxonomy":"product_tag","embeddable":true,"href":"https:\/\/tp-electric.vn\/index.php\/wp-json\/wp\/v2\/product_tag?post=3229"}],"curies":[{"name":"wp","href":"https:\/\/api.w.org\/{rel}","templated":true}]}}