{"id":3201,"date":"2023-02-14T16:24:09","date_gmt":"2023-02-14T09:24:09","guid":{"rendered":"https:\/\/tp-electric.vn\/?post_type=product&#038;p=3201"},"modified":"2024-12-12T15:10:26","modified_gmt":"2024-12-12T08:10:26","slug":"cosc-kumwell-cap-dong-tran","status":"publish","type":"product","link":"https:\/\/tp-electric.vn\/index.php\/san-pham\/cosc-kumwell-cap-dong-tran\/","title":{"rendered":"COSC-Kumwell-C\u00e1p \u0111\u1ed3ng tr\u1ea7n"},"content":{"rendered":"<h1>Th\u00f4ng S\u1ed1 K\u1ef9 Thu\u1eadt<\/h1>\n<p><strong>Stranded Copper Conductor<\/strong><\/p>\n<table style=\"height: 383px;\" width=\"693\">\n<tbody>\n<tr>\n<td style=\"width: 101.278px;\" rowspan=\"2\">Code No.<\/td>\n<td style=\"width: 149.958px;\" rowspan=\"2\">Cable Size\u00a0\u00a0(mm<sup>2<\/sup>)<\/td>\n<td style=\"width: 211.722px;\" rowspan=\"2\">Number and Diameter of Wire<\/td>\n<td style=\"width: 197.069px;\" rowspan=\"2\">Approx . Weight Per Mtr (kg)<\/td>\n<td style=\"width: 1.63889px;\"><\/td>\n<\/tr>\n<tr>\n<td style=\"width: 1.63889px;\"><\/td>\n<\/tr>\n<tr>\n<td style=\"width: 101.278px;\">COSC 010<\/td>\n<td style=\"width: 149.958px;\">10<\/td>\n<td style=\"width: 211.722px;\">7 \/ 1.35<\/td>\n<td style=\"width: 197.069px;\">0.09<\/td>\n<td style=\"width: 1.63889px;\"><\/td>\n<\/tr>\n<tr>\n<td style=\"width: 101.278px;\">COSC 016<\/td>\n<td style=\"width: 149.958px;\">16<\/td>\n<td style=\"width: 211.722px;\">7 \/ 1.70<\/td>\n<td style=\"width: 197.069px;\">0.14<\/td>\n<td style=\"width: 1.63889px;\"><\/td>\n<\/tr>\n<tr>\n<td style=\"width: 101.278px;\">COSC 025<\/td>\n<td style=\"width: 149.958px;\">25<\/td>\n<td style=\"width: 211.722px;\">7 \/ 2.14<\/td>\n<td style=\"width: 197.069px;\">0.23<\/td>\n<td style=\"width: 1.63889px;\"><\/td>\n<\/tr>\n<tr>\n<td style=\"width: 101.278px;\">COSC 035<\/td>\n<td style=\"width: 149.958px;\">35<\/td>\n<td style=\"width: 211.722px;\">7 \/ 2.52<\/td>\n<td style=\"width: 197.069px;\">0.32<\/td>\n<td style=\"width: 1.63889px;\"><\/td>\n<\/tr>\n<tr>\n<td style=\"width: 101.278px;\">COSC 050<\/td>\n<td style=\"width: 149.958px;\">50<\/td>\n<td style=\"width: 211.722px;\">19 \/ 1.78<\/td>\n<td style=\"width: 197.069px;\">0.43<\/td>\n<td style=\"width: 1.63889px;\"><\/td>\n<\/tr>\n<tr>\n<td style=\"width: 101.278px;\">COSC 070<\/td>\n<td style=\"width: 149.958px;\">70<\/td>\n<td style=\"width: 211.722px;\">19 \/ 2.14<\/td>\n<td style=\"width: 197.069px;\">0.62<\/td>\n<td style=\"width: 1.63889px;\"><\/td>\n<\/tr>\n<tr>\n<td style=\"width: 101.278px;\">COSC 095<\/td>\n<td style=\"width: 149.958px;\">95<\/td>\n<td style=\"width: 211.722px;\">19 \/ 2.52<\/td>\n<td style=\"width: 197.069px;\">0.86<\/td>\n<td style=\"width: 1.63889px;\"><\/td>\n<\/tr>\n<tr>\n<td style=\"width: 101.278px;\">COSC 120<\/td>\n<td style=\"width: 149.958px;\">120<\/td>\n<td style=\"width: 211.722px;\">19 \/ 2.85<\/td>\n<td style=\"width: 197.069px;\">1.10<\/td>\n<td style=\"width: 1.63889px;\"><\/td>\n<\/tr>\n<tr>\n<td style=\"width: 101.278px;\">COSC 150<\/td>\n<td style=\"width: 149.958px;\">150<\/td>\n<td style=\"width: 211.722px;\">37 \/ 2.25<\/td>\n<td style=\"width: 197.069px;\">1.33<\/td>\n<td style=\"width: 1.63889px;\"><\/td>\n<\/tr>\n<tr>\n<td style=\"width: 101.278px;\">COSC 185<\/td>\n<td style=\"width: 149.958px;\">185<\/td>\n<td style=\"width: 211.722px;\">37 \/ 2.52<\/td>\n<td style=\"width: 197.069px;\">1.68<\/td>\n<td style=\"width: 1.63889px;\"><\/td>\n<\/tr>\n<tr>\n<td style=\"width: 101.278px;\">COSC 240<\/td>\n<td style=\"width: 149.958px;\">240<\/td>\n<td style=\"width: 211.722px;\">61 \/ 2.25<\/td>\n<td style=\"width: 197.069px;\">2.20<\/td>\n<td style=\"width: 1.63889px;\"><\/td>\n<\/tr>\n<tr>\n<td style=\"width: 101.278px;\">COSCS 070<\/td>\n<td style=\"width: 149.958px;\">70<\/td>\n<td style=\"width: 211.722px;\">7\/3.55<\/td>\n<td style=\"width: 197.069px;\">0.64<\/td>\n<td style=\"width: 1.63889px;\"><\/td>\n<\/tr>\n<\/tbody>\n<\/table>\n<p>Material : Copper.<\/p>\n<div dir=\"auto\">&#8212;&#8212;&#8212;&#8212;&#8212;&#8212;-<\/div>\n<div dir=\"auto\">CH\u1eccN THU\u1eacN PHONG &#8211; CH\u1eccN S\u1ef0 AN T\u00c2M<\/div>\n<div dir=\"auto\"><span class=\"html-span xexx8yu x4uap5 x18d9i69 xkhd6sd x1hl2dhg x16tdsg8 x1vvkbs x3nfvp2 x1j61x8r x1fcty0u xdj266r xat24cr xgzva0m xhhsvwb xxymvpz xlup9mm x1kky2od\"><img decoding=\"async\" loading=\"lazy\" class=\"xz74otr\" src=\"https:\/\/static.xx.fbcdn.net\/images\/emoji.php\/v9\/t4c\/1\/16\/25aa.png\" alt=\"\u25aa\" width=\"16\" height=\"16\" \/><\/span> Hotline: 0869.564.567<\/div>\n<div dir=\"auto\"><span class=\"html-span xexx8yu x4uap5 x18d9i69 xkhd6sd x1hl2dhg x16tdsg8 x1vvkbs x3nfvp2 x1j61x8r x1fcty0u xdj266r xat24cr xgzva0m xhhsvwb xxymvpz xlup9mm x1kky2od\"><img decoding=\"async\" loading=\"lazy\" class=\"xz74otr\" src=\"https:\/\/static.xx.fbcdn.net\/images\/emoji.php\/v9\/t4c\/1\/16\/25aa.png\" alt=\"\u25aa\" width=\"16\" height=\"16\" \/><\/span> K\u1ef9 thu\u1eadt: Mr D\u0169ng 0899768777<\/div>\n<div dir=\"auto\"><span class=\"html-span xexx8yu x4uap5 x18d9i69 xkhd6sd x1hl2dhg x16tdsg8 x1vvkbs x3nfvp2 x1j61x8r x1fcty0u xdj266r xat24cr xgzva0m xhhsvwb xxymvpz xlup9mm x1kky2od\"><img decoding=\"async\" loading=\"lazy\" class=\"xz74otr\" src=\"https:\/\/static.xx.fbcdn.net\/images\/emoji.php\/v9\/t4c\/1\/16\/25aa.png\" alt=\"\u25aa\" width=\"16\" height=\"16\" \/><\/span> Tr\u1ee5 s\u1edf ch\u00ednh: 30 Nguy\u1ec5n H\u1eefu D\u1eadt, ph\u01b0\u1eddng Nam L\u00fd, th\u00e0nh ph\u1ed1 \u0110\u1ed3ng H\u1edbi, t\u1ec9nh Qu\u1ea3ng B\u00ecnh, Vi\u1ec7t Nam<\/div>\n<div dir=\"auto\"><span class=\"html-span xexx8yu x4uap5 x18d9i69 xkhd6sd x1hl2dhg x16tdsg8 x1vvkbs x3nfvp2 x1j61x8r x1fcty0u xdj266r xat24cr xgzva0m xhhsvwb xxymvpz xlup9mm x1kky2od\"><img decoding=\"async\" loading=\"lazy\" class=\"xz74otr\" src=\"https:\/\/static.xx.fbcdn.net\/images\/emoji.php\/v9\/t4c\/1\/16\/25aa.png\" alt=\"\u25aa\" width=\"16\" height=\"16\" \/><\/span> Tr\u1ee5 s\u1edf H\u00e0 N\u1ed9i: Nh\u00e0 ph\u1ed1 th\u01b0\u01a1ng m\u1ea1i Khai S\u01a1n Town s\u1ed1 18 thu\u1ed9c Town 7, khu \u0111\u00f4 th\u1ecb Khai S\u01a1n City, Ph\u01b0\u1eddng Th\u01b0\u1ee3ng Thanh, Qu\u1eadn Long Bi\u00ean, TP H\u00e0 N\u1ed9i<\/div>\n","protected":false},"excerpt":{"rendered":"<p><span lang=\"VI\"><em>\u1ee8ng d\u1ee5ng\u00a0l\u00e0m d\u00e2y d\u1eabn tho\u00e1t s\u00e9t v\u00e0 d\u00e2y ti\u1ebfp\u00a0\u0111\u1ecba\u00a0<\/em><\/span><\/p>\n<p><span lang=\"VI\">Xu\u1ea5t x\u1ee9: Kumwell \u2013 Th\u00e1i Lan<\/span><\/p>\n","protected":false},"featured_media":3922,"comment_status":"open","ping_status":"closed","template":"","meta":[],"product_cat":[222,237],"product_tag":[349,350,351,347],"jetpack-related-posts":[{"id":3056,"url":"https:\/\/tp-electric.vn\/index.php\/san-pham\/thanh-dong-tron\/","url_meta":{"origin":3201,"position":0},"title":"Thanh \u0111\u1ed3ng tr\u00f2n","author":"","date":"14\/02\/2023","format":false,"excerpt":"M\u00f4 t\u1ea3 : Ti\u00eau chu\u1ea9n: IEC 62561 \u2013 2, BS EN 13601 V\u1eadt li\u1ec7u: \u0110\u1ed3ng Xu\u1ea5t x\u1ee9: Kumwell - Th\u00e1i Lan \u1ee8ng d\u1ee5ng: l\u00e0m d\u00e2y d\u1eabn tho\u00e1t s\u00e9t v\u00e0 d\u00e2y d\u1eabn ti\u1ebfp \u0111\u1ecba.","rel":"","context":"Similar post","block_context":{"text":"Similar post","link":""},"img":{"alt_text":"","src":"","width":0,"height":0},"classes":[]},{"id":3061,"url":"https:\/\/tp-electric.vn\/index.php\/san-pham\/thanh-dong-tron-ma-thiec\/","url_meta":{"origin":3201,"position":1},"title":"Thanh \u0111\u1ed3ng tr\u00f2n m\u1ea1 thi\u1ebfc","author":"","date":"14\/02\/2023","format":false,"excerpt":"M\u00f4 t\u1ea3 : Ti\u00eau chu\u1ea9n: IEC 62561 \u2013 2, BS EN 13601 V\u1eadt li\u1ec7u: \u0110\u1ed3ng m\u1ea1 thi\u1ebfc Xu\u1ea5t x\u1ee9: Kumwell - Th\u00e1i Lan \u1ee8ng d\u1ee5ng: l\u00e0m d\u00e2y d\u1eabn tho\u00e1t s\u00e9t v\u00e0 d\u00e2y d\u1eabn ti\u1ebfp \u0111\u1ecba \u1edf nh\u1eefng khu v\u1ef1c c\u00f3 s\u1ef1 \u0103n m\u00f2n cao","rel":"","context":"Similar post","block_context":{"text":"Similar post","link":""},"img":{"alt_text":"","src":"","width":0,"height":0},"classes":[]},{"id":3065,"url":"https:\/\/tp-electric.vn\/index.php\/san-pham\/kep-cap-nga-4-lcac-kumwell\/","url_meta":{"origin":3201,"position":2},"title":"K\u1eb9p c\u00e1p ng\u00e3 4 LCAC \u2013 Kumwell","author":"","date":"14\/02\/2023","format":false,"excerpt":"M\u00e3 s\u1ea3n ph\u1ea9m:LCAC K\u1eb9p ng\u00e3 4 c\u00e1p ho\u1eb7c thanh \u0111\u1ed3ng tr\u00f2n tho\u00e1t s\u00e9t Ti\u00eau chu\u1ea9n: H\u1ee3p kim \u0111\u1ed3ng \u2013 BS EN 1982 H\u1ee3p kim nh\u00f4m \u2013 BS EN 2898Xu\u1ea5t x\u1ee9: Kumwell \u2013 Th\u00e1i Lan","rel":"","context":"Similar post","block_context":{"text":"Similar post","link":""},"img":{"alt_text":"","src":"","width":0,"height":0},"classes":[]},{"id":3078,"url":"https:\/\/tp-electric.vn\/index.php\/san-pham\/kep-dinh-vi-thanh-dong-lptc-kumwell\/","url_meta":{"origin":3201,"position":3},"title":"K\u1eb9p \u0111\u1ecbnh v\u1ecb thanh \u0111\u1ed3ng LPTC -Kumwell","author":"","date":"14\/02\/2023","format":false,"excerpt":"M\u00e3 s\u1ea3n ph\u1ea9m:LPTC K\u1eb9p \u0111\u1ecbnh v\u1ecb thanh \u0111\u1ed3ng tho\u00e1t s\u00e9t Ti\u00eau chu\u1ea9n: BS EN 13601 Xu\u1ea5t x\u1ee9: Kumwell \u2013 Th\u00e1i L","rel":"","context":"Similar post","block_context":{"text":"Similar post","link":""},"img":{"alt_text":"","src":"","width":0,"height":0},"classes":[]},{"id":3205,"url":"https:\/\/tp-electric.vn\/index.php\/san-pham\/phu-kien\/","url_meta":{"origin":3201,"position":4},"title":"Ph\u1ee5 ki\u1ec7n d\u00e2y d\u1eabn ti\u1ebfp \u0111\u1ecba","author":"","date":"14\/02\/2023","format":false,"excerpt":"Nh\u00e0 cung c\u1ea5p d\u1ef1 \u00e1n\u00a0\u00a0Kumwell-Vietnam Ti\u00eau chu\u1ea9n: BS EN 1982 Xu\u1ea5t x\u1ee9: Kumwell \u2013 Th\u00e1i Lan","rel":"","context":"Similar post","block_context":{"text":"Similar post","link":""},"img":{"alt_text":"","src":"https:\/\/i0.wp.com\/tp-electric.vn\/wp-content\/uploads\/2023\/02\/2-12.png?fit=850%2C850&ssl=1&resize=350%2C200","width":350,"height":200,"srcset":"https:\/\/i0.wp.com\/tp-electric.vn\/wp-content\/uploads\/2023\/02\/2-12.png?fit=850%2C850&ssl=1&resize=350%2C200 1x, https:\/\/i0.wp.com\/tp-electric.vn\/wp-content\/uploads\/2023\/02\/2-12.png?fit=850%2C850&ssl=1&resize=700%2C400 2x"},"classes":[]},{"id":3079,"url":"https:\/\/tp-electric.vn\/index.php\/san-pham\/kep-do-cap-thoat-set-lcas-kumwell\/","url_meta":{"origin":3201,"position":5},"title":"K\u1eb9p \u0111\u1ee1 c\u00e1p tho\u00e1t s\u00e9t LCAS-Kumwell","author":"","date":"14\/02\/2023","format":false,"excerpt":"M\u00e3 s\u1ea3n ph\u1ea9m:LCAS K\u1eb9p \u0111\u1ee1, \u0111\u1ecbnh v\u1ecb c\u00e1p tho\u00e1t s\u00e9t Ti\u00eau chu\u1ea9n: H\u1ee3p kim \u0111\u1ed3ng \u2013 BS EN 1982 H\u1ee3p kim nh\u00f4m \u2013 BS EN 2898 Xu\u1ea5t x\u1ee9: Kumwell \u2013 Th\u00e1i L","rel":"","context":"Similar post","block_context":{"text":"Similar post","link":""},"img":{"alt_text":"","src":"","width":0,"height":0},"classes":[]}],"_links":{"self":[{"href":"https:\/\/tp-electric.vn\/index.php\/wp-json\/wp\/v2\/product\/3201"}],"collection":[{"href":"https:\/\/tp-electric.vn\/index.php\/wp-json\/wp\/v2\/product"}],"about":[{"href":"https:\/\/tp-electric.vn\/index.php\/wp-json\/wp\/v2\/types\/product"}],"replies":[{"embeddable":true,"href":"https:\/\/tp-electric.vn\/index.php\/wp-json\/wp\/v2\/comments?post=3201"}],"wp:featuredmedia":[{"embeddable":true,"href":"https:\/\/tp-electric.vn\/index.php\/wp-json\/wp\/v2\/media\/3922"}],"wp:attachment":[{"href":"https:\/\/tp-electric.vn\/index.php\/wp-json\/wp\/v2\/media?parent=3201"}],"wp:term":[{"taxonomy":"product_cat","embeddable":true,"href":"https:\/\/tp-electric.vn\/index.php\/wp-json\/wp\/v2\/product_cat?post=3201"},{"taxonomy":"product_tag","embeddable":true,"href":"https:\/\/tp-electric.vn\/index.php\/wp-json\/wp\/v2\/product_tag?post=3201"}],"curies":[{"name":"wp","href":"https:\/\/api.w.org\/{rel}","templated":true}]}}