{"id":3177,"date":"2023-02-14T16:03:32","date_gmt":"2023-02-14T09:03:32","guid":{"rendered":"https:\/\/tp-electric.vn\/?post_type=product&#038;p=3177"},"modified":"2024-12-12T15:10:22","modified_gmt":"2024-12-12T08:10:22","slug":"khop-noi-coc-co-ren","status":"publish","type":"product","link":"https:\/\/tp-electric.vn\/index.php\/san-pham\/khop-noi-coc-co-ren\/","title":{"rendered":"Kh\u1edbp n\u1ed1i c\u1ecdc c\u00f3 ren"},"content":{"rendered":"<table style=\"height: 233px;\" border=\"1\" width=\"980\" cellspacing=\"0\" cellpadding=\"0\">\n<tbody>\n<tr>\n<td style=\"width: 333.917px;\">\n<p align=\"center\">Code.No<\/p>\n<\/td>\n<td style=\"width: 193.528px;\">\n<p align=\"center\">Rod \u00d8<\/p>\n<p align=\"center\">(in)<\/p>\n<\/td>\n<td style=\"width: 236.861px;\">\n<p align=\"center\">Lengths<\/p>\n<p align=\"center\">(mm)<\/p>\n<\/td>\n<td style=\"width: 206.806px;\">\n<p align=\"center\">Weight<\/p>\n<p align=\"center\">(kg)<\/p>\n<\/td>\n<\/tr>\n<tr>\n<td style=\"width: 333.917px;\">GRBCO 12<\/td>\n<td style=\"width: 193.528px;\">\n<p align=\"center\">1\/2<\/p>\n<\/td>\n<td style=\"width: 236.861px;\">\n<p align=\"center\">64<\/p>\n<\/td>\n<td style=\"width: 206.806px;\">\n<p align=\"center\">0.07<\/p>\n<\/td>\n<\/tr>\n<tr>\n<td style=\"width: 333.917px;\">GRBCO 58<\/td>\n<td style=\"width: 193.528px;\">\n<p align=\"center\">5\/8<\/p>\n<\/td>\n<td style=\"width: 236.861px;\">\n<p align=\"center\">64<\/p>\n<\/td>\n<td style=\"width: 206.806px;\">\n<p align=\"center\">0.09<\/p>\n<\/td>\n<\/tr>\n<tr>\n<td style=\"width: 333.917px;\">GRBCO 34<\/td>\n<td style=\"width: 193.528px;\">\n<p align=\"center\">3\/4<\/p>\n<\/td>\n<td style=\"width: 236.861px;\">\n<p align=\"center\">70<\/p>\n<\/td>\n<td style=\"width: 206.806px;\">\n<p align=\"center\">0.14<\/p>\n<\/td>\n<\/tr>\n<tr>\n<td style=\"width: 333.917px;\">GRBCO 1<\/td>\n<td style=\"width: 193.528px;\">\n<p align=\"center\">1<\/p>\n<\/td>\n<td style=\"width: 236.861px;\">\n<p align=\"center\">90<\/p>\n<\/td>\n<td style=\"width: 206.806px;\">\n<p align=\"center\">0.25<\/p>\n<\/td>\n<\/tr>\n<\/tbody>\n<\/table>\n","protected":false},"excerpt":{"rendered":"<p><strong>M\u00f4 t\u1ea3 :<\/strong><\/p>\n<p>Ti\u00eau chu\u1ea9n: IEC 62561-2<br \/>\nV\u1eadt li\u1ec7u: H\u1ee3p kim \u0111\u1ed3ng<br \/>\nXu\u1ea5t x\u1ee9: Kumwell &#8211; Th\u00e1i Lan<br \/>\n\u1ee8ng d\u1ee5ng : d\u00f9ng \u0111\u1ec3 n\u1ed1i c\u00e1c c\u1ecdc ti\u1ebfp \u0111\u1ecba c\u00f3 ren v\u1edbi nhau.<\/p>\n","protected":false},"featured_media":3178,"comment_status":"open","ping_status":"closed","template":"","meta":[],"product_cat":[229],"product_tag":[],"jetpack-related-posts":[{"id":3182,"url":"https:\/\/tp-electric.vn\/index.php\/san-pham\/dau-dong-coc-tiep-dia\/","url_meta":{"origin":3177,"position":0},"title":"\u0110\u1ea7u \u0111\u00f3ng c\u1ecdc ti\u1ebfp \u0111\u1ecba","author":"","date":"14\/02\/2023","format":false,"excerpt":"M\u00f4 t\u1ea3 : Ti\u00eau chu\u1ea9n: IEC 62561-2 V\u1eadt li\u1ec7u: Th\u00e9p c\u01b0\u1eddng \u0111\u1ed9 cao Xu\u1ea5t x\u1ee9: Kumwell - Th\u00e1i Lan \u1ee8ng d\u1ee5ng : B\u1ea3o v\u1ec7 \u0111\u1ea7u c\u1ecdc ti\u1ebfp \u0111\u1ecba khi \u0111\u00f3ng.","rel":"","context":"Similar post","block_context":{"text":"Similar post","link":""},"img":{"alt_text":"","src":"","width":0,"height":0},"classes":[]},{"id":3188,"url":"https:\/\/tp-electric.vn\/index.php\/san-pham\/bua-dong-coc-tiep-dia\/","url_meta":{"origin":3177,"position":1},"title":"B\u00faa \u0111\u00f3ng c\u1ecdc ti\u1ebfp \u0111\u1ecba","author":"","date":"14\/02\/2023","format":false,"excerpt":"M\u00f4 t\u1ea3 : V\u1eadt li\u1ec7u: Th\u00e9p c\u01b0\u1eddng \u0111\u1ed9 cao Xu\u1ea5t x\u1ee9: Kumwell - Th\u00e1i Lan \u1ee8ng d\u1ee5ng : D\u1ee5ng c\u1ee5 \u0111\u1ec3 \u0111\u00f3ng c\u1ecdc ti\u1ebfp \u0111\u1ecba xu\u1ed1ng \u0111\u1ea5t d\u1ec5 d\u00e0ng.","rel":"","context":"Similar post","block_context":{"text":"Similar post","link":""},"img":{"alt_text":"","src":"","width":0,"height":0},"classes":[]},{"id":3184,"url":"https:\/\/tp-electric.vn\/index.php\/san-pham\/dau-dong-coc-tiep-dia-2\/","url_meta":{"origin":3177,"position":2},"title":"\u0110\u1ea7u \u0111\u00f3ng c\u1ecdc ti\u1ebfp \u0111\u1ecba","author":"","date":"14\/02\/2023","format":false,"excerpt":"M\u00f4 t\u1ea3 : V\u1eadt li\u1ec7u: Th\u00e9p c\u01b0\u1eddng \u0111\u1ed9 cao Xu\u1ea5t x\u1ee9: Kumwell - Th\u00e1i Lan \u1ee8ng d\u1ee5ng : G\u1eafn v\u00e0o ph\u1ea7n d\u01b0\u1edbi c\u1ecdc ti\u1ebfp \u0111\u1ecba \u0111\u1ec3 t\u1ea1o \u0111\u1ed9 nh\u1ecdn cho vi\u1ec7c \u0111\u00f3ng c\u1ecdc d\u1ec5 h\u01a1n","rel":"","context":"Similar post","block_context":{"text":"Similar post","link":""},"img":{"alt_text":"","src":"","width":0,"height":0},"classes":[]},{"id":3183,"url":"https:\/\/tp-electric.vn\/index.php\/san-pham\/dau-dong-coc-tiep-dia-loai-tron\/","url_meta":{"origin":3177,"position":3},"title":"\u0110\u1ea7u \u0111\u00f3ng c\u1ecdc ti\u1ebfp \u0111\u1ecba lo\u1ea1i tr\u01a1n","author":"","date":"14\/02\/2023","format":false,"excerpt":"M\u00f4 t\u1ea3 : Ti\u00eau chu\u1ea9n: IEC 62561-2 V\u1eadt li\u1ec7u: Th\u00e9p c\u01b0\u1eddng \u0111\u1ed9 cao Xu\u1ea5t x\u1ee9: Kumwell - Th\u00e1i Lan \u1ee8ng d\u1ee5ng : B\u1ea3o v\u1ec7 \u0111\u1ea7u c\u1ecdc ti\u1ebfp \u0111\u1ecba khi \u0111\u00f3ng.","rel":"","context":"Similar post","block_context":{"text":"Similar post","link":""},"img":{"alt_text":"","src":"","width":0,"height":0},"classes":[]},{"id":3186,"url":"https:\/\/tp-electric.vn\/index.php\/san-pham\/3186\/","url_meta":{"origin":3177,"position":4},"title":"QUY C\u00c1CH: Code.No. For Rod\u2026","author":"","date":"14\/02\/2023","format":false,"excerpt":"M\u00f4 t\u1ea3 : Ti\u00eau chu\u1ea9n: IEC 62561-2 V\u1eadt li\u1ec7u: \u0110\u1ed3ng\/Th\u00e9p kh\u00f4ng g\u1ec9 Xu\u1ea5t x\u1ee9: Kumwell - Th\u00e1i Lan \u1ee8ng d\u1ee5ng : B\u1ea3o v\u1ec7 \u0111\u1ea7u c\u1ee7a c\u1ecdc ti\u1ebfp \u0111\u1ecba","rel":"","context":"Similar post","block_context":{"text":"Similar post","link":""},"img":{"alt_text":"","src":"","width":0,"height":0},"classes":[]},{"id":3504,"url":"https:\/\/tp-electric.vn\/index.php\/san-pham\/hop-noi-day-dien\/","url_meta":{"origin":3177,"position":5},"title":"H\u1ed8P N\u1ed0I D\u00c2Y \u0110I\u1ec6N","author":"","date":"14\/04\/2023","format":false,"excerpt":"\u00a0\u01afU \u0110I\u1ec2M: V\u1eadt li\u1ec7u PVC, ABS cao c\u1ea5p ch\u1ed1ng ch\u00e1y, ch\u1ed1ng \u1ed1 v\u00e0ng H\u1ed9p n\u1ed1i \u0111i\u1ec7n \u0111a d\u1ea1ng k\u00edch th\u01b0\u1edbc, ti\u00eau chu\u1ea9n C\u00f3 nhi\u1ec1u h\u00e3ng Sino, Boxco, OBO... ch\u00ednh h\u00e3ng H\u1ed9p n\u1ed1i d\u00e2y \u0111i\u1ec7n \u0111\u00e1p \u1ee9ng c\u00e1c ti\u00eau chu\u1ea9n VN, Ch\u00e2u \u00e2u Ch\u00ednh s\u00e1ch gi\u00e1 t\u1ed1t cho c\u00f4ng tr\u00ecnh, nh\u00e0\u2026","rel":"","context":"Similar post","block_context":{"text":"Similar post","link":""},"img":{"alt_text":"","src":"https:\/\/i0.wp.com\/tp-electric.vn\/wp-content\/uploads\/2023\/04\/hopnoi.png?fit=300%2C300&ssl=1&resize=350%2C200","width":350,"height":200},"classes":[]}],"_links":{"self":[{"href":"https:\/\/tp-electric.vn\/index.php\/wp-json\/wp\/v2\/product\/3177"}],"collection":[{"href":"https:\/\/tp-electric.vn\/index.php\/wp-json\/wp\/v2\/product"}],"about":[{"href":"https:\/\/tp-electric.vn\/index.php\/wp-json\/wp\/v2\/types\/product"}],"replies":[{"embeddable":true,"href":"https:\/\/tp-electric.vn\/index.php\/wp-json\/wp\/v2\/comments?post=3177"}],"wp:featuredmedia":[{"embeddable":true,"href":"https:\/\/tp-electric.vn\/index.php\/wp-json\/wp\/v2\/media\/3178"}],"wp:attachment":[{"href":"https:\/\/tp-electric.vn\/index.php\/wp-json\/wp\/v2\/media?parent=3177"}],"wp:term":[{"taxonomy":"product_cat","embeddable":true,"href":"https:\/\/tp-electric.vn\/index.php\/wp-json\/wp\/v2\/product_cat?post=3177"},{"taxonomy":"product_tag","embeddable":true,"href":"https:\/\/tp-electric.vn\/index.php\/wp-json\/wp\/v2\/product_tag?post=3177"}],"curies":[{"name":"wp","href":"https:\/\/api.w.org\/{rel}","templated":true}]}}