{"id":3099,"date":"2023-02-14T14:28:35","date_gmt":"2023-02-14T07:28:35","guid":{"rendered":"https:\/\/tp-electric.vn\/?post_type=product&#038;p=3099"},"modified":"2024-12-12T15:10:21","modified_gmt":"2024-12-12T08:10:21","slug":"keo-silicon-chong-chay-hilti-cp-606","status":"publish","type":"product","link":"https:\/\/tp-electric.vn\/index.php\/san-pham\/keo-silicon-chong-chay-hilti-cp-606\/","title":{"rendered":"KEO SILICON CH\u1ed0NG CH\u00c1Y HILTI CP 606"},"content":{"rendered":"<ul class=\"attribute-single number-two\">\n<li><span style=\"font-size: 95%;\"><span class=\"left\">Th\u01b0\u01a1ng hi\u1ec7u:<\/span><span class=\"right\">Hilti<\/span><\/span><\/li>\n<li><span style=\"font-size: 95%;\"><span class=\"left\">Xu\u1ea5t x\u1ee9:<\/span><span class=\"right\">\u0110\u1ee9c<\/span><\/span><\/li>\n<li><span style=\"font-size: 95%;\"><span class=\"left\">\u0110\u00f3ng g\u00f3i:<\/span><span class=\"right\">D\u1ea1ng tu\u00fdp<\/span><\/span><\/li>\n<li><span style=\"font-size: 95%;\"><span class=\"left\">Th\u1ec3 t\u00edch:<\/span><span class=\"right\">310ml<\/span><\/span><\/li>\n<li><span style=\"font-size: 95%;\"><span class=\"left\">M\u00e0u s\u1eafc:<\/span><span class=\"right\">Tr\u1eafng, x\u00e1m ho\u1eb7c \u0111\u1ecf<\/span><\/span><\/li>\n<li><span style=\"font-size: 95%;\"><span class=\"left\">Th\u00e0nh ph\u1ea7n:<\/span><span class=\"right\">Acrylic g\u1ed1c n\u01b0\u1edbc<\/span><\/span><\/li>\n<li><span style=\"font-size: 95%;\"><span class=\"left\">Th\u1eddi gian kh\u00f4 x\u1ea5p x\u1ec9:<\/span><span class=\"right\">3 ng\u00e0y<\/span><\/span><\/li>\n<li><span style=\"font-size: 95%;\"><span class=\"left\">Nhi\u1ec7t \u0111\u1ed9 thi c\u00f4ng:<\/span><span class=\"right\">5-40 \u0111\u1ed9 C<\/span><\/span><\/li>\n<li><span style=\"font-size: 95%;\"><span class=\"left\">Co gi\u00e3n:<\/span><span class=\"right\">\u0111a 12.5%<\/span><\/span><\/li>\n<li><span style=\"font-size: 95%;\"><span class=\"left\">Ti\u00eau chu\u1ea9n:<\/span><span class=\"right\">UL 2079, ATSM E814, ATSM E1966, UL 1479, CAN\/UL-S115<\/span><\/span><\/li>\n<li>\n<h2><span style=\"font-size: 95%;\">Product Description<\/span><\/h2>\n<div><span style=\"font-size: 95%;\">Hilti CP606 l\u00e0 keo silicone ch\u1ed1ng ch\u00e1y lan s\u1eed d\u1ee5ng c\u1ef1c k\u1ef3 hi\u1ec7u qu\u1ea3 \u0111\u1ed1i v\u1edbi khe co gi\u00e3n t\u1ed1i \u0111a 12.5%.<\/span><\/div>\n<div><span style=\"font-size: 95%;\">S\u1ea3n ph\u1ea9m \u0111\u01b0\u1ee3c ki\u1ec3m nghi\u1ec7m theo ti\u00eau chu\u1ea9n BS746-PT20 v\u00e0 UL.<\/span><\/div>\n<div><span style=\"font-size: 95%;\">Silicon ch\u1ed1ng ch\u00e1y (keo ch\u1ed1ng ch\u00e1y) \u00e1p d\u1ee5ng linh ho\u1ea1t cho c\u00e1c lo\u1ea1i khe co gi\u00e3n c\u00f3 k\u00edch th\u01b0\u1edbc nh\u1ecf.<\/span><\/div>\n<div><span style=\"font-size: 95%;\">Gi\u00e3n n\u1edf nh\u1ecf khi g\u1eb7p nhi\u1ec7t c\u00f3 kh\u1ea3 n\u0103ng ng\u0103n kh\u00f3i v\u00e0 l\u1eeda.<\/span><\/div>\n<div>\n<p><span style=\"font-size: 95%;\"><strong>\u1ee8ng d\u1ee5ng keo silicon ch\u1ed1ng ch\u00e1y Hilti CP606<\/strong><\/span><\/p>\n<p><span style=\"font-size: 95%;\">Keo silicone ch\u1ed1ng ch\u00e1y CP 606\u00a0\u0111\u01b0\u1ee3c \u1ee9ng d\u1ee5ng r\u1ed9ng r\u00e3i trong c\u00e1c c\u00f4ng tr\u00ecnh x\u00e2y d\u1ef1ng c\u00f4ng nghi\u1ec7p v\u00e0 d\u00e2n d\u1ee5ng tr\u00ean to\u00e0n c\u1ea7u v\u1edbi c\u00e1c \u1ee9ng d\u1ee5ng c\u01a1 b\u1ea3n nh\u01b0:<\/span><\/p>\n<p><span style=\"font-size: 95%;\">\u2013 Tr\u00e1m k\u00edn c\u00e1c khe tr\u1ea7n, khe t\u01b0\u1eddng. C\u1ed1 \u0111\u1ecbnh ho\u1ea1c c\u00f3 giao \u0111\u1ed9ng th\u1ea5p v\u00e0 c\u00f3 \u0111\u1ed9 r\u1ed9ng khe t\u1eeb 6mm \u2013 30mm<\/span><\/p>\n<p><span style=\"font-size: 95%;\">\u2013 Tr\u00e1m k\u00edn c\u00e1c v\u1ecb tr\u00ed \u0111i xuy\u00ean c\u1ee7a m\u00e1ng c\u00e1p<\/span><\/p>\n<p><span style=\"font-size: 95%;\">\u2013 Tr\u00e1m k\u00edn c\u00e1c v\u1ecb tr\u00ed \u0111i xuy\u00ean c\u1ee7a \u1ed1ng th\u00e9p<\/span><\/p>\n<p><span style=\"font-size: 95%;\">\u2013 Tr\u00e1m khe tr\u1ea7n\/ s\u00e0n\/ t\u01b0\u1eddng th\u1ea1ch cao;<\/span><\/p>\n<\/div>\n<div>\n<h3><span style=\"font-size: 95%;\"><strong>\u01afU \u0110I\u1ec2M<\/strong><\/span><\/h3>\n<p><span style=\"font-size: 95%;\">Hilti CP606 c\u00f3 nh\u1eefng \u01b0u \u0111i\u1ec3m:<\/span><\/p>\n<p><span style=\"font-size: 95%;\">Keo Silicone ch\u00f4\u0301ng cha\u0301y CP 606\u00a0d\u00f9ng cho c\u00e1c v\u1eadt li\u1ec7u n\u1ec1n kh\u00e1c nhau nh\u01b0: T\u01b0\u1eddng g\u1ea1ch, b\u00ea t\u00f4ng, th\u1ea1ch cao v\u00e0 kim lo\u1ea1i\u2026. V\u1edbi c\u00e1c t\u00ednh ch\u00e2\u0301t \u00a0v\u00e0 \u01b0u \u0111i\u1ec3m n\u1ed5i b\u1eadt c\u1ee7a\u00a0<strong>Keo<\/strong><strong>Silicone ch\u00f4\u0301ng cha\u0301y CP 606<\/strong><\/span><\/p>\n<ul>\n<li><span style=\"font-size: 95%;\">C\u00f3 th\u1ec3 s\u01a1n ph\u1ee7 khi kh\u00f4;<\/span><\/li>\n<li><span style=\"font-size: 95%;\">Kh\u00f4ng ch\u1ee9a halogen, ch\u1ea5t t\u1ea9y \u0111\u00f4\u0323c ha\u0323i;<\/span><\/li>\n<li><span style=\"font-size: 95%;\">Ch\u1ecbu nhi\u1ec7t \u0111\u1ed9 cao;<\/span><\/li>\n<li><span style=\"font-size: 95%;\">Ng\u0103n ch\u00e1y v\u00e0 c\u00e1ch \u00e2m ho\u00e0n to\u00e0n<\/span><\/li>\n<li><span style=\"font-size: 95%;\">S\u1eed d\u1ee5ng s\u00fang silicone b\u00ecnh th\u01b0\u1eddng \u0111\u1ec3 thi c\u00f4ng<\/span><\/li>\n<li><span style=\"font-size: 95%;\">D\u1ec5 b\u1ea3o qu\u1ea3n<\/span><\/li>\n<\/ul>\n<h4><span style=\"font-size: 95%;\"><strong>Thi c\u00f4ng tr\u00e1m c\u00e1c khe h\u1edf<\/strong><\/span><\/h4>\n<p><span style=\"font-size: 95%;\">\u2013 B\u01b0\u1edbc 1: V\u1ec7 sinh s\u1ea1ch c\u00e1c khe h\u1edf, l\u1ed7 m\u1edf<\/span><\/p>\n<p><span style=\"font-size: 95%;\">\u2013 B\u01b0\u1edbc 2: Tr\u00e8n v\u1eadt li\u1ec7u \u0111\u1ec7m, v\u1eadt li\u1ec7u n\u1ec1n PU \u2013 Hilti Foam<\/span><\/p>\n<p><span style=\"font-size: 95%;\">\u2013 B\u01b0\u1edbc 3: B\u01a1m\u00a0Keo Silicone ch\u00f4\u0301ng cha\u0301y CP 606<\/span><\/p>\n<p><span style=\"font-size: 95%;\">\u2013 B\u01b0\u1edbc 4: D\u00f9ng c\u00e1c d\u1ee5ng c\u1ee5 chuy\u00ean d\u1ee5ng l\u00e0m ph\u1eb3ng khe<\/span><\/p>\n<p><span style=\"font-size: 95%;\"><img decoding=\"async\" class=\"aligncenter\" src=\"https:\/\/i0.wp.com\/hiltihanoi.vn\/Data\/upload\/images\/thi-cong-cho-khe-ho-bang-keo-hilti-cp-606.jpg?w=1020&#038;ssl=1\" data-recalc-dims=\"1\" \/><\/span><\/p>\n<p><span style=\"font-size: 95%;\"><img decoding=\"async\" class=\"aligncenter\" src=\"https:\/\/i0.wp.com\/bulongcomat.com.vn\/wp-content\/uploads\/2022\/05\/keo-hilti-cp-606.jpg?w=1020&#038;ssl=1\" alt=\"keo hilti cp 606\" data-recalc-dims=\"1\" \/><\/span><\/p>\n<p><iframe loading=\"lazy\" title=\"HOW TO install Hilti CP 670 coated boards - BS\" src=\"https:\/\/www.youtube.com\/embed\/JT55IzPHJt8?feature=oembed\" width=\"500\" height=\"281\" frameborder=\"0\" allowfullscreen=\"allowfullscreen\"><\/iframe><\/p>\n<p><span style=\"font-size: 95%;\"><strong>Thi c\u00f4ng tr\u00e1m c\u00e1c c\u1ed5 \u1ed1ng<\/strong><\/span><\/p>\n<p><span style=\"font-size: 95%;\">\u2013 B\u01b0\u1edbc 1: V\u1ec7 sinh s\u1ea1ch xung quanh l\u1ed7 \u1ed1ng<\/span><\/p>\n<p><span style=\"font-size: 95%;\">\u2013 B\u01b0\u1edbc 2: Tr\u00e8n v\u1eadt li\u1ec7u \u0111\u1ec7m, v\u1eadt li\u1ec7u n\u1ec1n PU \u2013 Hilti Foam<\/span><\/p>\n<p><span style=\"font-size: 95%;\">\u2013 B\u01b0\u1edbc 3: B\u01a1m\u00a0<strong>Keo Silicone ch\u00f4\u0301ng cha\u0301y CP 606<\/strong><\/span><\/p>\n<p><span style=\"font-size: 95%;\">\u2013 B\u01b0\u1edbc 4: D\u00f9ng c\u00e1c d\u1ee5ng c\u1ee5 chuy\u00ean d\u1ee5ng l\u00e0m ph\u1eb3ng khe<\/span><\/p>\n<p><span style=\"font-size: 95%;\"><img decoding=\"async\" class=\"aligncenter\" src=\"https:\/\/i0.wp.com\/hiltihanoi.vn\/Data\/upload\/images\/Thi-cong-keo-cp606-co-ong.JPG?w=1020&#038;ssl=1\" alt=\"\" data-recalc-dims=\"1\" \/><\/span><\/p>\n<h3><span style=\"font-size: 95%;\"><strong>CH\u1ee8NG CH\u1ec8 S\u1ea2N PH\u1ea8M KEO NG\u0102N CH\u00c1Y LAN HILTI CP 606<\/strong><\/span><\/h3>\n<p><span style=\"font-size: 95%;\">\u0110\u01b0\u1ee3c ki\u1ec3m nghi\u1ec7m v\u1edbi 500 chu k\u1ef3 dao \u0111\u1ed9ng 33% ph\u00f9 h\u1ee3p v\u1edbi:<\/span><\/p>\n<ul>\n<li><span style=\"font-size: 95%;\">UL 2079,\u00a0ATSM E814 &amp; ASTM E1966<\/span><\/li>\n<li><span style=\"font-size: 95%;\">UL 1479, CAN\/UL-S115<\/span><\/li>\n<\/ul>\n<p><span style=\"font-size: 95%;\">\u2013 \u0110\u00e1p \u1ee9ng y\u00eau c\u1ea7u c\u1ee7a LEED<sup>TM<\/sup>\u00a0v\u1ec1 \u0111\u1ed9 t\u00edn nhi\u1ec7m ch\u1ea5t l\u01b0\u1ee3ng cho m\u00f4i tr\u01b0\u1eddng s\u1eed d\u1ee5ng trong nh\u00e0 4.1 c\u00e1c v\u1eadt li\u1ec7u, ch\u1ea5t l\u00e0m k\u00edn, keo b\u1ed1c h\u01a1i th\u1ea5p, 4.2 s\u01a1n v\u00e0 ch\u1ea5t ph\u1ee7 m\u1ea1<\/span><\/p>\n<\/div>\n<\/li>\n<\/ul>\n","protected":false},"excerpt":{"rendered":"<p>Th\u01b0\u01a1ng hi\u1ec7u:Hilti Xu\u1ea5t x\u1ee9:\u0110\u1ee9c \u0110\u00f3ng g\u00f3i:D\u1ea1ng tu\u00fdp Th\u1ec3 t\u00edch:310ml M\u00e0u s\u1eafc:Tr\u1eafng, x\u00e1m ho\u1eb7c \u0111\u1ecf Th\u00e0nh ph\u1ea7n:Acrylic g\u1ed1c n\u01b0\u1edbc Th\u1eddi gian kh\u00f4 x\u1ea5p x\u1ec9:3 ng\u00e0y Nhi\u1ec7t \u0111\u1ed9 thi c\u00f4ng:5-40 \u0111\u1ed9 C Co gi\u00e3n:\u0111a 12.5% Ti\u00eau chu\u1ea9n:UL 2079, ATSM E814, ATSM E1966, UL 1479, CAN\/UL-S115 Product Description Hilti CP606 l\u00e0 keo silicone ch\u1ed1ng ch\u00e1y lan s\u1eed d\u1ee5ng&#8230;<\/p>\n","protected":false},"featured_media":3100,"comment_status":"open","ping_status":"closed","template":"","meta":[],"product_cat":[226],"product_tag":[],"jetpack-related-posts":[{"id":3104,"url":"https:\/\/tp-electric.vn\/index.php\/san-pham\/vua-ngan-chay-lan-hilti-cp-636\/","url_meta":{"origin":3099,"position":0},"title":"V\u1eeeA NG\u0102N CH\u00c1Y LAN HILTI CP 636","author":"","date":"14\/02\/2023","format":false,"excerpt":"Th\u01b0\u01a1ng hi\u1ec7u:Hilti Xu\u1ea5t x\u1ee9:\u0110\u1ee9c Tr\u1ecdng l\u01b0\u1ee3ng:20 Kg\/ 1 bao T\u1ef7 l\u1ec7 pha tr\u1ed9n:2.5 \/ 1 (V\u1eefa\/n\u01b0\u1edbc \u2013 theo kh\u1ed1i l\u01b0\u1ee3ng) C\u01b0\u1eddng \u0111\u1ed9 n\u00e9n 28 ng\u00e0y:2.9 N\/mm2 nhi\u1ec7t \u0111\u1ed9 thi c\u00f4ng:5 \u2013 8\u2103 C\u00f3 th\u1ec3 t\u00e1i s\u1eed d\u1ee5ng (v\u00e0 g\u1ee1 b\u1ecf):Kh\u00f4ng th\u1ec3 Th\u1eddi gian \u0111\u00f4ng k\u1ebft (x\u1ea5p x\u1ec9):10h Hi\u1ec7u su\u1ea5t ng\u0103n\u2026","rel":"","context":"Similar post","block_context":{"text":"Similar post","link":""},"img":{"alt_text":"","src":"https:\/\/i0.wp.com\/tp-electric.vn\/wp-content\/uploads\/2023\/02\/Thi-cong-vua-chong-chay-Hilti-CP-636-600x270-1.jpg?resize=350%2C200&ssl=1","width":350,"height":200},"classes":[]}],"_links":{"self":[{"href":"https:\/\/tp-electric.vn\/index.php\/wp-json\/wp\/v2\/product\/3099"}],"collection":[{"href":"https:\/\/tp-electric.vn\/index.php\/wp-json\/wp\/v2\/product"}],"about":[{"href":"https:\/\/tp-electric.vn\/index.php\/wp-json\/wp\/v2\/types\/product"}],"replies":[{"embeddable":true,"href":"https:\/\/tp-electric.vn\/index.php\/wp-json\/wp\/v2\/comments?post=3099"}],"wp:featuredmedia":[{"embeddable":true,"href":"https:\/\/tp-electric.vn\/index.php\/wp-json\/wp\/v2\/media\/3100"}],"wp:attachment":[{"href":"https:\/\/tp-electric.vn\/index.php\/wp-json\/wp\/v2\/media?parent=3099"}],"wp:term":[{"taxonomy":"product_cat","embeddable":true,"href":"https:\/\/tp-electric.vn\/index.php\/wp-json\/wp\/v2\/product_cat?post=3099"},{"taxonomy":"product_tag","embeddable":true,"href":"https:\/\/tp-electric.vn\/index.php\/wp-json\/wp\/v2\/product_tag?post=3099"}],"curies":[{"name":"wp","href":"https:\/\/api.w.org\/{rel}","templated":true}]}}