{"id":3028,"date":"2023-02-14T13:31:10","date_gmt":"2023-02-14T06:31:10","guid":{"rendered":"https:\/\/tp-electric.vn\/?post_type=product&#038;p=3028"},"modified":"2024-12-12T15:10:18","modified_gmt":"2024-12-12T08:10:18","slug":"de-kim-thu-set-co-dien-loai-dieu-chinh-duoc","status":"publish","type":"product","link":"https:\/\/tp-electric.vn\/index.php\/san-pham\/de-kim-thu-set-co-dien-loai-dieu-chinh-duoc\/","title":{"rendered":"\u0110\u1ebf kim thu s\u00e9t c\u1ed5 \u0111i\u1ec3n lo\u1ea1i \u0111i\u1ec1u ch\u1ec9nh \u0111\u01b0\u1ee3c"},"content":{"rendered":"<p><strong>Adjustable Saddle<\/strong><\/p>\n<p><strong>K\u1ebft n\u1ed1i v\u1edbi c\u00e1p<\/strong><\/p>\n<div class=\"table-responsive\">\n<table border=\"1\" width=\"638\" cellspacing=\"0\" cellpadding=\"0\">\n<tbody>\n<tr>\n<td>\n<p align=\"center\"><strong>Code No.<\/strong><\/p>\n<\/td>\n<td>\n<p align=\"center\"><strong>Thread size<\/strong><\/p>\n<p align=\"center\"><strong>(in)<\/strong><\/p>\n<\/td>\n<td>\n<p align=\"center\"><strong>Cable Size<\/strong><\/p>\n<p align=\"center\"><strong>(mm\u00b2)<\/strong><\/p>\n<\/td>\n<td>\n<p align=\"center\"><strong>Material<\/strong><\/p>\n<\/td>\n<td>\n<p align=\"center\"><strong>Weight<\/strong><\/p>\n<p align=\"center\"><strong>(kg)<\/strong><\/p>\n<\/td>\n<\/tr>\n<tr>\n<td>\n<p align=\"center\">LDAS 58<\/p>\n<\/td>\n<td>\n<p align=\"center\">5\/8<\/p>\n<\/td>\n<td>\n<p align=\"center\">50-70<\/p>\n<\/td>\n<td>\n<p align=\"center\">Copper Alloy<\/p>\n<\/td>\n<td>\n<p align=\"center\">0.71<\/p>\n<\/td>\n<\/tr>\n<tr>\n<td>\n<p align=\"center\">LDAS 34<\/p>\n<\/td>\n<td>\n<p align=\"center\">3\/4<\/p>\n<\/td>\n<td>\n<p align=\"center\">50-70<\/p>\n<\/td>\n<td>\n<p align=\"center\">Copper Alloy<\/p>\n<\/td>\n<td>\n<p align=\"center\">0.71<\/p>\n<\/td>\n<\/tr>\n<tr>\n<td>\n<p align=\"center\">LDAS 58-C120<\/p>\n<\/td>\n<td>\n<p align=\"center\">5\/8<\/p>\n<\/td>\n<td>\n<p align=\"center\">95-120<\/p>\n<\/td>\n<td>\n<p align=\"center\">Copper Alloy<\/p>\n<\/td>\n<td>\n<p align=\"center\">0.71<\/p>\n<\/td>\n<\/tr>\n<tr>\n<td>\n<p align=\"center\">LDAS 34-C120<\/p>\n<\/td>\n<td>\n<p align=\"center\">3\/4<\/p>\n<\/td>\n<td>\n<p align=\"center\">95-120<\/p>\n<\/td>\n<td>\n<p align=\"center\">Copper Alloy<\/p>\n<\/td>\n<td>\n<p align=\"center\">0.71<\/p>\n<\/td>\n<\/tr>\n<\/tbody>\n<\/table>\n<\/div>\n<p>&nbsp;<\/p>\n<p>Application : Support air terminal onto adjustable angle angle to connect<\/p>\n<p>with copper standed<\/p>\n<p><strong>K\u1ebft n\u1ed1i v\u1edbi thanh \u0111\u1ed3ng ho\u1eb7c nh\u00f4m<\/strong><\/p>\n<div class=\"table-responsive\">\n<table border=\"1\" width=\"661\" cellspacing=\"0\" cellpadding=\"0\">\n<tbody>\n<tr>\n<td>\n<p align=\"center\"><strong>Code No.<\/strong><\/p>\n<\/td>\n<td>\n<p align=\"center\"><strong>Thread size<\/strong><\/p>\n<p align=\"center\"><strong>(in)<\/strong><\/p>\n<\/td>\n<td>\n<p align=\"center\"><strong>Cable Size<\/strong><\/p>\n<p align=\"center\"><strong>(mm<sup>2<\/sup>)<\/strong><\/p>\n<\/td>\n<td>\n<p align=\"center\"><strong>Material<\/strong><\/p>\n<\/td>\n<td>\n<p align=\"center\"><strong>Weight<\/strong><\/p>\n<p align=\"center\"><strong>(kg)<\/strong><\/p>\n<\/td>\n<\/tr>\n<tr>\n<td>LDAS 58-253<\/td>\n<td>\n<p align=\"center\">5\/8<\/p>\n<\/td>\n<td>\n<p align=\"center\">25 x 3<\/p>\n<\/td>\n<td>\n<p align=\"center\">Copper Alloy<\/p>\n<\/td>\n<td>\n<p align=\"center\">0.81<\/p>\n<\/td>\n<\/tr>\n<tr>\n<td>LDAS 34-253<\/td>\n<td>\n<p align=\"center\">3\/4<\/p>\n<\/td>\n<td>\n<p align=\"center\">25 x 3<\/p>\n<\/td>\n<td>\n<p align=\"center\">Copper Alloy<\/p>\n<\/td>\n<td>\n<p align=\"center\">0.81<\/p>\n<\/td>\n<\/tr>\n<tr>\n<td>LDAS 58-254<\/td>\n<td>\n<p align=\"center\">5\/8<\/p>\n<\/td>\n<td>\n<p align=\"center\">25 x 4<\/p>\n<\/td>\n<td>\n<p align=\"center\">Copper Alloy<\/p>\n<\/td>\n<td>\n<p align=\"center\">0.81<\/p>\n<\/td>\n<\/tr>\n<tr>\n<td>LDAS 34-254<\/td>\n<td>\n<p align=\"center\">3\/4<\/p>\n<\/td>\n<td>\n<p align=\"center\">25 x 4<\/p>\n<\/td>\n<td>\n<p align=\"center\">Copper Alloy<\/p>\n<\/td>\n<td>\n<p align=\"center\">0.81<\/p>\n<\/td>\n<\/tr>\n<tr>\n<td>LDASA 58-253A<\/td>\n<td>\n<p align=\"center\">5\/8<\/p>\n<\/td>\n<td>\n<p align=\"center\">25 x 3<\/p>\n<\/td>\n<td>\n<p align=\"center\">Aluminum Alloy<\/p>\n<\/td>\n<td>\n<p align=\"center\">0.25<\/p>\n<\/td>\n<\/tr>\n<tr>\n<td>LDASA 34-253A<\/td>\n<td>\n<p align=\"center\">3\/4<\/p>\n<\/td>\n<td>\n<p align=\"center\">25 x 3<\/p>\n<\/td>\n<td>\n<p align=\"center\">Aluminum Alloy<\/p>\n<\/td>\n<td>\n<p align=\"center\">0.25<\/p>\n<\/td>\n<\/tr>\n<tr>\n<td>LDASA 58-254A<\/td>\n<td>\n<p align=\"center\">5\/8<\/p>\n<\/td>\n<td>\n<p align=\"center\">25 x 4<\/p>\n<\/td>\n<td>\n<p align=\"center\">Aluminum Alloy<\/p>\n<\/td>\n<td>\n<p align=\"center\">0.25<\/p>\n<\/td>\n<\/tr>\n<tr>\n<td>LDASA 34-254A<\/td>\n<td>\n<p align=\"center\">3\/4<\/p>\n<\/td>\n<td>\n<p align=\"center\">25 x 4<\/p>\n<\/td>\n<td>\n<p align=\"center\">Aluminum Alloy<\/p>\n<\/td>\n<td>\n<p align=\"center\">0.25<\/p>\n<\/td>\n<\/tr>\n<\/tbody>\n<\/table>\n<\/div>\n<p>Application: Support air terminal onto adjustable angle to connect with copper\u00a0 or aluminium tape conductors<\/p>\n","protected":false},"excerpt":{"rendered":"<p><strong>M\u00f4 t\u1ea3 :<\/strong><\/p>\n<p>Ti\u00eau chu\u1ea9n: IEC 62561 \u2013 1, BS EN 1982<\/p>\n<p>V\u1eadt li\u1ec7u: H\u1ee3p kim \u0111\u1ed3ng<\/p>\n<p>Xu\u1ea5t x\u1ee9: Kumwell &#8211; Th\u00e1i Lan<\/p>\n","protected":false},"featured_media":3018,"comment_status":"open","ping_status":"closed","template":"","meta":[],"product_cat":[221],"product_tag":[],"jetpack-related-posts":[{"id":3014,"url":"https:\/\/tp-electric.vn\/index.php\/san-pham\/de-kim-thu-set-co-dien-lwas\/","url_meta":{"origin":3028,"position":0},"title":"\u0110\u1ebf kim thu s\u00e9t c\u1ed5 \u0111i\u1ec3n LWAS","author":"","date":"14\/02\/2023","format":false,"excerpt":"M\u00f4 t\u1ea3 : Ti\u00eau chu\u1ea9n: IEC 62561 \u2013 1, BS EN 1982 V\u1eadt li\u1ec7u: H\u1ee3p kim \u0111\u1ed3ng Xu\u1ea5t x\u1ee9: Kumwell - Th\u00e1i Lan \u1ee8ng d\u1ee5ng:\u00a0\u0111\u1ebf \u0111\u1ee1 kim thu s\u00e9t k\u1ebft n\u1ed1i v\u1edbi d\u00e2y \u0111\u1ed3ng nhi\u1ec1u s\u1ee3i ho\u1eb7c d\u00e2y \u0111\u1ed3ng \u0111\u1eb7c.","rel":"","context":"Similar post","block_context":{"text":"Similar post","link":""},"img":{"alt_text":"","src":"https:\/\/i0.wp.com\/tp-electric.vn\/wp-content\/uploads\/2023\/02\/1-12.png?fit=283%2C283&ssl=1&resize=350%2C200","width":350,"height":200},"classes":[]},{"id":3027,"url":"https:\/\/tp-electric.vn\/index.php\/san-pham\/de-kim-thu-set-co-dien-lfrs\/","url_meta":{"origin":3028,"position":1},"title":"\u0110\u1ebf kim thu s\u00e9t c\u1ed5 \u0111i\u1ec3n LFRS","author":"","date":"14\/02\/2023","format":false,"excerpt":"M\u00f4 t\u1ea3 : Ti\u00eau chu\u1ea9n: IEC 62561 \u2013 1, BS EN 1982 V\u1eadt li\u1ec7u: H\u1ee3p kim \u0111\u1ed3ng Xu\u1ea5t x\u1ee9: Kumwell - Th\u00e1i Lan \u1ee8ng d\u1ee5ng:\u00a0\u0111\u1ebf \u0111\u1ee1 kim thu s\u00e9t k\u1ebft n\u1ed1i v\u1edbi d\u00e2y \u0111\u1ed3ng nhi\u1ec1u s\u1ee3i ho\u1eb7c d\u00e2y \u0111\u1ed3ng \u0111\u1eb7c.","rel":"","context":"Similar post","block_context":{"text":"Similar post","link":""},"img":{"alt_text":"","src":"https:\/\/i0.wp.com\/tp-electric.vn\/wp-content\/uploads\/2023\/02\/2-8.png?fit=283%2C283&ssl=1&resize=350%2C200","width":350,"height":200},"classes":[]},{"id":3034,"url":"https:\/\/tp-electric.vn\/index.php\/san-pham\/de-kim-thu-set-co-dien-ket-noi-voi-cap-dong-2\/","url_meta":{"origin":3028,"position":2},"title":"\u0110\u1ebf kim thu s\u00e9t c\u1ed5 \u0111i\u1ec3n k\u1ebft n\u1ed1i v\u1edbi c\u00e1p \u0111\u1ed3ng","author":"","date":"14\/02\/2023","format":false,"excerpt":"M\u00f4 t\u1ea3 : Ti\u00eau chu\u1ea9n: IEC 62561 \u2013 BS EN 1982, BS 2898 V\u1eadt li\u1ec7u: H\u1ee3p kim \u0111\u1ed3ng, H\u1ee3p kim nh\u00f4m Xu\u1ea5t x\u1ee9: Kumwell - Th\u00e1i Lan \u1ee8ng d\u1ee5ng:\u00a0h\u1ed7 tr\u1ee3 thi\u1ebft b\u1ecb \u00a0k\u1ebft n\u1ed1i v\u1edbi c\u00e1p \u0111\u1ed3ng ho\u1eb7c d\u00e2y d\u1eabn","rel":"","context":"Similar post","block_context":{"text":"Similar post","link":""},"img":{"alt_text":"","src":"https:\/\/i0.wp.com\/tp-electric.vn\/wp-content\/uploads\/2023\/02\/10-2.png?fit=283%2C283&ssl=1&resize=350%2C200","width":350,"height":200},"classes":[]},{"id":3032,"url":"https:\/\/tp-electric.vn\/index.php\/san-pham\/de-kim-thu-set-co-dien-ket-noi-voi-cap-dong\/","url_meta":{"origin":3028,"position":3},"title":"\u0110\u1ebf kim thu s\u00e9t c\u1ed5 \u0111i\u1ec3n k\u1ebft n\u1ed1i v\u1edbi c\u00e1p \u0111\u1ed3ng","author":"","date":"14\/02\/2023","format":false,"excerpt":"M\u00f4 t\u1ea3 : Ti\u00eau chu\u1ea9n: IEC 62561 \u2013 1, BS EN 1982 V\u1eadt li\u1ec7u: H\u1ee3p kim \u0111\u1ed3ng Xu\u1ea5t x\u1ee9: Kumwell - Th\u00e1i Lan \u1ee8ng d\u1ee5ng: h\u1ed7 tr\u1ee3 thi\u1ebft b\u1ecb k\u1ebft n\u1ed1i v\u1edbi c\u00e1p \u0111\u1ed3ng ho\u1eb7c nh\u00f4m.","rel":"","context":"Similar post","block_context":{"text":"Similar post","link":""},"img":{"alt_text":"","src":"https:\/\/i0.wp.com\/tp-electric.vn\/wp-content\/uploads\/2023\/02\/8-2.png?fit=283%2C283&ssl=1&resize=350%2C200","width":350,"height":200},"classes":[]},{"id":3029,"url":"https:\/\/tp-electric.vn\/index.php\/san-pham\/de-kim-thu-set-co-dien-lcrs\/","url_meta":{"origin":3028,"position":4},"title":"\u0110\u1ebf kim thu s\u00e9t c\u1ed5 \u0111i\u1ec3n LCRS","author":"","date":"14\/02\/2023","format":false,"excerpt":"M\u00f4 t\u1ea3 : Ti\u00eau chu\u1ea9n: IEC 62561 \u2013 1, BS EN 1982 V\u1eadt li\u1ec7u: H\u1ee3p kim \u0111\u1ed3ng Xu\u1ea5t x\u1ee9: Kumwell - Th\u00e1i Lan \u1ee8ng d\u1ee5ng:\u00a0\u0111\u1ebf \u0111\u1ee1 kim thu s\u00e9t k\u1ebft n\u1ed1i v\u1edbi d\u00e2y \u0111\u1ed3ng nhi\u1ec1u s\u1ee3i ho\u1eb7c d\u00e2y \u0111\u1ed3ng \u0111\u1eb7c.","rel":"","context":"Similar post","block_context":{"text":"Similar post","link":""},"img":{"alt_text":"","src":"https:\/\/i0.wp.com\/tp-electric.vn\/wp-content\/uploads\/2023\/02\/4-3.png?fit=283%2C283&ssl=1&resize=350%2C200","width":350,"height":200},"classes":[]},{"id":3079,"url":"https:\/\/tp-electric.vn\/index.php\/san-pham\/kep-do-cap-thoat-set-lcas-kumwell\/","url_meta":{"origin":3028,"position":5},"title":"K\u1eb9p \u0111\u1ee1 c\u00e1p tho\u00e1t s\u00e9t LCAS-Kumwell","author":"","date":"14\/02\/2023","format":false,"excerpt":"M\u00e3 s\u1ea3n ph\u1ea9m:LCAS K\u1eb9p \u0111\u1ee1, \u0111\u1ecbnh v\u1ecb c\u00e1p tho\u00e1t s\u00e9t Ti\u00eau chu\u1ea9n: H\u1ee3p kim \u0111\u1ed3ng \u2013 BS EN 1982 H\u1ee3p kim nh\u00f4m \u2013 BS EN 2898 Xu\u1ea5t x\u1ee9: Kumwell \u2013 Th\u00e1i L","rel":"","context":"Similar post","block_context":{"text":"Similar post","link":""},"img":{"alt_text":"","src":"","width":0,"height":0},"classes":[]}],"_links":{"self":[{"href":"https:\/\/tp-electric.vn\/index.php\/wp-json\/wp\/v2\/product\/3028"}],"collection":[{"href":"https:\/\/tp-electric.vn\/index.php\/wp-json\/wp\/v2\/product"}],"about":[{"href":"https:\/\/tp-electric.vn\/index.php\/wp-json\/wp\/v2\/types\/product"}],"replies":[{"embeddable":true,"href":"https:\/\/tp-electric.vn\/index.php\/wp-json\/wp\/v2\/comments?post=3028"}],"wp:featuredmedia":[{"embeddable":true,"href":"https:\/\/tp-electric.vn\/index.php\/wp-json\/wp\/v2\/media\/3018"}],"wp:attachment":[{"href":"https:\/\/tp-electric.vn\/index.php\/wp-json\/wp\/v2\/media?parent=3028"}],"wp:term":[{"taxonomy":"product_cat","embeddable":true,"href":"https:\/\/tp-electric.vn\/index.php\/wp-json\/wp\/v2\/product_cat?post=3028"},{"taxonomy":"product_tag","embeddable":true,"href":"https:\/\/tp-electric.vn\/index.php\/wp-json\/wp\/v2\/product_tag?post=3028"}],"curies":[{"name":"wp","href":"https:\/\/api.w.org\/{rel}","templated":true}]}}