{"id":3012,"date":"2023-02-14T10:32:09","date_gmt":"2023-02-14T03:32:09","guid":{"rendered":"https:\/\/tp-electric.vn\/?post_type=product&#038;p=3012"},"modified":"2024-12-12T15:10:18","modified_gmt":"2024-12-12T08:10:18","slug":"3012","status":"publish","type":"product","link":"https:\/\/tp-electric.vn\/index.php\/san-pham\/3012\/","title":{"rendered":""},"content":{"rendered":"<p><strong>M\u00d4 T\u1ea2:<\/strong><\/p>\n<ul>\n<li>M\u00e0n h\u00ecnh hi\u1ec3n th\u1ecb LCD<\/li>\n<li>Hi\u1ec3n th\u1ecb th\u1eddi gian th\u1ef1c, s\u1ed1 l\u1ea7n s\u00e9t \u0111\u00e1nh, c\u01b0\u1eddng \u0111\u1ed9 d\u00f2ng s\u00e9t<\/li>\n<li>Pin cho th\u1eddi l\u01b0\u1ee3ng \u0111\u1ebfn 5 n\u0103m<\/li>\n<\/ul>\n<div class=\"table-responsive\">\n<table border=\"0\" width=\"705\" cellspacing=\"0\" cellpadding=\"0\">\n<tbody>\n<tr>\n<td nowrap=\"nowrap\">Lightning Strike Counter<\/td>\n<td nowrap=\"nowrap\">\n<p align=\"center\">\n<\/td>\n<td nowrap=\"nowrap\">\n<p align=\"center\">\n<\/td>\n<\/tr>\n<tr>\n<td nowrap=\"nowrap\">Technical Data<\/td>\n<td nowrap=\"nowrap\">\n<p align=\"center\">\n<\/td>\n<td nowrap=\"nowrap\">\n<p align=\"center\"><strong>KLS-01<\/strong><\/p>\n<\/td>\n<\/tr>\n<tr>\n<td>Threshold current<\/td>\n<td nowrap=\"nowrap\">\n<p align=\"center\">I<sub>tc<\/sub><\/p>\n<\/td>\n<td nowrap=\"nowrap\">\n<p align=\"center\">1kA(8\/20\u00b5s)<\/p>\n<\/td>\n<\/tr>\n<tr>\n<td nowrap=\"nowrap\">Max. counting\u00a0 discharge current<\/td>\n<td>\n<p align=\"center\">I<sub>MCW<\/sub><\/p>\n<\/td>\n<td>\n<p align=\"center\">100kA(10\/350\u00b5s)<\/p>\n<\/td>\n<\/tr>\n<tr>\n<td>Number of events logged<\/td>\n<td nowrap=\"nowrap\"><\/td>\n<td nowrap=\"nowrap\">\n<p align=\"center\">999<\/p>\n<\/td>\n<\/tr>\n<tr>\n<td nowrap=\"nowrap\">Average battery lifetime<\/td>\n<td>\n<p align=\"center\">\n<\/td>\n<td>\n<p align=\"center\">5 years<\/p>\n<\/td>\n<\/tr>\n<tr>\n<td>Setting device<\/td>\n<td nowrap=\"nowrap\"><\/td>\n<td nowrap=\"nowrap\">\n<p align=\"center\">Button for Time\/Date setting and log viewing<\/p>\n<\/td>\n<\/tr>\n<tr>\n<td nowrap=\"nowrap\">Temperature Range<\/td>\n<td>\n<p align=\"center\">\n<\/td>\n<td>\n<p align=\"center\">-20\u00b0C to 70\u00b0C<\/p>\n<\/td>\n<\/tr>\n<tr>\n<td>Storage temperature<\/td>\n<td nowrap=\"nowrap\"><\/td>\n<td nowrap=\"nowrap\">\n<p align=\"center\">-20\u00b0C to 70\u00b0C<\/p>\n<\/td>\n<\/tr>\n<tr>\n<td nowrap=\"nowrap\">Mounting<\/td>\n<td>\n<p align=\"center\">\n<\/td>\n<td>\n<p align=\"center\">Round of flat down conductor<\/p>\n<\/td>\n<\/tr>\n<tr>\n<td>Dimensions<\/td>\n<td nowrap=\"nowrap\"><\/td>\n<td nowrap=\"nowrap\">\n<p align=\"center\">144 x 88 x 44<\/p>\n<\/td>\n<\/tr>\n<tr>\n<td nowrap=\"nowrap\">Enclosure protection class<\/td>\n<td>\n<p align=\"center\">\n<\/td>\n<td>\n<p align=\"center\">IP65<\/p>\n<\/td>\n<\/tr>\n<\/tbody>\n<\/table>\n<\/div>\n","protected":false},"excerpt":{"rendered":"<p><strong><span style=\"font-size: 120%;\">M\u00f4 t\u1ea3 :<\/span><\/strong><\/p>\n<p>Xu\u1ea5t x\u1ee9: Kumwell &#8211; Th\u00e1i Lan<\/p>\n<p>\u1ee8ng d\u1ee5ng: \u0110\u1ebfm s\u1ed1 l\u1ea7n s\u00e9t \u0111\u00e1nh h\u1ec7 th\u1ed1ng ch\u1ed1ng s\u00e9t tr\u1ef1c ti\u1ebfp<\/p>\n","protected":false},"featured_media":3013,"comment_status":"open","ping_status":"closed","template":"","meta":[],"product_cat":[225],"product_tag":[],"jetpack-related-posts":[{"id":3104,"url":"https:\/\/tp-electric.vn\/index.php\/san-pham\/vua-ngan-chay-lan-hilti-cp-636\/","url_meta":{"origin":3012,"position":0},"title":"V\u1eeeA NG\u0102N CH\u00c1Y LAN HILTI CP 636","author":"","date":"14\/02\/2023","format":false,"excerpt":"Th\u01b0\u01a1ng hi\u1ec7u:Hilti Xu\u1ea5t x\u1ee9:\u0110\u1ee9c Tr\u1ecdng l\u01b0\u1ee3ng:20 Kg\/ 1 bao T\u1ef7 l\u1ec7 pha tr\u1ed9n:2.5 \/ 1 (V\u1eefa\/n\u01b0\u1edbc \u2013 theo kh\u1ed1i l\u01b0\u1ee3ng) C\u01b0\u1eddng \u0111\u1ed9 n\u00e9n 28 ng\u00e0y:2.9 N\/mm2 nhi\u1ec7t \u0111\u1ed9 thi c\u00f4ng:5 \u2013 8\u2103 C\u00f3 th\u1ec3 t\u00e1i s\u1eed d\u1ee5ng (v\u00e0 g\u1ee1 b\u1ecf):Kh\u00f4ng th\u1ec3 Th\u1eddi gian \u0111\u00f4ng k\u1ebft (x\u1ea5p x\u1ec9):10h Hi\u1ec7u su\u1ea5t ng\u0103n\u2026","rel":"","context":"Similar post","block_context":{"text":"Similar post","link":""},"img":{"alt_text":"","src":"https:\/\/i0.wp.com\/tp-electric.vn\/wp-content\/uploads\/2023\/02\/Thi-cong-vua-chong-chay-Hilti-CP-636-600x270-1.jpg?resize=350%2C200&ssl=1","width":350,"height":200},"classes":[]},{"id":3131,"url":"https:\/\/tp-electric.vn\/index.php\/san-pham\/dat-set-ngan-chay-ssp-intumescent-firestop-putty\/","url_meta":{"origin":3012,"position":1},"title":"\u0110\u1ea4T S\u00c9T NG\u0102N CH\u00c1Y SSP INTUMESCENT FIRESTOP PUTTY","author":"","date":"14\/02\/2023","format":false,"excerpt":"Product Description \u0110\u1ea5t s\u00e9t ng\u0103n ch\u00e1y SSP INTUMESCENT FIRESTOP PUTTY \u0110\u1ea5t s\u00e9t ch\u1ed1ng ch\u00e1y- \u0111\u1ea5t s\u00e9t ng\u0103n ch\u00e1y\u00a0l\u00e0 s\u1ea3n ph\u1ea9m \u00a0kh\u00f4ng th\u1ec3 thi\u1ebfu cho ph\u00f2ng ch\u1ed1ng chay lan trong tr\u01b0\u1eddng h\u1ee3p h\u1ecfa ho\u1ea1n. \u1ee8ng D\u1ee5ng c\u1ee7a \u0111\u1ea5t s\u00e9t ng\u0103n ch\u00e1y: trong c\u00e1c T\u00f2a Nh\u00e0, Nh\u00e0 X\u01b0\u1edfng, C\u00f4ng tr\u00ecnh tr\u1ea1m xe,\u2026","rel":"","context":"Similar post","block_context":{"text":"Similar post","link":""},"img":{"alt_text":"","src":"https:\/\/i0.wp.com\/tp-electric.vn\/wp-content\/uploads\/2023\/02\/dat-set-chong-chay-day-dien.png?fit=301%2C227&ssl=1&resize=350%2C200","width":350,"height":200},"classes":[]},{"id":2995,"url":"https:\/\/tp-electric.vn\/index.php\/san-pham\/thiet-bi-dem-set-lsr2-stormaster-lpi-uc\/","url_meta":{"origin":3012,"position":2},"title":"Thi\u1ebft b\u1ecb \u0111\u1ebfm s\u00e9t LSR2 Stormaster LPI-\u00dac","author":"","date":"14\/02\/2023","format":false,"excerpt":"Th\u00f4ng Tin S\u1ea3n Ph\u1ea9m: \u2013 Thi\u1ebft b\u1ecb \u0111\u1ebfm s\u00e9t LPI LSR 2 (Lightning Counter LSR2). \u2013 Lo\u1ea1i:\u00a0LSR2 \u2013 M\u00e0u s\u1eafc: Xanh \u2013 H\u00e3ng s\u1ea3n xu\u1ea5t: LPI. \u2013 Xu\u1ea5t x\u1ee9: \u00dac. \u2013 Th\u1eddi gian b\u1ea3o h\u00e0nh: B\u1ea3o h\u00e0nh 12 th\u00e1ng.","rel":"","context":"Similar post","block_context":{"text":"Similar post","link":""},"img":{"alt_text":"","src":"https:\/\/i0.wp.com\/tp-electric.vn\/wp-content\/uploads\/2023\/02\/2-4.png?fit=850%2C850&ssl=1&resize=350%2C200","width":350,"height":200,"srcset":"https:\/\/i0.wp.com\/tp-electric.vn\/wp-content\/uploads\/2023\/02\/2-4.png?fit=850%2C850&ssl=1&resize=350%2C200 1x, https:\/\/i0.wp.com\/tp-electric.vn\/wp-content\/uploads\/2023\/02\/2-4.png?fit=850%2C850&ssl=1&resize=700%2C400 2x"},"classes":[]},{"id":2997,"url":"https:\/\/tp-electric.vn\/index.php\/san-pham\/thiet-bi-dem-set-stormaster-lsr-1-lpi\/","url_meta":{"origin":3012,"position":3},"title":"Thi\u1ebft b\u1ecb \u0111\u1ebfm s\u00e9t Stormaster LSR-1 LPI","author":"","date":"14\/02\/2023","format":false,"excerpt":"Th\u00f4ng Tin S\u1ea3n Ph\u1ea9m: \u2013 Thi\u1ebft b\u1ecb \u0111\u1ebfm s\u00e9t LPI LSR 1 (Lightning Counter LSR1). \u2013 Lo\u1ea1i: LSR1 \u2013 M\u00e0u s\u1eafc: Xanh \u2013 H\u00e3ng s\u1ea3n xu\u1ea5t: LPI. \u2013 Xu\u1ea5t x\u1ee9: \u00dac. \u2013 Th\u1eddi gian b\u1ea3o h\u00e0nh: B\u1ea3o h\u00e0nh 12 th\u00e1ng.","rel":"","context":"Similar post","block_context":{"text":"Similar post","link":""},"img":{"alt_text":"","src":"https:\/\/i0.wp.com\/tp-electric.vn\/wp-content\/uploads\/2023\/02\/2-4.png?fit=850%2C850&ssl=1&resize=350%2C200","width":350,"height":200,"srcset":"https:\/\/i0.wp.com\/tp-electric.vn\/wp-content\/uploads\/2023\/02\/2-4.png?fit=850%2C850&ssl=1&resize=350%2C200 1x, https:\/\/i0.wp.com\/tp-electric.vn\/wp-content\/uploads\/2023\/02\/2-4.png?fit=850%2C850&ssl=1&resize=700%2C400 2x"},"classes":[]},{"id":4745,"url":"https:\/\/tp-electric.vn\/index.php\/san-pham\/thiet-bi-chong-set-lan-truyen-etek-t2-40ka-440v\/","url_meta":{"origin":3012,"position":4},"title":"Thi\u1ebft b\u1ecb ch\u1ed1ng s\u00e9t lan truy\u1ec1n ETEK T2-40KA-440V","author":"Admin","date":"11\/12\/2024","format":false,"excerpt":"Th\u00f4ng s\u1ed1 s\u1ea3n ph\u1ea9m: Model: EKU5-T2-40-3P-440 \u0110i\u1ec7n \u00e1p ho\u1ea1t \u0111\u1ed9ng li\u00ean t\u1ee5c t\u1ed1i \u0111a (Uc): 440V \u0110i\u1ec7n \u00e1p ho\u1ea1t \u0111\u1ed9ng li\u00ean t\u1ee5c t\u1ed1i \u0111a (Uc(N-PE)): 255V D\u00f2ng x\u1ea3 \u0111\u1ecbnh m\u1ee9c (8\/20\u03bcs): 20kA D\u00f2ng x\u1ea3 t\u1ed1i \u0111a (8\/20\u03bcs): 40kA M\u1ee9c \u0111\u1ed9 b\u1ea3o v\u1ec7 \u0111i\u1ec7n \u00e1p: \u22642,0kV M\u1ee9c b\u1ea3o v\u1ec7 \u0111i\u1ec7n \u00e1p\u2026","rel":"","context":"Similar post","block_context":{"text":"Similar post","link":""},"img":{"alt_text":"","src":"https:\/\/i0.wp.com\/tp-electric.vn\/wp-content\/uploads\/2024\/12\/eku5-t2-40-spd-type-2-imax-40ka-3.jpg?fit=800%2C800&ssl=1&resize=350%2C200","width":350,"height":200,"srcset":"https:\/\/i0.wp.com\/tp-electric.vn\/wp-content\/uploads\/2024\/12\/eku5-t2-40-spd-type-2-imax-40ka-3.jpg?fit=800%2C800&ssl=1&resize=350%2C200 1x, https:\/\/i0.wp.com\/tp-electric.vn\/wp-content\/uploads\/2024\/12\/eku5-t2-40-spd-type-2-imax-40ka-3.jpg?fit=800%2C800&ssl=1&resize=700%2C400 2x"},"classes":[]},{"id":3141,"url":"https:\/\/tp-electric.vn\/index.php\/san-pham\/vua-chong-chay-sti-ssm-firestop-mortar\/","url_meta":{"origin":3012,"position":5},"title":"V\u1eeeA CH\u1ed0NG CH\u00c1Y STI SSM FIRESTOP MORTAR","author":"","date":"14\/02\/2023","format":false,"excerpt":"Product Description \u00a0 V\u1eefa ch\u1ed1ng ch\u00e1y STI SSM Firestop Mortar Th\u00f4ng tin s\u1ea3n ph\u1ea9m N\u01b0\u1edbc sx: M\u1ef9 Th\u1eddi gian ng\u0103n ch\u00e1y: 4h Ti\u00eau chu\u1ea9n: UL, FM Tr\u1ecdng l\u01b0\u1ee3ng: 10kg \u1ee8ng d\u1ee5ng c\u1ee7a v\u1eefa ch\u1ed1ng ch\u00e1y B\u00edt l\u1ed7 m\u1edf l\u1edbn \u00a0 C\u00e1c \u0111\u1eb7c t\u00ednh v\u00e0 t\u00ednh ch\u1ea5t v\u1eefa ch\u1ed1ng ch\u00e1y: \u2013\u2026","rel":"","context":"Similar post","block_context":{"text":"Similar post","link":""},"img":{"alt_text":"","src":"https:\/\/i0.wp.com\/tp-electric.vn\/wp-content\/uploads\/2023\/02\/ssm-slider-2.jpg?fit=800%2C800&ssl=1&resize=350%2C200","width":350,"height":200,"srcset":"https:\/\/i0.wp.com\/tp-electric.vn\/wp-content\/uploads\/2023\/02\/ssm-slider-2.jpg?fit=800%2C800&ssl=1&resize=350%2C200 1x, https:\/\/i0.wp.com\/tp-electric.vn\/wp-content\/uploads\/2023\/02\/ssm-slider-2.jpg?fit=800%2C800&ssl=1&resize=700%2C400 2x"},"classes":[]}],"_links":{"self":[{"href":"https:\/\/tp-electric.vn\/index.php\/wp-json\/wp\/v2\/product\/3012"}],"collection":[{"href":"https:\/\/tp-electric.vn\/index.php\/wp-json\/wp\/v2\/product"}],"about":[{"href":"https:\/\/tp-electric.vn\/index.php\/wp-json\/wp\/v2\/types\/product"}],"replies":[{"embeddable":true,"href":"https:\/\/tp-electric.vn\/index.php\/wp-json\/wp\/v2\/comments?post=3012"}],"wp:featuredmedia":[{"embeddable":true,"href":"https:\/\/tp-electric.vn\/index.php\/wp-json\/wp\/v2\/media\/3013"}],"wp:attachment":[{"href":"https:\/\/tp-electric.vn\/index.php\/wp-json\/wp\/v2\/media?parent=3012"}],"wp:term":[{"taxonomy":"product_cat","embeddable":true,"href":"https:\/\/tp-electric.vn\/index.php\/wp-json\/wp\/v2\/product_cat?post=3012"},{"taxonomy":"product_tag","embeddable":true,"href":"https:\/\/tp-electric.vn\/index.php\/wp-json\/wp\/v2\/product_tag?post=3012"}],"curies":[{"name":"wp","href":"https:\/\/api.w.org\/{rel}","templated":true}]}}