{"id":3004,"date":"2023-02-14T10:14:32","date_gmt":"2023-02-14T03:14:32","guid":{"rendered":"https:\/\/tp-electric.vn\/?post_type=product&#038;p=3004"},"modified":"2024-12-12T15:10:18","modified_gmt":"2024-12-12T08:10:18","slug":"kim-thu-set-co-dien-bang-dong","status":"publish","type":"product","link":"https:\/\/tp-electric.vn\/index.php\/san-pham\/kim-thu-set-co-dien-bang-dong\/","title":{"rendered":"Kim thu s\u00e9t c\u1ed5 \u0111i\u1ec3n b\u1eb1ng \u0111\u1ed3ng"},"content":{"rendered":"<p><strong>Blunt End Air Terminals<\/strong><\/p>\n<p><strong>Copper<\/strong><\/p>\n<div class=\"table-responsive\">\n<table style=\"height: 648px;\" border=\"1\" width=\"1014\" cellspacing=\"0\" cellpadding=\"0\">\n<tbody>\n<tr>\n<td style=\"width: 149.736px;\">\n<p style=\"text-align: center;\" align=\"center\"><strong>Code No.<\/strong><\/p>\n<\/td>\n<td style=\"width: 276.625px;\">\n<p align=\"center\"><strong>Rod Lengths (L) (mm)<\/strong><\/p>\n<\/td>\n<td style=\"width: 293.417px;\">\n<p align=\"center\"><strong>Rod Diameter (\u0424) (mm)<\/strong><\/p>\n<\/td>\n<td style=\"width: 138.333px;\">\n<p align=\"center\"><strong>Thread (in)<\/strong><\/p>\n<\/td>\n<td style=\"width: 145.222px;\">\n<p align=\"center\"><strong>Weight (kg)<\/strong><\/p>\n<\/td>\n<\/tr>\n<tr>\n<td style=\"width: 149.736px;\">LTAT 58-30<\/td>\n<td style=\"width: 276.625px;\">\n<p align=\"center\">300<\/p>\n<\/td>\n<td style=\"width: 293.417px;\">\n<p align=\"center\">15<\/p>\n<\/td>\n<td style=\"width: 138.333px;\">\n<p align=\"center\">5\/8<\/p>\n<\/td>\n<td style=\"width: 145.222px;\">\n<p align=\"center\">0.50<\/p>\n<\/td>\n<\/tr>\n<tr>\n<td style=\"width: 149.736px;\">LTAT 58-50<\/td>\n<td style=\"width: 276.625px;\">\n<p align=\"center\">500<\/p>\n<\/td>\n<td style=\"width: 293.417px;\">\n<p align=\"center\">15<\/p>\n<\/td>\n<td style=\"width: 138.333px;\">\n<p align=\"center\">5\/8<\/p>\n<\/td>\n<td style=\"width: 145.222px;\">\n<p align=\"center\">0.80<\/p>\n<\/td>\n<\/tr>\n<tr>\n<td style=\"width: 149.736px;\">LTAT 58-60<\/td>\n<td style=\"width: 276.625px;\">\n<p align=\"center\">600<\/p>\n<\/td>\n<td style=\"width: 293.417px;\">\n<p align=\"center\">15<\/p>\n<\/td>\n<td style=\"width: 138.333px;\">\n<p align=\"center\">5\/8<\/p>\n<\/td>\n<td style=\"width: 145.222px;\">\n<p align=\"center\">0.96<\/p>\n<\/td>\n<\/tr>\n<tr>\n<td style=\"width: 149.736px;\">LTAT 58-100<\/td>\n<td style=\"width: 276.625px;\">\n<p align=\"center\">1000<\/p>\n<\/td>\n<td style=\"width: 293.417px;\">\n<p align=\"center\">15<\/p>\n<\/td>\n<td style=\"width: 138.333px;\">\n<p align=\"center\">5\/8<\/p>\n<\/td>\n<td style=\"width: 145.222px;\">\n<p align=\"center\">1.60<\/p>\n<\/td>\n<\/tr>\n<tr>\n<td style=\"width: 149.736px;\">LTAT 58-150<\/td>\n<td style=\"width: 276.625px;\">\n<p align=\"center\">1500<\/p>\n<\/td>\n<td style=\"width: 293.417px;\">\n<p align=\"center\">15<\/p>\n<\/td>\n<td style=\"width: 138.333px;\">\n<p align=\"center\">5\/8<\/p>\n<\/td>\n<td style=\"width: 145.222px;\">\n<p align=\"center\">2.40<\/p>\n<\/td>\n<\/tr>\n<tr>\n<td style=\"width: 149.736px;\">LTAT 58-200<\/td>\n<td style=\"width: 276.625px;\">\n<p align=\"center\">2000<\/p>\n<\/td>\n<td style=\"width: 293.417px;\">\n<p align=\"center\">15<\/p>\n<\/td>\n<td style=\"width: 138.333px;\">\n<p align=\"center\">5\/8<\/p>\n<\/td>\n<td style=\"width: 145.222px;\">\n<p align=\"center\">3.20<\/p>\n<\/td>\n<\/tr>\n<tr>\n<td style=\"width: 149.736px;\">LTAT 34-30<\/td>\n<td style=\"width: 276.625px;\">\n<p align=\"center\">300<\/p>\n<\/td>\n<td style=\"width: 293.417px;\">\n<p align=\"center\">19<\/p>\n<\/td>\n<td style=\"width: 138.333px;\">\n<p align=\"center\">3\/4<\/p>\n<\/td>\n<td style=\"width: 145.222px;\">\n<p align=\"center\">0.75<\/p>\n<\/td>\n<\/tr>\n<tr>\n<td style=\"width: 149.736px;\">LTAT 34-50<\/td>\n<td style=\"width: 276.625px;\">\n<p align=\"center\">500<\/p>\n<\/td>\n<td style=\"width: 293.417px;\">\n<p align=\"center\">19<\/p>\n<\/td>\n<td style=\"width: 138.333px;\">\n<p align=\"center\">3\/4<\/p>\n<\/td>\n<td style=\"width: 145.222px;\">\n<p align=\"center\">1.20<\/p>\n<\/td>\n<\/tr>\n<tr>\n<td style=\"width: 149.736px;\">LTAT 34-60<\/td>\n<td style=\"width: 276.625px;\">\n<p align=\"center\">600<\/p>\n<\/td>\n<td style=\"width: 293.417px;\">\n<p align=\"center\">19<\/p>\n<\/td>\n<td style=\"width: 138.333px;\">\n<p align=\"center\">3\/4<\/p>\n<\/td>\n<td style=\"width: 145.222px;\">\n<p align=\"center\">1.51<\/p>\n<\/td>\n<\/tr>\n<tr>\n<td style=\"width: 149.736px;\">LTAT 34-100<\/td>\n<td style=\"width: 276.625px;\">\n<p align=\"center\">1000<\/p>\n<\/td>\n<td style=\"width: 293.417px;\">\n<p align=\"center\">19<\/p>\n<\/td>\n<td style=\"width: 138.333px;\">\n<p align=\"center\">3\/4<\/p>\n<\/td>\n<td style=\"width: 145.222px;\">\n<p align=\"center\">2.50<\/p>\n<\/td>\n<\/tr>\n<tr>\n<td style=\"width: 149.736px;\">LTAT 34-150<\/td>\n<td style=\"width: 276.625px;\">\n<p align=\"center\">1500<\/p>\n<\/td>\n<td style=\"width: 293.417px;\">\n<p align=\"center\">19<\/p>\n<\/td>\n<td style=\"width: 138.333px;\">\n<p align=\"center\">3\/4<\/p>\n<\/td>\n<td style=\"width: 145.222px;\">\n<p align=\"center\">3.80<\/p>\n<\/td>\n<\/tr>\n<tr>\n<td style=\"width: 149.736px;\">LTAT 34-200<\/td>\n<td style=\"width: 276.625px;\">\n<p align=\"center\">2000<\/p>\n<\/td>\n<td style=\"width: 293.417px;\">\n<p align=\"center\">19<\/p>\n<\/td>\n<td style=\"width: 138.333px;\">\n<p align=\"center\">3\/4<\/p>\n<\/td>\n<td style=\"width: 145.222px;\">\n<p align=\"center\">5.00<\/p>\n<\/td>\n<\/tr>\n<\/tbody>\n<\/table>\n<\/div>\n<p style=\"text-align: center;\">\n","protected":false},"excerpt":{"rendered":"<p><strong>M\u00f4 t\u1ea3 :<\/strong><\/p>\n<p>Ti\u00eau chu\u1ea9n: IEC 62561-2, BS EN 13601<\/p>\n<p>V\u1eadt li\u1ec7u: \u0110\u1ed3ng<\/p>\n<p>Xu\u1ea5t x\u1ee9: Kumwell &#8211; Th\u00e1i Lan<\/p>\n<p>\u1ee8ng d\u1ee5ng: ph\u00f9 h\u1ee3p l\u1eafp \u0111\u1eb7t cho h\u1ec7 th\u1ed1ng ch\u1ed1ng s\u00e9t c\u1ed5 \u0111i\u1ec3n th\u00f4ng th\u01b0\u1eddng.<\/p>\n","protected":false},"featured_media":3008,"comment_status":"open","ping_status":"closed","template":"","meta":[],"product_cat":[220],"product_tag":[],"jetpack-related-posts":[{"id":3009,"url":"https:\/\/tp-electric.vn\/index.php\/san-pham\/kim-thu-set-co-dien-bang-dong-ma-thiec\/","url_meta":{"origin":3004,"position":0},"title":"Kim thu s\u00e9t c\u1ed5 \u0111i\u1ec3n b\u1eb1ng \u0111\u1ed3ng m\u1ea1 thi\u1ebfc","author":"","date":"14\/02\/2023","format":false,"excerpt":"M\u00f4 t\u1ea3 : Ti\u00eau chu\u1ea9n: IEC 62561-2, BS EN 13601 V\u1eadt li\u1ec7u: \u0110\u1ed3ng m\u1ea1 thi\u1ebfc Xu\u1ea5t x\u1ee9: Kumwell - Th\u00e1i Lan \u1ee8ng d\u1ee5ng:\u00a0th\u00edch h\u1ee3p cho v\u00f9ng \u0103n m\u00f2n cao","rel":"","context":"Similar post","block_context":{"text":"Similar post","link":""},"img":{"alt_text":"","src":"https:\/\/i0.wp.com\/tp-electric.vn\/wp-content\/uploads\/2023\/02\/3-4.png?fit=850%2C850&ssl=1&resize=350%2C200","width":350,"height":200,"srcset":"https:\/\/i0.wp.com\/tp-electric.vn\/wp-content\/uploads\/2023\/02\/3-4.png?fit=850%2C850&ssl=1&resize=350%2C200 1x, https:\/\/i0.wp.com\/tp-electric.vn\/wp-content\/uploads\/2023\/02\/3-4.png?fit=850%2C850&ssl=1&resize=700%2C400 2x"},"classes":[]},{"id":2937,"url":"https:\/\/tp-electric.vn\/index.php\/san-pham\/aptomat-chong-set-lan-truyen-truc-tiep-abb\/","url_meta":{"origin":3004,"position":1},"title":"APTOMAT CH\u1ed0NG S\u00c9T LAN TRUY\u1ec0N TR\u1ef0C TI\u1ebeP ABB","author":"","date":"13\/02\/2023","format":false,"excerpt":"Aptomat ch\u1ed1ng s\u00e9t lan truy\u1ec1n tr\u1ef1c ti\u1ebfp ABB d\u00f2ng s\u1ea3n ph\u1ea9m c\u00f3 ch\u1ee9c n\u0103ng b\u1ea3o v\u1ec7 s\u00e9t \u0111\u00e1nh tr\u1ef1c ti\u1ebfp cho h\u1ec7 th\u1ed1ng \u0111i\u1ec7n, b\u1ea3o v\u1ec7 qu\u00e1 \u0111i\u1ec7n \u00e1p cho c\u00e1c thi\u1ebft b\u1ecb \u0111i\u1ec7n d\u00e2n d\u1ee5ng, c\u00f4ng nghi\u1ec7p. \u00a0\u01afU \u0110I\u1ec2M: Ch\u1ed1ng s\u00e9t \u0111\u00e1nh tr\u1ef1c ti\u1ebfp cho c\u00e1c thi\u1ebft b\u1ecb \u0111i\u1ec7n\u2026","rel":"","context":"Similar post","block_context":{"text":"Similar post","link":""},"img":{"alt_text":"","src":"https:\/\/i0.wp.com\/tp-electric.vn\/wp-content\/uploads\/2023\/02\/CS-TT.png?fit=1200%2C1200&ssl=1&resize=350%2C200","width":350,"height":200,"srcset":"https:\/\/i0.wp.com\/tp-electric.vn\/wp-content\/uploads\/2023\/02\/CS-TT.png?fit=1200%2C1200&ssl=1&resize=350%2C200 1x, https:\/\/i0.wp.com\/tp-electric.vn\/wp-content\/uploads\/2023\/02\/CS-TT.png?fit=1200%2C1200&ssl=1&resize=700%2C400 2x, https:\/\/i0.wp.com\/tp-electric.vn\/wp-content\/uploads\/2023\/02\/CS-TT.png?fit=1200%2C1200&ssl=1&resize=1050%2C600 3x"},"classes":[]},{"id":2762,"url":"https:\/\/tp-electric.vn\/index.php\/san-pham\/spd-2p-3p-275-vac\/","url_meta":{"origin":3004,"position":2},"title":"SPD 2P \/ 3P, 275 VAC,","author":"","date":"07\/02\/2023","format":false,"excerpt":"Th\u00f4ng s\u1ed1 k\u1ef9 thu\u1eadt: - S\u1ed1 c\u1ef1c: 1-4 c\u1ef1c - D\u00f2ng c\u1eaft (Imax): 40kA - D\u00f2ng \u0111i\u1ec7n \u0111\u1ecbnh m\u1ee9c: 275A - Ch\u1ee9c n\u0103ng: b\u1ea3o v\u1ec7 s\u1ed1c \u0111i\u1ec7n cho thi\u1ebft b\u1ecb khi c\u00f3 \u0111i\u1ec7n \u00e1p cao do s\u00e9t \u0111\u00e1nh","rel":"","context":"Similar post","block_context":{"text":"Similar post","link":""},"img":{"alt_text":"","src":"https:\/\/i0.wp.com\/tp-electric.vn\/wp-content\/uploads\/2023\/02\/SPD-1.png?fit=441%2C443&ssl=1&resize=350%2C200","width":350,"height":200},"classes":[]},{"id":2739,"url":"https:\/\/tp-electric.vn\/index.php\/san-pham\/mcb-dc-1000v-sigma\/","url_meta":{"origin":3004,"position":3},"title":"MCB DC 1000V","author":"","date":"07\/02\/2023","format":false,"excerpt":"Thi\u1ebft b\u1ecb \u0111\u00f3ng c\u1eaft, c\u1ea7u dao t\u1ef1 \u0111\u1ed9ng DC, MCB \u2013 4P DC 1000V\u00a0th\u01b0\u01a1ng hi\u1ec7u SIGMA \u0111\u01b0\u1ee3c s\u1eed d\u1ee5ng trong c\u00e1c h\u1ec7 th\u1ed1ng \u0111i\u1ec7n m\u1eb7t tr\u1eddi c\u00f3 \u0111i\u1ec7n \u00e1p DC l\u00ean \u0111\u1ebfn 1000V nh\u1eb1m b\u1ea3o v\u1ec7 c\u00e1c t\u1ea5m pin v\u00e0 inverter an to\u00e0n. S\u1ea3n ph\u1ea9m \u0111\u1ea1t ti\u00eau chu\u1ea9n Ch\u00e2u \u00c2u\u2026","rel":"","context":"Similar post","block_context":{"text":"Similar post","link":""},"img":{"alt_text":"","src":"https:\/\/i0.wp.com\/tp-electric.vn\/wp-content\/uploads\/2023\/02\/cau-dao-mcb-dc-1000v-Sigma.jpg?fit=720%2C720&ssl=1&resize=350%2C200","width":350,"height":200,"srcset":"https:\/\/i0.wp.com\/tp-electric.vn\/wp-content\/uploads\/2023\/02\/cau-dao-mcb-dc-1000v-Sigma.jpg?fit=720%2C720&ssl=1&resize=350%2C200 1x, https:\/\/i0.wp.com\/tp-electric.vn\/wp-content\/uploads\/2023\/02\/cau-dao-mcb-dc-1000v-Sigma.jpg?fit=720%2C720&ssl=1&resize=700%2C400 2x"},"classes":[]},{"id":4668,"url":"https:\/\/tp-electric.vn\/index.php\/san-pham\/bo-chuyen-nguon-tu-dong-ats-100a-380v\/","url_meta":{"origin":3004,"position":4},"title":"B\u1ed9 chuy\u1ec3n ngu\u1ed3n t\u1ef1 \u0111\u1ed9ng ATS 100A 380V","author":"Admin","date":"11\/12\/2024","format":false,"excerpt":"Th\u00f4ng s\u1ed1 k\u1ef9 thu\u1eadt: D\u00f2ng \u0111i\u1ec7n \u0111\u1ecbnh m\u1ee9c : 100A S\u1ed1 c\u1ef1c : 4P \u0110i\u1ec7n \u00e1p : 3 Pha(380V), 1 pha (220V) B\u1ea3o h\u00e0nh: 1 n\u0103m","rel":"","context":"Similar post","block_context":{"text":"Similar post","link":""},"img":{"alt_text":"","src":"https:\/\/i0.wp.com\/tp-electric.vn\/wp-content\/uploads\/2024\/12\/vn-11134207-7r98o-llfwhxymqt2udd.jpg?fit=800%2C800&ssl=1&resize=350%2C200","width":350,"height":200,"srcset":"https:\/\/i0.wp.com\/tp-electric.vn\/wp-content\/uploads\/2024\/12\/vn-11134207-7r98o-llfwhxymqt2udd.jpg?fit=800%2C800&ssl=1&resize=350%2C200 1x, https:\/\/i0.wp.com\/tp-electric.vn\/wp-content\/uploads\/2024\/12\/vn-11134207-7r98o-llfwhxymqt2udd.jpg?fit=800%2C800&ssl=1&resize=700%2C400 2x"},"classes":[]},{"id":4754,"url":"https:\/\/tp-electric.vn\/index.php\/san-pham\/aptomat-etek-dc-mcb-ekm1-63dc-2c25\/","url_meta":{"origin":3004,"position":5},"title":"Aptomat ETEK DC MCB EKM1-63DC-2C25","author":"Admin","date":"11\/12\/2024","format":false,"excerpt":"Th\u00f4ng s\u1ed1 k\u1ef9 thu\u1eadt: D\u00f2ng \u0111i\u1ec7n \u0111\u1ecbnh m\u1ee9c:,25A C\u1ef1c: 2P \u0110i\u1ec7n \u00e1p \u0111\u1ecbnh m\u1ee9c Ue: 2P(500V) Kh\u1ea3 n\u0103ng ph\u00e1 v\u1ee1 \u0111\u1ecbnh m\u1ee9c: 6.000\/10.000A \u0110i\u1ec7n \u00e1p ch\u1ecbu \u0111\u01b0\u1ee3c xung \u0111\u1ecbnh m\u1ee9c (1,5\/50) Uimp 4.000V \u0110i\u1ec7n \u00e1p th\u1eed nghi\u1ec7m \u0111i\u1ec7n m\u00f4i \u1edf t\u1ea7n s\u1ed1 ind. trong 1 ph\u00fat 2KV M\u1ee9c \u0111\u1ed9 \u00f4\u2026","rel":"","context":"Similar post","block_context":{"text":"Similar post","link":""},"img":{"alt_text":"","src":"https:\/\/i0.wp.com\/tp-electric.vn\/wp-content\/uploads\/2024\/12\/EKM1-63HDC-2P-500V.jpg?fit=800%2C800&ssl=1&resize=350%2C200","width":350,"height":200,"srcset":"https:\/\/i0.wp.com\/tp-electric.vn\/wp-content\/uploads\/2024\/12\/EKM1-63HDC-2P-500V.jpg?fit=800%2C800&ssl=1&resize=350%2C200 1x, https:\/\/i0.wp.com\/tp-electric.vn\/wp-content\/uploads\/2024\/12\/EKM1-63HDC-2P-500V.jpg?fit=800%2C800&ssl=1&resize=700%2C400 2x"},"classes":[]}],"_links":{"self":[{"href":"https:\/\/tp-electric.vn\/index.php\/wp-json\/wp\/v2\/product\/3004"}],"collection":[{"href":"https:\/\/tp-electric.vn\/index.php\/wp-json\/wp\/v2\/product"}],"about":[{"href":"https:\/\/tp-electric.vn\/index.php\/wp-json\/wp\/v2\/types\/product"}],"replies":[{"embeddable":true,"href":"https:\/\/tp-electric.vn\/index.php\/wp-json\/wp\/v2\/comments?post=3004"}],"wp:featuredmedia":[{"embeddable":true,"href":"https:\/\/tp-electric.vn\/index.php\/wp-json\/wp\/v2\/media\/3008"}],"wp:attachment":[{"href":"https:\/\/tp-electric.vn\/index.php\/wp-json\/wp\/v2\/media?parent=3004"}],"wp:term":[{"taxonomy":"product_cat","embeddable":true,"href":"https:\/\/tp-electric.vn\/index.php\/wp-json\/wp\/v2\/product_cat?post=3004"},{"taxonomy":"product_tag","embeddable":true,"href":"https:\/\/tp-electric.vn\/index.php\/wp-json\/wp\/v2\/product_tag?post=3004"}],"curies":[{"name":"wp","href":"https:\/\/api.w.org\/{rel}","templated":true}]}}