{"id":2947,"date":"2023-02-13T16:50:36","date_gmt":"2023-02-13T09:50:36","guid":{"rendered":"https:\/\/tp-electric.vn\/?post_type=product&#038;p=2947"},"modified":"2024-12-12T15:10:14","modified_gmt":"2024-12-12T08:10:14","slug":"sf132-385-10050-aimcb-lpi-tu-cat-loc-set-1-pha-32a","status":"publish","type":"product","link":"https:\/\/tp-electric.vn\/index.php\/san-pham\/sf132-385-10050-aimcb-lpi-tu-cat-loc-set-1-pha-32a\/","title":{"rendered":"SF132-385-100+50-AIMCB-LPI -T\u1ee7 c\u1eaft l\u1ecdc s\u00e9t 1P 32-40-63A"},"content":{"rendered":"<p><em><strong>Thi\u1ebft b\u1ecb ch\u1ed1ng s\u00e9t lan truy\u1ec1n qua \u0111\u01b0\u1eddng \u0111i\u1ec7n ngu\u1ed3n: LPI SF132-385-100+50-AIMCB<\/strong><\/em><\/p>\n<p><em>\u2013 C\u00f3 d\u1ea3i \u0111i\u1ec7n \u00e1p ho\u1ea1t \u0111\u1ed9ng 220\u00f7277Vac;<\/em><\/p>\n<p><em>\u2013 S\u1eed d\u1ee5ng c\u00f4ng ngh\u1ec7 SSTB150 \u0111\u1ec3 b\u1ea3o v\u1ec7 \u0111i\u1ec7n \u00e1p xoay chi\u1ec1u 1 pha ho\u1eb7c 3 pha;<\/em><\/p>\n<p><em>\u2013 Thi\u1ebft b\u1ecb c\u1eaft l\u1ecdc s\u00e9t lan truy\u1ec1n LPI \u0111\u01b0\u1eddng ngu\u1ed3n h\u1ea1 \u00e1p. B\u1ea3o v\u1ec7 c\u00e1c thi\u1ebft b\u1ecb nh\u1ea1y c\u1ea3m v\u1edbi 03 m\u1ee9c b\u1ea3o v\u1ec7 C\u1eaft s\u00e9t s\u01a1 c\u1ea5p, l\u1ecdc s\u00e9t, c\u1eaft s\u00e9t th\u1ee9 c\u1ea5p.<\/em><\/p>\n<p><em>\u2013 D\u00f2ng c\u1eaft s\u00e9t t\u1ed5ng 150kA Pha \u2013 Trung t\u00ednh (8\/20\u03bcs) v\u00e0 100kA Trung t\u00ednh \u2013 \u0110\u1ea5t (10\/350\u03bcs) hay 200kA 8\/20\u00b5s, c\u00f3 \u0111\u00e8n LED hi\u1ec3n th\u1ecb t\u00ecnh tr\u1ea1ng l\u00e0m vi\u1ec7c c\u1ee7a thi\u1ebft b\u1ecb v\u00e0 ti\u1ebfp \u0111i\u1ec3m c\u1ea3nh b\u00e1o ngo\u00e0i.<\/em><\/p>\n<p><em>\u2013 Ch\u1ee9c n\u0103ng k\u1ebft n\u1ed1i Bluetooth qua Smartphone gi\u00e1m s\u00e1t th\u00f4ng s\u1ed1 thi\u1ebft b\u1ecb v\u00e0 s\u1ed1 l\u1ea7n s\u00e9t t\u00e1c \u0111\u1ed9ng<\/em><\/p>\n<p><em>\u2013 T\u1ee7 c\u1eaft l\u1ecdc s\u00e9t 1 pha d\u00f2ng t\u1ea3i 32A SF132-385-100+50-AIMCB (k\u00edch th\u01b0\u1edbc: 300x300x150mm, n\u1eb7ng 5kg)<\/em><\/p>\n<p><em>T\u1ee7 c\u1eaft l\u1ecdc s\u00e9t 1 pha d\u00f2ng t\u1ea3i 32A. M\u00e3 Model c\u0169: SF132A-NE chuy\u1ec3n sang Model m\u1edbi: SF132-385-100+50-AIMCB<\/em><\/p>\n<p><em>Ngo\u00e0i ra s\u1ef1 n\u00e2ng c\u1ea5p c\u1ee7a m\u00e3 m\u1edbi c\u00f2n c\u00f3 \u01b0u \u0111i\u1ec3m l\u00e0 c\u00f3 th\u1ec3 thay th\u1ebf modul trong t\u1ee7 cho ph\u00f9 h\u1ee3p v\u1edbi d\u00f2ng s\u00e9t m\u00e0 b\u1ea1n y\u00eau c\u1ea7u v\u00ed d\u1ee5: D\u00f2ng s\u00e9t s\u01a1 c\u1ea5p c\u00f3 th\u1ec3 thay t\u1eeb 100kA l\u00ean 150kA, 200kA. C\u00f2n d\u00f2ng s\u00e9t th\u1ee9 c\u1ea5p c\u00f3 th\u1ec3 thay \u0111\u1ed5i t\u1eeb 50kA l\u00ean 100kA.<\/em><\/p>\n<p><strong><em>C\u00e1c th\u00f4ng s\u1ed1 tr\u00ean m\u00e3 c\u1ee7a s\u1ea3n ph\u1ea9m th\u1ec3 hi\u1ec7n nh\u01b0 sau:<\/em><\/strong><\/p>\n<p><em>+ SF: L\u00e0 t\u1eeb vi\u1ebft t\u1eaft c\u1ee7a Surge Filter (C\u1eaft l\u1ecdc)<\/em><\/p>\n<p><em>+ 1: Th\u1ec3 hi\u1ec7n 1 pha<\/em><\/p>\n<p><em>+ 32: D\u00f2ng t\u1ea3i 32A<\/em><\/p>\n<p><em>+ 385: Ch\u1ecbu qu\u00e1 \u00e1p li\u00ean t\u1ee5c \u0111\u1ebfn 385V<\/em><\/p>\n<p><em>+ 100: D\u00f2ng s\u00e9t s\u01a1 c\u1ea5p 100kA\/pha<\/em><\/p>\n<p><em>+ 50: D\u00f2ng s\u00e9t th\u1ee9 c\u1ea5p 50kA\/pha<\/em><\/p>\n<p><em>+ AIMCB: B\u1ed9 k\u1ebft n\u1ed1i c\u1ea3nh b\u00e1o ra b\u00ean ngo\u00e0i<\/em><\/p>\n<p><strong><em>Th\u00f4ng s\u1ed1 k\u1ef9 thu\u1eadt t\u1ee7 c\u1eaft l\u1ecdc s\u00e9t 1 pha, 3 pha v\u1edbi m\u1ee9c d\u00f2ng t\u1ea3i t\u1eeb 32A\u00f7125A:<\/em><\/strong><\/p>\n<table border=\"1\" width=\"631\" cellspacing=\"0\" cellpadding=\"0\">\n<tbody>\n<tr>\n<td colspan=\"2\"><strong>T\u1ee7 c\u1eaft l\u1ecdc s\u00e9t d\u00f2ng t\u1ea3i t\u1eeb 32A\u00f7125A<\/strong><\/td>\n<td>\n<p align=\"center\"><strong>1 pha<\/strong><\/p>\n<\/td>\n<td>\n<p align=\"center\"><strong>3 pha<\/strong><\/p>\n<\/td>\n<\/tr>\n<tr>\n<td><strong>\u0110i\u1ec7n \u00e1p l\u00e0m vi\u1ec7c<\/strong><\/td>\n<td><strong>: Un<\/strong><\/td>\n<td>\n<p align=\"center\"><strong>220\u00f7240<\/strong><\/p>\n<\/td>\n<td>\n<p align=\"center\"><strong>220\u00f7277<\/strong><\/p>\n<\/td>\n<\/tr>\n<tr>\n<td><strong>\u0110i\u1ec7n \u00e1p l\u00e0m vi\u1ec7c li\u00ean t\u1ee5c c\u1ef1c \u0111\u1ea1i<\/strong><\/td>\n<td><strong>: Uc<\/strong><\/td>\n<td>\n<p align=\"center\"><strong>385<\/strong><\/p>\n<\/td>\n<td>\n<p align=\"center\"><strong>480<\/strong><\/p>\n<\/td>\n<\/tr>\n<tr>\n<td><strong>Th\u1eddi gian \u0111\u00e1p \u1ee9ng<\/strong><\/td>\n<td><strong>: ns<\/strong><\/td>\n<td colspan=\"2\">\n<p align=\"center\"><strong>\u2264 1<\/strong><\/p>\n<\/td>\n<\/tr>\n<tr>\n<td><strong>M\u1ea1ng \u0111i\u1ec7n t\u01b0\u01a1ng th\u00edch<\/strong><\/td>\n<td><\/td>\n<td colspan=\"2\">\n<p align=\"center\"><strong>TT,\u00a0TN-S,\u00a0TN-C,\u00a0TN-C-S\u00a0(MEN)<\/strong><\/p>\n<\/td>\n<\/tr>\n<tr>\n<td><strong>B\u1ea3o v\u1ec7 s\u01a1 c\u1ea5p gi\u1eefa P-N<\/strong><\/td>\n<td><strong>: kA<\/strong><\/td>\n<td colspan=\"2\">\n<p align=\"center\"><strong>50, 100, 150, 200<\/strong><\/p>\n<\/td>\n<\/tr>\n<tr>\n<td><strong>B\u1ea3o v\u1ec7 th\u1ee9 c\u1ea5p P-N<\/strong><\/td>\n<td><strong>: kA<\/strong><\/td>\n<td colspan=\"2\">\n<p align=\"center\"><strong>50; 100<\/strong><\/p>\n<\/td>\n<\/tr>\n<tr>\n<td><strong>B\u1ea3o v\u1ec7 gi\u1eefa N-E<\/strong><\/td>\n<td><strong>: kA<\/strong><\/td>\n<td colspan=\"2\">\n<p align=\"center\"><strong>100<\/strong><\/p>\n<\/td>\n<\/tr>\n<tr>\n<td><strong>B\u1ed9 l\u1ecdc<\/strong><\/td>\n<td colspan=\"3\">\n<p align=\"center\"><strong>Kh\u00f4ng b\u00e3o h\u00f2a, th\u1ea5p v\u01b0\u1ee3t qua, quy\u1ec1n l\u1ef1c v\u00e0 ti\u1ebfng \u1ed3n l\u1ecdc<\/strong><\/p>\n<\/td>\n<\/tr>\n<tr>\n<td><strong>Hi\u1ec7u su\u1ea5t<\/strong><\/td>\n<td><strong>: %<\/strong><\/td>\n<td colspan=\"2\">\n<p align=\"center\"><strong>99<\/strong><\/p>\n<\/td>\n<\/tr>\n<tr>\n<td><strong>B\u1ea3o v\u1ec7 ng\u1eafn m\u1ea1ch<\/strong><\/td>\n<td colspan=\"3\">\n<p align=\"center\"><strong>B\u1eb1ng MCCB v\u1edbi 32A, 40A, 63A<\/strong><\/p>\n<\/td>\n<\/tr>\n<\/tbody>\n<\/table>\n<p><em>Trong nhi\u1ec1u th\u1eadp k\u1ef7, c\u00e1c chuy\u00ean gia ch\u1ed1ng s\u00e9t LPI \u0111\u00e3 t\u01b0 v\u1ea5n, thi\u1ebft k\u1ebf, l\u1eafp \u0111\u1eb7t, \u0111\u00e0o t\u1ea1o, ch\u1ee9ng nh\u1eadn, v\u1eadn h\u00e0nh h\u1ec7 th\u1ed1ng ch\u1ed1ng s\u00e9t cho kh\u00e1ch h\u00e0ng \u1edf nh\u1eefng khu v\u1ef1c d\u1ec5 b\u1ecb s\u00e9t \u0111\u00e1nh tr\u00ean th\u1ebf gi\u1edbi trong nhi\u1ec1u l\u0129nh v\u1ef1c kh\u00e1c nhau nh\u01b0: H\u00e0ng kh\u00f4ng d\u00e2n s\u1ef1 v\u00e0 qu\u00e2n s\u1ef1, d\u1ea7u kh\u00ed, c\u00e1c t\u00f2a nh\u00e0, kh\u00e1ch s\u1ea1n, vi\u1ec5n th\u00f4ng, trung t\u00e2m th\u1ec3 thao, khai th\u00e1c m\u1ecf, n\u0103ng l\u01b0\u1ee3ng, v\u1eadn t\u1ea3i, di t\u00edch l\u1ecbch s\u1eed\u2026<\/em><\/p>\n<p><em>Ch\u1ee9ng nh\u1eadn h\u1ec7 th\u1ed1ng qu\u1ea3n l\u00fd ch\u1ea5t l\u01b0\u1ee3ng ISO9001:2000, s\u1ea3n ph\u1ea9m LPI ph\u00f9 h\u1ee3p v\u1edbi c\u00e1c ti\u00eau chu\u1ea9n qu\u1ed1c t\u1ebf, c\u00e1c ch\u1ee9ng nh\u1eadn: UL, IEC, NF C 17-102(2011), IEEE v\u00e0 AS\/NZS 1768-2007.<\/em><\/p>\n","protected":false},"excerpt":{"rendered":"<p><em>\u2013 C\u00f3 d\u1ea3i \u0111i\u1ec7n \u00e1p ho\u1ea1t \u0111\u1ed9ng 220\u00f7277Vac;<\/em><\/p>\n<p><em>\u2013 S\u1eed d\u1ee5ng c\u00f4ng ngh\u1ec7 SSTB150 \u0111\u1ec3 b\u1ea3o v\u1ec7 \u0111i\u1ec7n \u00e1p xoay chi\u1ec1u 1 pha ho\u1eb7c 3 pha;<\/em><\/p>\n<p><em>\u2013 Thi\u1ebft b\u1ecb c\u1eaft l\u1ecdc s\u00e9t lan truy\u1ec1n LPI \u0111\u01b0\u1eddng ngu\u1ed3n h\u1ea1 \u00e1p. B\u1ea3o v\u1ec7 c\u00e1c thi\u1ebft b\u1ecb nh\u1ea1y c\u1ea3m v\u1edbi 03 m\u1ee9c b\u1ea3o v\u1ec7 C\u1eaft s\u00e9t s\u01a1 c\u1ea5p, l\u1ecdc s\u00e9t, c\u1eaft s\u00e9t th\u1ee9 c\u1ea5p.<\/em><\/p>\n","protected":false},"featured_media":2948,"comment_status":"open","ping_status":"closed","template":"","meta":[],"product_cat":[218],"product_tag":[],"jetpack-related-posts":[{"id":2945,"url":"https:\/\/tp-electric.vn\/index.php\/san-pham\/sf132a-ne-lpi-thiet-bi-cat-loc-set-1-pha\/","url_meta":{"origin":2947,"position":0},"title":"SF132A-NE-LPI -Thi\u1ebft b\u1ecb c\u1eaft l\u1ecdc s\u00e9t 1 pha","author":"","date":"13\/02\/2023","format":false,"excerpt":"C\u1eaeT L\u1eccC S\u00c9T 1 PHA LPI SF132A-NE: l\u00e0 t\u1ee7 c\u1eaft l\u1ecdc s\u00e9t 01 pha, d\u00f2ng t\u1ea3i 32A, l\u1eafp n\u1ed1i ti\u1ebfp CB, d\u00f2ng s\u00e9t s\u01a1 c\u1ea5p 100kA, th\u1ee9 c\u1ea5p 50kA, ch\u1ecbu \u00e1p t\u1ed1i \u0111a 385V, ch\u01b0a c\u00f3 b\u1ed9 \u0111\u1ebfm, Thi\u1ebft b\u1ecb c\u1eaft l\u1ecdc s\u00e9t 1 pha, 32A, v\u1edbi b\u1ea3o v\u1ec7 c\u1ea5p\u2026","rel":"","context":"Similar post","block_context":{"text":"Similar post","link":""},"img":{"alt_text":"","src":"","width":0,"height":0},"classes":[]},{"id":2951,"url":"https:\/\/tp-electric.vn\/index.php\/san-pham\/lanrj45-cat6-lpi-thiet-bi-chong-set-cho-duong-mang-may-tinh\/","url_meta":{"origin":2947,"position":1},"title":"LANRJ45-CAT6-LPI-Thi\u1ebft b\u1ecb ch\u1ed1ng s\u00e9t cho \u0111\u01b0\u1eddng m\u1ea1ng m\u00e1y t\u00ednh","author":"","date":"13\/02\/2023","format":false,"excerpt":"\u0110\u1eb7c \u0111i\u1ec3m c\u1ee7a thi\u1ebft b\u1ecb ch\u1ed1ng s\u00e9t LPI LAN-RJ45-CAT6 B\u1ea3o v\u1ec7 s\u00e9t lan truy\u1ec1n cho m\u00e1y t\u00ednh, Server v\u00e0 c\u00e1c thi\u1ebft b\u1ecb t\u01b0\u01a1ng t\u1ef1 \u0111\u01b0\u1ee3c k\u1ebft n\u1ed1i v\u1edbi m\u1ea1ng d\u1eef li\u1ec7u s\u1eed d\u1ee5ng c\u00e1p m\u1ea1ng cat6, s\u1ea3n ph\u1ea9m s\u1eed d\u1ee5ng cho \u0111\u01b0\u1eddng truy\u1ec1n m\u1ea1ng t\u1ed1c \u0111\u1ed9 cao n\u00ean \u0111\u1ebfn 1000Mb\/s,\u2026","rel":"","context":"Similar post","block_context":{"text":"Similar post","link":""},"img":{"alt_text":"","src":"https:\/\/i0.wp.com\/tp-electric.vn\/wp-content\/uploads\/2023\/02\/LPI-chong-set-4.jpg?fit=600%2C576&ssl=1&resize=350%2C200","width":350,"height":200},"classes":[]},{"id":2955,"url":"https:\/\/tp-electric.vn\/index.php\/san-pham\/dd-1t-lpi-thiet-bi-chong-set-1-doi-day-dien-thoai\/","url_meta":{"origin":2947,"position":2},"title":"DD-1T- LPI-Thi\u1ebft b\u1ecb ch\u1ed1ng s\u00e9t 1 \u0111\u00f4i d\u00e2y \u0111i\u1ec7n tho\u1ea1i","author":"","date":"13\/02\/2023","format":false,"excerpt":"\u0110\u1eb7c \u0111i\u1ec3m c\u1ee7a thi\u1ebft b\u1ecb ch\u1ed1ng s\u00e9t DD-1T \u25cf\u00a0Ch\u1ed1ng s\u00e9t tr\u00ean \u0111\u01b0\u1eddng \u0111i\u1ec7n tho\u1ea1i v\u00e0 \u0111\u01b0\u1eddng d\u1eef li\u1ec7u \u25cf B\u1ea3o v\u1ec7 \u0111i\u1ec7n \u00e1p cao th\u1ebf \/ nhi\u1ec1u c\u1ea5p \u0111\u1ed9 b\u1ea3o v\u1ec7 \u25cf C\u1eafm tr\u1ef1c ti\u1ebfp v\u00e0o phi\u1ebfn Krone \u25cf B\u1ea3o v\u1ec7 01 \u0111\u00f4i d\u00e2y \u25cf Ch\u1ed1ng s\u00e9t tr\u00ean \u0111\u01b0\u1eddng \u0111i\u1ec7n\u2026","rel":"","context":"Similar post","block_context":{"text":"Similar post","link":""},"img":{"alt_text":"","src":"https:\/\/i0.wp.com\/tp-electric.vn\/wp-content\/uploads\/2023\/02\/LPI-chong-set-5.jpg?fit=600%2C576&ssl=1&resize=350%2C200","width":350,"height":200},"classes":[]},{"id":2937,"url":"https:\/\/tp-electric.vn\/index.php\/san-pham\/aptomat-chong-set-lan-truyen-truc-tiep-abb\/","url_meta":{"origin":2947,"position":3},"title":"APTOMAT CH\u1ed0NG S\u00c9T LAN TRUY\u1ec0N TR\u1ef0C TI\u1ebeP ABB","author":"","date":"13\/02\/2023","format":false,"excerpt":"Aptomat ch\u1ed1ng s\u00e9t lan truy\u1ec1n tr\u1ef1c ti\u1ebfp ABB d\u00f2ng s\u1ea3n ph\u1ea9m c\u00f3 ch\u1ee9c n\u0103ng b\u1ea3o v\u1ec7 s\u00e9t \u0111\u00e1nh tr\u1ef1c ti\u1ebfp cho h\u1ec7 th\u1ed1ng \u0111i\u1ec7n, b\u1ea3o v\u1ec7 qu\u00e1 \u0111i\u1ec7n \u00e1p cho c\u00e1c thi\u1ebft b\u1ecb \u0111i\u1ec7n d\u00e2n d\u1ee5ng, c\u00f4ng nghi\u1ec7p. \u00a0\u01afU \u0110I\u1ec2M: Ch\u1ed1ng s\u00e9t \u0111\u00e1nh tr\u1ef1c ti\u1ebfp cho c\u00e1c thi\u1ebft b\u1ecb \u0111i\u1ec7n\u2026","rel":"","context":"Similar post","block_context":{"text":"Similar post","link":""},"img":{"alt_text":"","src":"https:\/\/i0.wp.com\/tp-electric.vn\/wp-content\/uploads\/2023\/02\/CS-TT.png?fit=1200%2C1200&ssl=1&resize=350%2C200","width":350,"height":200,"srcset":"https:\/\/i0.wp.com\/tp-electric.vn\/wp-content\/uploads\/2023\/02\/CS-TT.png?fit=1200%2C1200&ssl=1&resize=350%2C200 1x, https:\/\/i0.wp.com\/tp-electric.vn\/wp-content\/uploads\/2023\/02\/CS-TT.png?fit=1200%2C1200&ssl=1&resize=700%2C400 2x, https:\/\/i0.wp.com\/tp-electric.vn\/wp-content\/uploads\/2023\/02\/CS-TT.png?fit=1200%2C1200&ssl=1&resize=1050%2C600 3x"},"classes":[]},{"id":2949,"url":"https:\/\/tp-electric.vn\/index.php\/san-pham\/cf90-lpi-thiet-bi-chong-set-theo-duong-feeder-duong-du-lieu-toc-do-cao-cap-dong-truc\/","url_meta":{"origin":2947,"position":4},"title":"CF90-LPI -Thi\u1ebft b\u1ecb ch\u1ed1ng s\u00e9t theo \u0111\u01b0\u1eddng feeder, \u0111\u01b0\u1eddng d\u1eef li\u1ec7u t\u1ed1c \u0111\u1ed9 cao, c\u00e1p \u0111\u1ed3ng tr\u1ee5c","author":"","date":"13\/02\/2023","format":false,"excerpt":"h\u1ed1ng s\u00e9t lan truy\u1ec1n LPI CF90 : Ch\u1ed1ng s\u00e9t lan truy\u1ec1n theo \u0111\u01b0\u1eddng feeder, \u0111\u01b0\u1eddng d\u1eef li\u1ec7u t\u1ed1c \u0111\u1ed9 cao, c\u00e1p \u0111\u1ed3ng tr\u1ee5c\u2026 Gi\u00fap ch\u1ed1ng s\u00e9t lan truy\u1ec1n theo \u0111\u01b0\u1eddng Feeder RF, c\u00e1p \u0111\u1ed3ng tr\u1ee5c. \u0110\u1ecbnh m\u1ee9c xung cao 20kA, 8\/20\u03bcs . Tr\u1edf kh\u00e1ng \u0111\u1eb7t tr\u01b0ng: 50 Ohm, 75 Ohm","rel":"","context":"Similar post","block_context":{"text":"Similar post","link":""},"img":{"alt_text":"","src":"https:\/\/i0.wp.com\/tp-electric.vn\/wp-content\/uploads\/2023\/02\/LPI-chong-set-3.jpg?fit=472%2C447&ssl=1&resize=350%2C200","width":350,"height":200},"classes":[]},{"id":2995,"url":"https:\/\/tp-electric.vn\/index.php\/san-pham\/thiet-bi-dem-set-lsr2-stormaster-lpi-uc\/","url_meta":{"origin":2947,"position":5},"title":"Thi\u1ebft b\u1ecb \u0111\u1ebfm s\u00e9t LSR2 Stormaster LPI-\u00dac","author":"","date":"14\/02\/2023","format":false,"excerpt":"Th\u00f4ng Tin S\u1ea3n Ph\u1ea9m: \u2013 Thi\u1ebft b\u1ecb \u0111\u1ebfm s\u00e9t LPI LSR 2 (Lightning Counter LSR2). \u2013 Lo\u1ea1i:\u00a0LSR2 \u2013 M\u00e0u s\u1eafc: Xanh \u2013 H\u00e3ng s\u1ea3n xu\u1ea5t: LPI. \u2013 Xu\u1ea5t x\u1ee9: \u00dac. \u2013 Th\u1eddi gian b\u1ea3o h\u00e0nh: B\u1ea3o h\u00e0nh 12 th\u00e1ng.","rel":"","context":"Similar post","block_context":{"text":"Similar post","link":""},"img":{"alt_text":"","src":"https:\/\/i0.wp.com\/tp-electric.vn\/wp-content\/uploads\/2023\/02\/2-4.png?fit=850%2C850&ssl=1&resize=350%2C200","width":350,"height":200,"srcset":"https:\/\/i0.wp.com\/tp-electric.vn\/wp-content\/uploads\/2023\/02\/2-4.png?fit=850%2C850&ssl=1&resize=350%2C200 1x, https:\/\/i0.wp.com\/tp-electric.vn\/wp-content\/uploads\/2023\/02\/2-4.png?fit=850%2C850&ssl=1&resize=700%2C400 2x"},"classes":[]}],"_links":{"self":[{"href":"https:\/\/tp-electric.vn\/index.php\/wp-json\/wp\/v2\/product\/2947"}],"collection":[{"href":"https:\/\/tp-electric.vn\/index.php\/wp-json\/wp\/v2\/product"}],"about":[{"href":"https:\/\/tp-electric.vn\/index.php\/wp-json\/wp\/v2\/types\/product"}],"replies":[{"embeddable":true,"href":"https:\/\/tp-electric.vn\/index.php\/wp-json\/wp\/v2\/comments?post=2947"}],"wp:featuredmedia":[{"embeddable":true,"href":"https:\/\/tp-electric.vn\/index.php\/wp-json\/wp\/v2\/media\/2948"}],"wp:attachment":[{"href":"https:\/\/tp-electric.vn\/index.php\/wp-json\/wp\/v2\/media?parent=2947"}],"wp:term":[{"taxonomy":"product_cat","embeddable":true,"href":"https:\/\/tp-electric.vn\/index.php\/wp-json\/wp\/v2\/product_cat?post=2947"},{"taxonomy":"product_tag","embeddable":true,"href":"https:\/\/tp-electric.vn\/index.php\/wp-json\/wp\/v2\/product_tag?post=2947"}],"curies":[{"name":"wp","href":"https:\/\/api.w.org\/{rel}","templated":true}]}}