{"id":2942,"date":"2023-02-13T15:55:30","date_gmt":"2023-02-13T08:55:30","guid":{"rendered":"https:\/\/tp-electric.vn\/?post_type=product&#038;p=2942"},"modified":"2024-12-12T15:10:13","modified_gmt":"2024-12-12T08:10:13","slug":"aptomat-mccb-formula-abb","status":"publish","type":"product","link":"https:\/\/tp-electric.vn\/index.php\/san-pham\/aptomat-mccb-formula-abb\/","title":{"rendered":"APTOMAT MCCB FORMULA ABB"},"content":{"rendered":"<p><strong>QUY C\u00c1CH:<\/strong><\/p>\n<ul>\n<li>Formula MCCB 1P 20A 18kA A1C1P, D\u00f2ng \u0111\u1ecbnh m\u1ee9c: 20A, D\u00f2ng c\u1eaft 18kA, lo\u1ea1i A1C<\/li>\n<li>Formula MCCB 1P 25A 18kA A1C1P, D\u00f2ng \u0111\u1ecbnh m\u1ee9c: 25A, D\u00f2ng c\u1eaft 18kA, lo\u1ea1i A1C<\/li>\n<li>Formula MCCB 1P 30A 18kA A1C1P, D\u00f2ng \u0111\u1ecbnh m\u1ee9c: 30A, D\u00f2ng c\u1eaft 18kA, lo\u1ea1i A1C<\/li>\n<li>Formula MCCB 1P 32A 18kA A1C1P, D\u00f2ng \u0111\u1ecbnh m\u1ee9c: 32A, D\u00f2ng c\u1eaft 18kA, lo\u1ea1i A1C<\/li>\n<li>Formula MCCB 1P 40A 18kA A1C1P, D\u00f2ng \u0111\u1ecbnh m\u1ee9c: 40A, D\u00f2ng c\u1eaft 18kA, lo\u1ea1i A1C<\/li>\n<li>Formula MCCB 1P 50A 18kA A1C1P, D\u00f2ng \u0111\u1ecbnh m\u1ee9c: 50A, D\u00f2ng c\u1eaft 18kA, lo\u1ea1i A1C<\/li>\n<li>Formula MCCB 1P 60A 18kA A1C1P, D\u00f2ng \u0111\u1ecbnh m\u1ee9c: 60A, D\u00f2ng c\u1eaft 18kA, lo\u1ea1i A1C<\/li>\n<li>Formula MCCB 1P 63A 18kA A1C1P, D\u00f2ng \u0111\u1ecbnh m\u1ee9c: 63A, D\u00f2ng c\u1eaft 18kA, lo\u1ea1i A1C<\/li>\n<li>Formula MCCB 1P 70A 18kA A1C1P, D\u00f2ng \u0111\u1ecbnh m\u1ee9c: 70A, D\u00f2ng c\u1eaft 18kA, lo\u1ea1i A1C<\/li>\n<li>Formula MCCB 1P 80A 18kA A1C1P, D\u00f2ng \u0111\u1ecbnh m\u1ee9c: 80A, D\u00f2ng c\u1eaft 18kA, lo\u1ea1i A1C<\/li>\n<li>Formula MCCB 1P 90A 18kA A1C1P, D\u00f2ng \u0111\u1ecbnh m\u1ee9c: 90A, D\u00f2ng c\u1eaft 18kA, lo\u1ea1i A1C<\/li>\n<li>Formula MCCB 1P 100A 18kA A1C1P, D\u00f2ng \u0111\u1ecbnh m\u1ee9c: 100A, D\u00f2ng c\u1eaft 18kA, lo\u1ea1i A1C<\/li>\n<li>Formula MCCB 1P 125A 18kA A1C1P, D\u00f2ng \u0111\u1ecbnh m\u1ee9c: 125A, D\u00f2ng c\u1eaft 18kA, lo\u1ea1i A1C<\/li>\n<li>Formula MCCB 1P 150A 18kA A2C1P, D\u00f2ng \u0111\u1ecbnh m\u1ee9c: 150A, D\u00f2ng c\u1eaft 18kA, lo\u1ea1i A2C<\/li>\n<li>Formula MCCB 1P 160A 18kA A2C1P, D\u00f2ng \u0111\u1ecbnh m\u1ee9c: 160A, D\u00f2ng c\u1eaft 18kA, lo\u1ea1i A2C<\/li>\n<li>Formula MCCB 1P 175A 18kA A2C1P, D\u00f2ng \u0111\u1ecbnh m\u1ee9c: 175A, D\u00f2ng c\u1eaft 18kA, lo\u1ea1i A2C<\/li>\n<li>Formula MCCB 1P 200A 18kA A2C1P, D\u00f2ng \u0111\u1ecbnh m\u1ee9c: 200A, D\u00f2ng c\u1eaft 18kA, lo\u1ea1i A2C<\/li>\n<li>Formula MCCB 1P 225A 18kA A2C1P, D\u00f2ng \u0111\u1ecbnh m\u1ee9c: 225A, D\u00f2ng c\u1eaft 18kA, lo\u1ea1i A2C<\/li>\n<li>Formula MCCB 1P 250A 18kA A2C1P, D\u00f2ng \u0111\u1ecbnh m\u1ee9c: 250A, D\u00f2ng c\u1eaft 18kA, lo\u1ea1i A2C<\/li>\n<li>Formula MCCB 1P 20A 25kA A1N1P, D\u00f2ng \u0111\u1ecbnh m\u1ee9c: 20A, D\u00f2ng c\u1eaft 25kA, lo\u1ea1i A1N<\/li>\n<li>Formula MCCB 1P 100A 18kA A1C1P, D\u00f2ng \u0111\u1ecbnh m\u1ee9c: 100A, D\u00f2ng c\u1eaft 18kA, lo\u1ea1i A1C<\/li>\n<li>Formula MCCB 1P 125A 18kA A1C1P, D\u00f2ng \u0111\u1ecbnh m\u1ee9c: 125A, D\u00f2ng c\u1eaft 18kA, lo\u1ea1i A1C<\/li>\n<li>Formula MCCB 1P 150A 18kA A2C1P, D\u00f2ng \u0111\u1ecbnh m\u1ee9c: 150A, D\u00f2ng c\u1eaft 18kA, lo\u1ea1i A2C<\/li>\n<li>Formula MCCB 1P 160A 18kA A2C1P, D\u00f2ng \u0111\u1ecbnh m\u1ee9c: 160A, D\u00f2ng c\u1eaft 18kA, lo\u1ea1i A2C<\/li>\n<li>Formula MCCB 1P 175A 18kA A2C1P, D\u00f2ng \u0111\u1ecbnh m\u1ee9c: 175A, D\u00f2ng c\u1eaft 18kA, lo\u1ea1i A2C<\/li>\n<li>Formula MCCB 1P 200A 18kA A2C1P, D\u00f2ng \u0111\u1ecbnh m\u1ee9c: 200A, D\u00f2ng c\u1eaft 18kA, lo\u1ea1i A2C<\/li>\n<li>Formula MCCB 1P 225A 18kA A2C1P, D\u00f2ng \u0111\u1ecbnh m\u1ee9c: 225A, D\u00f2ng c\u1eaft 18kA, lo\u1ea1i A2C<\/li>\n<li>Formula MCCB 1P 250A 18kA A2C1P, D\u00f2ng \u0111\u1ecbnh m\u1ee9c: 250A, D\u00f2ng c\u1eaft 18kA, lo\u1ea1i A2C<\/li>\n<li>Formula MCCB 1P 20A 25kA A1N1P, D\u00f2ng \u0111\u1ecbnh m\u1ee9c: 20A, D\u00f2ng c\u1eaft 25kA, lo\u1ea1i A1N<\/li>\n<li>Formula MCCB 1P 25A 25kA A1N1P, D\u00f2ng \u0111\u1ecbnh m\u1ee9c: 25A, D\u00f2ng c\u1eaft 25kA, lo\u1ea1i A1N<\/li>\n<li>Formula MCCB 1P 30A 25kA A1N1P, D\u00f2ng \u0111\u1ecbnh m\u1ee9c: 30A, D\u00f2ng c\u1eaft 25kA, lo\u1ea1i A1N<\/li>\n<li>Formula MCCB 1P 32A 25kA A1N1P, D\u00f2ng \u0111\u1ecbnh m\u1ee9c: 32A, D\u00f2ng c\u1eaft 25kA, lo\u1ea1i A1N<\/li>\n<li>Formula MCCB 1P 40A 25kA A1N1P, D\u00f2ng \u0111\u1ecbnh m\u1ee9c: 40A, D\u00f2ng c\u1eaft 25kA, lo\u1ea1i A1N<\/li>\n<li>Formula MCCB 1P 50A 25kA A1N1P, D\u00f2ng \u0111\u1ecbnh m\u1ee9c: 50A, D\u00f2ng c\u1eaft 25kA, lo\u1ea1i A1N<\/li>\n<li>Formula MCCB 1P 60A 25kA A1N1P, D\u00f2ng \u0111\u1ecbnh m\u1ee9c: 60A, D\u00f2ng c\u1eaft 25kA, lo\u1ea1i A1N<\/li>\n<li>Formula MCCB 1P 63A 25kA A1N1P, D\u00f2ng \u0111\u1ecbnh m\u1ee9c: 63A, D\u00f2ng c\u1eaft 25kA, lo\u1ea1i A1N<\/li>\n<li>Formula MCCB 1P 70A 25kA A1N1P, D\u00f2ng \u0111\u1ecbnh m\u1ee9c: 70A, D\u00f2ng c\u1eaft 25kA, lo\u1ea1i A1N<\/li>\n<li>Formula MCCB 1P 80A 25kA A1N1P, D\u00f2ng \u0111\u1ecbnh m\u1ee9c: 80A, D\u00f2ng c\u1eaft 25kA, lo\u1ea1i A1N<\/li>\n<li>Formula MCCB 1P 90A 25kA A1N1P, D\u00f2ng \u0111\u1ecbnh m\u1ee9c: 90A, D\u00f2ng c\u1eaft 25kA, lo\u1ea1i A1N<\/li>\n<li>Formula MCCB 1P 100A 25kA A1N1P, D\u00f2ng \u0111\u1ecbnh m\u1ee9c: 100A, D\u00f2ng c\u1eaft 25kA, lo\u1ea1i A1N<\/li>\n<li>Formula MCCB 1P 125A 25kA A1N1P, D\u00f2ng \u0111\u1ecbnh m\u1ee9c: 125A, D\u00f2ng c\u1eaft 25kA, lo\u1ea1i A1N<\/li>\n<li>Formula MCCB 1P 150A 25kA A2N1P, D\u00f2ng \u0111\u1ecbnh m\u1ee9c: 150A, D\u00f2ng c\u1eaft 25kA, lo\u1ea1i A2N<\/li>\n<li>Formula MCCB 1P 160A 25kA A2N1P, D\u00f2ng \u0111\u1ecbnh m\u1ee9c: 160A, D\u00f2ng c\u1eaft 25kA, lo\u1ea1i A2N<\/li>\n<li>Formula MCCB 1P 175A 25kA A2N1P, D\u00f2ng \u0111\u1ecbnh m\u1ee9c: 175A, D\u00f2ng c\u1eaft 25kA, lo\u1ea1i A2N<\/li>\n<li>Formula MCCB 1P 200A 25kA A2N1P, D\u00f2ng \u0111\u1ecbnh m\u1ee9c: 200A, D\u00f2ng c\u1eaft 25kA, lo\u1ea1i A2N<\/li>\n<li>Formula MCCB 1P 225A 25kA A2N1P, D\u00f2ng \u0111\u1ecbnh m\u1ee9c: 225A, D\u00f2ng c\u1eaft 25kA, lo\u1ea1i A2N<\/li>\n<li>Formula MCCB 1P 250A 25kA A2N1P, D\u00f2ng \u0111\u1ecbnh m\u1ee9c: 250A, D\u00f2ng c\u1eaft 25kA, lo\u1ea1i A2N<\/li>\n<li>Formula MCCB 2P 20A 25kA A1N2P, D\u00f2ng \u0111\u1ecbnh m\u1ee9c: 20A, D\u00f2ng c\u1eaft 25kA, lo\u1ea1i A1N<\/li>\n<li>Formula MCCB 2P 25A 25kA A1N2P, D\u00f2ng \u0111\u1ecbnh m\u1ee9c: 25A, D\u00f2ng c\u1eaft 25kA, lo\u1ea1i A1N<\/li>\n<li>Formula MCCB 2P 30A 25kA A1N2P, D\u00f2ng \u0111\u1ecbnh m\u1ee9c: 30A, D\u00f2ng c\u1eaft 25kA, lo\u1ea1i A1N<\/li>\n<li>Formula MCCB 2P 32A 25kA A1N2P, D\u00f2ng \u0111\u1ecbnh m\u1ee9c: 32A, D\u00f2ng c\u1eaft 25kA, lo\u1ea1i A1N<\/li>\n<li>Formula MCCB 2P 40A 25kA A1N2P, D\u00f2ng \u0111\u1ecbnh m\u1ee9c: 40A, D\u00f2ng c\u1eaft 25kA, lo\u1ea1i A1N<\/li>\n<li>Formula MCCB 2P 50A 25kA A1N2P, D\u00f2ng \u0111\u1ecbnh m\u1ee9c: 50A, D\u00f2ng c\u1eaft 25kA, lo\u1ea1i A1N<\/li>\n<li>Formula MCCB 2P 60A 25kA A1N2P, D\u00f2ng \u0111\u1ecbnh m\u1ee9c: 60A, D\u00f2ng c\u1eaft 25kA, lo\u1ea1i A1N<\/li>\n<li>Formula MCCB 2P 63A 25kA A1N2P, D\u00f2ng \u0111\u1ecbnh m\u1ee9c: 63A, D\u00f2ng c\u1eaft 25kA, lo\u1ea1i A1N<\/li>\n<li>Formula MCCB 2P 70A 25kA A1N2P, D\u00f2ng \u0111\u1ecbnh m\u1ee9c: 70A, D\u00f2ng c\u1eaft 25kA, lo\u1ea1i A1N<\/li>\n<li>Formula MCCB 2P 80A 25kA A1N2P, D\u00f2ng \u0111\u1ecbnh m\u1ee9c: 80A, D\u00f2ng c\u1eaft 25kA, lo\u1ea1i A1N<\/li>\n<li>Formula MCCB 2P 90A 25kA A1N2P, D\u00f2ng \u0111\u1ecbnh m\u1ee9c: 90A, D\u00f2ng c\u1eaft 25kA, lo\u1ea1i A1N<\/li>\n<li>Formula MCCB 2P 100A 25kA A1N2P, D\u00f2ng \u0111\u1ecbnh m\u1ee9c: 100A, D\u00f2ng c\u1eaft 25kA, lo\u1ea1i A1N<\/li>\n<li>Formula MCCB 2P 125A 25kA A1N2P, D\u00f2ng \u0111\u1ecbnh m\u1ee9c: 125A, D\u00f2ng c\u1eaft 25kA, lo\u1ea1i A1N<\/li>\n<li>Formula MCCB 2P 150A 25kA A2N2P, D\u00f2ng \u0111\u1ecbnh m\u1ee9c: 150A, D\u00f2ng c\u1eaft 25kA, lo\u1ea1i A2N<\/li>\n<li>Formula MCCB 2P 160A 25kA A2N2P, D\u00f2ng \u0111\u1ecbnh m\u1ee9c: 160A, D\u00f2ng c\u1eaft 25kA, lo\u1ea1i A2N<\/li>\n<li>Formula MCCB 2P 175A 25kA A2N2P, D\u00f2ng \u0111\u1ecbnh m\u1ee9c: 175A, D\u00f2ng c\u1eaft 25kA, lo\u1ea1i A2N<\/li>\n<li>Formula MCCB 2P 200A 25kA A2N2P, D\u00f2ng \u0111\u1ecbnh m\u1ee9c: 200A, D\u00f2ng c\u1eaft 25kA, lo\u1ea1i A2N<\/li>\n<li>Formula MCCB 2P 225A 25kA A2N2P, D\u00f2ng \u0111\u1ecbnh m\u1ee9c: 225A, D\u00f2ng c\u1eaft 25kA, lo\u1ea1i A2N<\/li>\n<li>Formula MCCB 2P 250A 25kA A2N2P, D\u00f2ng \u0111\u1ecbnh m\u1ee9c: 250A, D\u00f2ng c\u1eaft 25kA, lo\u1ea1i A2N<\/li>\n<li>SOR-C 12 VDCCu\u1ed9n Ng\u1eaft 12Vdc A1,A2<\/li>\n<li>SOR-C 24\u202630 VAC\/DCCu\u1ed9n Ng\u1eaft 24-30Vac\/dc A1,A2<\/li>\n<li>SOR-C 48\u202660 VAC\/DCCu\u1ed9n Ng\u1eaft 48-60Vac\/dc A1,A2<\/li>\n<li>SOR-C 110-127V AC;110-125VDCCu\u1ed9n Ng\u1eaft 110-127Vac, 110-125Vdc A1,A2<\/li>\n<li>SOR-C 220-240VAC;220-250VDCCu\u1ed9n Ng\u1eaft 220-240Vac, 220-250Vdc A1,A2<\/li>\n<li>SOR-C 380\u2026440 VACCu\u1ed9n Ng\u1eaft 380-440Vac A1,A2<\/li>\n<li>SOR-C 480\u2026500 VACCu\u1ed9n Ng\u1eaft 480-525Vac A1,A2<\/li>\n<li>SOR-C 12 VDCCu\u1ed9n Ng\u1eaft 12Vdc A3<\/li>\n<li>SOR-C 24\u202630 VAC\/DCCu\u1ed9n Ng\u1eaft 24-30Vac\/dc A3<\/li>\n<li>SOR-C 48\u202660 VAC\/DCvCu\u1ed9n Ng\u1eaft 48-60Vac\/dc A3<\/li>\n<li>SOR-C 110-127V AC;110-125VDCCu\u1ed9n Ng\u1eaft 110-127Vac, 110-125Vdc A3<\/li>\n<li>SOR-C 220-240VAC;220-250VDCCu\u1ed9n Ng\u1eaft 220-240Vac, 220-250Vdc A3<\/li>\n<li>SOR-C 380\u2026440 VACCu\u1ed9n Ng\u1eaft 380-440Vac A3<\/li>\n<li>SOR-C 480\u2026500 VACCu\u1ed9n Ng\u1eaft 480-525Vac A3<\/li>\n<li>AUX-C 1Q 1SY 250 V AC\/DC 3-4 polesTi\u1ebfp \u0110i\u1ec1m Ph\u1ee5 1Q-1Sy (A1-A2)<\/li>\n<li>AUX-C 2Q 1SY 250 V AC\/DC 3-4 polesTi\u1ebfp \u0110i\u1ec3m Ph\u1ee5 2Q-1Sy (A1-A2)<\/li>\n<li>AUX-C 1Q 1SY 250 V AC\/DC 2 poles A1Ti\u1ebfp \u0111i\u1ec3m ph\u1ee5 250Vac 1Q + 1SY A1<\/li>\n<li>AUX-C 1Q 1SY 250 V AC\/DC 2 poles A2Ti\u1ebfp \u0111i\u1ec3m ph\u1ee5 250Vac 2Q + 1SY A2<\/li>\n<li>AUX-C 1Q 1SY 250 V AC\/DC 3-4 polesTi\u1ebfp \u0110i\u1ec1m Ph\u1ee5 1Q-1Sy (A3)<\/li>\n<li>AUX-C 3Q 1SY 250 V AC\/DCTi\u1ebfp \u0110i\u1ec1m Ph\u1ee5 3Q-1Sy (A3)<\/li>\n<li>AUE-CTi\u1ebfp \u0111i\u1ec3m ph\u1ee5 \u0111\u00f3ng tr\u01b0\u1edbc cho A1, A2<\/li>\n<li>UVR-C 24\u202630 V AC \/ DCCu\u1ed9n b\u1ea3o v\u1ec7 th\u1ea5p \u00e1p 24-30Vac\/dc A1,A2<\/li>\n<li>UVR-C 48 V AC \/ DCCu\u1ed9n b\u1ea3o v\u1ec7 th\u1ea5p \u00e1p 48Vac\/dc A1,A2<\/li>\n<li>UVR-C 110-127V AC;110-125VDCCu\u1ed9n b\u1ea3o v\u1ec7 th\u1ea5p \u00e1p 110-127Vac, 110-125Vdc A1,A2<\/li>\n<li>UVR-C 220-240V AC;220-250VDCCu\u1ed9n b\u1ea3o v\u1ec7 th\u1ea5p \u00e1p 220-240Vac, 220-250Vdc A1,A2<\/li>\n<li>UVR-C 380\u2026440 V ACCu\u1ed9n b\u1ea3o v\u1ec7 th\u1ea5p \u00e1p 380-440Vac A1,A2<\/li>\n<li>UVR-C 480\u2026500 V ACCu\u1ed9n b\u1ea3o v\u1ec7 th\u1ea5p \u00e1p 480-525Vac A1,A2<\/li>\n<li>UVR-C 24\u202630 V AC \/ DCCu\u1ed9n b\u1ea3o v\u1ec7 th\u1ea5p \u00e1p 24-30Vac\/dc A3<\/li>\n<li>UVR-C 48 V AC \/ DCCu\u1ed9n b\u1ea3o v\u1ec7 th\u1ea5p \u00e1p 48Vac\/dc A3<\/li>\n<li>UVR-C 110-127V AC;110-125VDCCu\u1ed9n b\u1ea3o v\u1ec7 th\u1ea5p \u00e1p 110-127Vac, 110-125Vdc A3<\/li>\n<li>UVR-C 220-240V AC;220-250VDCCu\u1ed9n b\u1ea3o v\u1ec7 th\u1ea5p \u00e1p 220-240Vac, 220-250Vdc A3<\/li>\n<li>UVR-C 380\u2026440 V ACCu\u1ed9n b\u1ea3o v\u1ec7 th\u1ea5p \u00e1p 380-440Vac A3<\/li>\n<li>UVR-C 480\u2026500 V ACCu\u1ed9n b\u1ea3o v\u1ec7 th\u1ea5p \u00e1p 480-525Vac A3<\/li>\n<li>RHDTay n\u1eafm xoay tr\u1ef1c ti\u1ebfp Rhd (A1+A2)<\/li>\n<li>RHETay Xoay N\u1ed1i D\u00e0i (A1-A2)<\/li>\n<li>RHDRhd &#8211; Tay N\u1eafm Xoay Tr\u1ef1c Ti\u1ebfp D\u00f9ng Cho A3<\/li>\n<li>RHETay Xoay N\u1ed1i D\u00e0i (A3)<\/li>\n<li>Front Lock DoorFront Lock Door ( Fld ) G\u1eafn \u1ede M\u1eb7t Tr\u01b0\u1edbc Mccb<\/li>\n<li>Formula MCCB 3P 20A 25kA A1C3P, D\u00f2ng \u0111\u1ecbnh m\u1ee9c: 20A, D\u00f2ng c\u1eaft 25kA, lo\u1ea1i A1C<\/li>\n<li>Formula MCCB 3P 25A 25kA A1C3P, D\u00f2ng \u0111\u1ecbnh m\u1ee9c: 25A, D\u00f2ng c\u1eaft 25kA, lo\u1ea1i A1C<\/li>\n<li>Formula MCCB 3P 30A 25kA A1C3P, D\u00f2ng \u0111\u1ecbnh m\u1ee9c: 30A, D\u00f2ng c\u1eaft 25kA, lo\u1ea1i A1C<\/li>\n<li>Formula MCCB 3P 32A 25kA A1C3P, D\u00f2ng \u0111\u1ecbnh m\u1ee9c: 32A, D\u00f2ng c\u1eaft 25kA, lo\u1ea1i A1C<\/li>\n<li>Formula MCCB 3P 40A 25kA A1C3P, D\u00f2ng \u0111\u1ecbnh m\u1ee9c: 40A, D\u00f2ng c\u1eaft 25kA, lo\u1ea1i A1C<\/li>\n<li>Formula MCCB 3P 50A 25kA A1C3P, D\u00f2ng \u0111\u1ecbnh m\u1ee9c: 50A, D\u00f2ng c\u1eaft 25kA, lo\u1ea1i A1C<\/li>\n<li>Formula MCCB 3P 60A 25kA A1C3P, D\u00f2ng \u0111\u1ecbnh m\u1ee9c: 60A, D\u00f2ng c\u1eaft 25kA, lo\u1ea1i A1C<\/li>\n<li>Formula MCCB 3P 70A 25kA A1C3P, D\u00f2ng \u0111\u1ecbnh m\u1ee9c: 70A, D\u00f2ng c\u1eaft 25kA, lo\u1ea1i A1C<\/li>\n<li>Formula MCCB 3P 80A 25kA A1C3P, D\u00f2ng \u0111\u1ecbnh m\u1ee9c: 80A, D\u00f2ng c\u1eaft 25kA, lo\u1ea1i A1C<\/li>\n<li>Formula MCCB 3P 90A 25kA A1C3P, D\u00f2ng \u0111\u1ecbnh m\u1ee9c: 90A, D\u00f2ng c\u1eaft 25kA, lo\u1ea1i A1C<\/li>\n<li>Formula MCCB 3P 100A 25kA A1C3P, D\u00f2ng \u0111\u1ecbnh m\u1ee9c: 100A, D\u00f2ng c\u1eaft 25kA, lo\u1ea1i A1C<\/li>\n<li>Formula MCCB 3P 125A 25kA A1C3P, D\u00f2ng \u0111\u1ecbnh m\u1ee9c: 125A, D\u00f2ng c\u1eaft 25kA, lo\u1ea1i A1C<\/li>\n<li>Formula MCCB 4P 20A 25kA A1C4P, D\u00f2ng \u0111\u1ecbnh m\u1ee9c: 20A, D\u00f2ng c\u1eaft 25kA, lo\u1ea1i A1C<\/li>\n<li>Formula MCCB 4P 25A 25kA A1C4P, D\u00f2ng \u0111\u1ecbnh m\u1ee9c: 25A, D\u00f2ng c\u1eaft 25kA, lo\u1ea1i A1C<\/li>\n<li>Formula MCCB 4P 30A 25kA A1C4P, D\u00f2ng \u0111\u1ecbnh m\u1ee9c: 30A, D\u00f2ng c\u1eaft 25kA, lo\u1ea1i A1C<\/li>\n<li>Formula MCCB 4P 32A 25kA A1C4P, D\u00f2ng \u0111\u1ecbnh m\u1ee9c: 32A, D\u00f2ng c\u1eaft 25kA, lo\u1ea1i A1C<\/li>\n<li>Formula MCCB 4P 40A 25kA A1C4P, D\u00f2ng \u0111\u1ecbnh m\u1ee9c: 40A, D\u00f2ng c\u1eaft 25kA, lo\u1ea1i A1C<\/li>\n<li>Formula MCCB 4P 50A 25kA A1C4P, D\u00f2ng \u0111\u1ecbnh m\u1ee9c: 50A, D\u00f2ng c\u1eaft 25kA, lo\u1ea1i A1C<\/li>\n<li>Formula MCCB 4P 60A 25kA A1C4P, D\u00f2ng \u0111\u1ecbnh m\u1ee9c: 60A, D\u00f2ng c\u1eaft 25kA, lo\u1ea1i A1C<\/li>\n<li>Formula MCCB 4P 70A 25kA A1C4P, D\u00f2ng \u0111\u1ecbnh m\u1ee9c: 70A, D\u00f2ng c\u1eaft 25kA, lo\u1ea1i A1C<\/li>\n<li>Formula MCCB 4P 80A 25kA A1C4P, D\u00f2ng \u0111\u1ecbnh m\u1ee9c: 80A, D\u00f2ng c\u1eaft 25kA, lo\u1ea1i A1C<\/li>\n<li>Formula MCCB 4P 90A 25kA A1C4P, D\u00f2ng \u0111\u1ecbnh m\u1ee9c: 90A, D\u00f2ng c\u1eaft 25kA, lo\u1ea1i A1C<\/li>\n<li>Formula MCCB 4P 100A 25kA A1C4P, D\u00f2ng \u0111\u1ecbnh m\u1ee9c: 100A, D\u00f2ng c\u1eaft 25kA, lo\u1ea1i A1C<\/li>\n<li>Formula MCCB 4P 125A 25kA A1C4P, D\u00f2ng \u0111\u1ecbnh m\u1ee9c: 125A, D\u00f2ng c\u1eaft 25kA, lo\u1ea1i A1C<\/li>\n<li>Formula MCCB 3P 150A 25kA A2C3P, D\u00f2ng \u0111\u1ecbnh m\u1ee9c: 150A, D\u00f2ng c\u1eaft 25kA, lo\u1ea1i A2C<\/li>\n<li>Formula MCCB 3P 160A 25kA A2C3P, D\u00f2ng \u0111\u1ecbnh m\u1ee9c: 160A, D\u00f2ng c\u1eaft 25kA, lo\u1ea1i A2C<\/li>\n<li>Formula MCCB 3P 175A 25kA A2C3P, D\u00f2ng \u0111\u1ecbnh m\u1ee9c: 175A, D\u00f2ng c\u1eaft 25kA, lo\u1ea1i A2C<\/li>\n<li>Formula MCCB 3P 200A 25kA A2C3P, D\u00f2ng \u0111\u1ecbnh m\u1ee9c: 200A, D\u00f2ng c\u1eaft 25kA, lo\u1ea1i A2C<\/li>\n<li>Formula MCCB 3P 225A 25kA A2C3P, D\u00f2ng \u0111\u1ecbnh m\u1ee9c: 225A, D\u00f2ng c\u1eaft 25kA, lo\u1ea1i A2C<\/li>\n<li>Formula MCCB 3P 250A 25kA A2C3P, D\u00f2ng \u0111\u1ecbnh m\u1ee9c: 250A, D\u00f2ng c\u1eaft 25kA, lo\u1ea1i A2C<\/li>\n<li>Formula MCCB 4P 150A 25kA A2C4P, D\u00f2ng \u0111\u1ecbnh m\u1ee9c: 150A, D\u00f2ng c\u1eaft 25kA, lo\u1ea1i A2C<\/li>\n<li>Formula MCCB 4P 160A 25kA A2C4P, D\u00f2ng \u0111\u1ecbnh m\u1ee9c: 160A, D\u00f2ng c\u1eaft 25kA, lo\u1ea1i A2C<\/li>\n<li>Formula MCCB 4P 175A 25kA A2C4P, D\u00f2ng \u0111\u1ecbnh m\u1ee9c: 175A, D\u00f2ng c\u1eaft 25kA, lo\u1ea1i A2C<\/li>\n<li>Formula MCCB 4P 200A 25kA A2C4P, D\u00f2ng \u0111\u1ecbnh m\u1ee9c: 200A, D\u00f2ng c\u1eaft 25kA, lo\u1ea1i A2C<\/li>\n<li>Formula MCCB 4P 225A 25kA A2C4P, D\u00f2ng \u0111\u1ecbnh m\u1ee9c: 225A, D\u00f2ng c\u1eaft 25kA, lo\u1ea1i A2C<\/li>\n<li>Formula MCCB 4P 250A 25kA A2C4P, D\u00f2ng \u0111\u1ecbnh m\u1ee9c: 250A, D\u00f2ng c\u1eaft 25kA, lo\u1ea1i A2C<\/li>\n<li>Formula MCCB 3P 20A 36kA A1N3P, D\u00f2ng \u0111\u1ecbnh m\u1ee9c: 20A, D\u00f2ng c\u1eaft 36kA, lo\u1ea1i A1N<\/li>\n<li>Formula MCCB 3P 25A 36kA A1N3P, D\u00f2ng \u0111\u1ecbnh m\u1ee9c: 25A, D\u00f2ng c\u1eaft 36kA, lo\u1ea1i A1N<\/li>\n<li>Formula MCCB 3P 30A 36kA A1N3P, D\u00f2ng \u0111\u1ecbnh m\u1ee9c: 30A, D\u00f2ng c\u1eaft 36kA, lo\u1ea1i A1N<\/li>\n<li>Formula MCCB 3P 32A 36kA A1N3P, D\u00f2ng \u0111\u1ecbnh m\u1ee9c: 32A, D\u00f2ng c\u1eaft 36kA, lo\u1ea1i A1N<\/li>\n<li>Formula MCCB 3P 40A 36kA A1N3P, D\u00f2ng \u0111\u1ecbnh m\u1ee9c: 40A, D\u00f2ng c\u1eaft 36kA, lo\u1ea1i A1N<\/li>\n<li>Formula MCCB 3P 50A 36kA A1N3P, D\u00f2ng \u0111\u1ecbnh m\u1ee9c: 50A, D\u00f2ng c\u1eaft 36kA, lo\u1ea1i A1N<\/li>\n<li>Formula MCCB 3P 60A 36kA A1N3P, D\u00f2ng \u0111\u1ecbnh m\u1ee9c: 60A, D\u00f2ng c\u1eaft 36kA, lo\u1ea1i A1N<\/li>\n<li>Formula MCCB 3P 63A 36kA A1N3P, D\u00f2ng \u0111\u1ecbnh m\u1ee9c: 63A, D\u00f2ng c\u1eaft 36kA, lo\u1ea1i A1N<\/li>\n<li>Formula MCCB 3P 70A 36kA A1N3P, D\u00f2ng \u0111\u1ecbnh m\u1ee9c: 70A, D\u00f2ng c\u1eaft 36kA, lo\u1ea1i A1N<\/li>\n<li>Formula MCCB 3P 80A 36kA A1N3P, D\u00f2ng \u0111\u1ecbnh m\u1ee9c: 80A, D\u00f2ng c\u1eaft 36kA, lo\u1ea1i A1N<\/li>\n<li>Formula MCCB 3P 90A 36kA A1N3P, D\u00f2ng \u0111\u1ecbnh m\u1ee9c: 90A, D\u00f2ng c\u1eaft 36kA, lo\u1ea1i A1N<\/li>\n<li>Formula MCCB 3P 100A 36kA A1N3P, D\u00f2ng \u0111\u1ecbnh m\u1ee9c: 100A, D\u00f2ng c\u1eaft 36kA, lo\u1ea1i A1N<\/li>\n<li>Formula MCCB 3P 125A 36kA A1N3P, D\u00f2ng \u0111\u1ecbnh m\u1ee9c: 125A, D\u00f2ng c\u1eaft 36kA, lo\u1ea1i A1N<\/li>\n<li>Formula MCCB 4P 20A 36kA A1N4P, D\u00f2ng \u0111\u1ecbnh m\u1ee9c: 20A, D\u00f2ng c\u1eaft 36kA, lo\u1ea1i A1N<\/li>\n<li>Formula MCCB 4P 25A 36kA A1N4P, D\u00f2ng \u0111\u1ecbnh m\u1ee9c: 25A, D\u00f2ng c\u1eaft 36kA, lo\u1ea1i A1N<\/li>\n<li>Formula MCCB 4P 30A 36kA A1N4P, D\u00f2ng \u0111\u1ecbnh m\u1ee9c: 30A, D\u00f2ng c\u1eaft 36kA, lo\u1ea1i A1N<\/li>\n<li>Formula MCCB 4P 32A 36kA A1N4P, D\u00f2ng \u0111\u1ecbnh m\u1ee9c: 32A, D\u00f2ng c\u1eaft 36kA, lo\u1ea1i A1N<\/li>\n<li>Formula MCCB 4P 40A 36kA A1N4P, D\u00f2ng \u0111\u1ecbnh m\u1ee9c: 40A, D\u00f2ng c\u1eaft 36kA, lo\u1ea1i A1N<\/li>\n<li>Formula MCCB 4P 50A 36kA A1N4P, D\u00f2ng \u0111\u1ecbnh m\u1ee9c: 50A, D\u00f2ng c\u1eaft 36kA, lo\u1ea1i A1N<\/li>\n<li>Formula MCCB 4P 60A 36kA A1N4P, D\u00f2ng \u0111\u1ecbnh m\u1ee9c: 60A, D\u00f2ng c\u1eaft 36kA, lo\u1ea1i A1N<\/li>\n<li>Formula MCCB 4P 63A 36kA A1N4P, D\u00f2ng \u0111\u1ecbnh m\u1ee9c: 63A, D\u00f2ng c\u1eaft 36kA, lo\u1ea1i A1N<\/li>\n<li>Formula MCCB 4P 70A 36kA A1N4P, D\u00f2ng \u0111\u1ecbnh m\u1ee9c: 70A, D\u00f2ng c\u1eaft 36kA, lo\u1ea1i A1N<\/li>\n<li>Formula MCCB 4P 80A 36kA A1N4P, D\u00f2ng \u0111\u1ecbnh m\u1ee9c: 80A, D\u00f2ng c\u1eaft 36kA, lo\u1ea1i A1N<\/li>\n<\/ul>\n","protected":false},"excerpt":{"rendered":"<div class=\"desc\">Aptomat MCCB Formula ABB \u0111\u01b0\u1ee3c s\u1ea3n xu\u1ea5t t\u1ea1i \u00dd theo quy tr\u00ecnh ki\u1ec3m tra nghi\u00eam ng\u1eb7t v\u1ec1 ch\u1ea5t l\u01b0\u1ee3ng, \u0111\u1ed9 an to\u00e0n, c\u00f3 kh\u1ea3 n\u0103ng ng\u1eafn m\u1ea1ch, b\u1ea3o v\u1ec7 thi\u1ebft b\u1ecb c\u00f3 d\u00f2ng \u0111\u1ecbnh m\u1ee9c 630A.<\/div>\n<div class=\"list\">\n<p><i class=\"fa fa-gg\" aria-hidden=\"true\"><\/i><strong>\u00a0\u01afU \u0110I\u1ec2M:<\/strong><\/p>\n<div class=\"ht-format-detail\">\n<ul>\n<li>\u0110\u01b0\u1ee3c s\u1ea3n xu\u1ea5t t\u1ea1i \u00dd, \u0111\u00e1p \u1ee9ng ti\u00eau chu\u1ea9n IEC60947-2<\/li>\n<li>Ng\u1eaft m\u1ea1ch b\u1ea3o v\u1ec7\u00a0c\u00e1c thi\u1ebft b\u1ecb c\u00f3 d\u00f2ng \u0111\u1ecbnh m\u1ee9c \u0111\u1ebfn 630A<\/li>\n<li>Lo\u1ea1i c\u1ed1 \u0111\u1ecbnh c\u00f3 kh\u1ea3 n\u0103ng c\u1eaft d\u00f2ng ng\u1eafn m\u1ea1ch l\u00ean\u00a0\u0111\u1ebfn 50kA<\/li>\n<li>\u0110\u01b0\u1ee3c nhi\u1ec7t \u0111\u1edbi ho\u00e1, b\u1ea3o v\u1ec7 theo nguy\u00ean l\u00fd t\u1eeb nhi\u1ec7t<\/li>\n<li>D\u1ec5 d\u00e0ng l\u1eafp \u0111\u1eb7t, th\u00e2n thi\u1ec7n v\u1edbi m\u00f4i tr\u01b0\u1eddng<\/li>\n<li>T\u1ea3i Catalogue MCCB ABB Fomula: <a href=\"https:\/\/drive.google.com\/file\/d\/1JVwiB8pJAOCInXyXBUapG8plzJvqnFMz\/view?usp=share_link\"><span style=\"color: #00aae7;\">T\u1ea1i \u0111\u00e2y<\/span><\/a><\/li>\n<\/ul>\n<\/div>\n<\/div>\n","protected":false},"featured_media":2943,"comment_status":"open","ping_status":"closed","template":"","meta":[],"product_cat":[206],"product_tag":[],"jetpack-related-posts":[{"id":3275,"url":"https:\/\/tp-electric.vn\/index.php\/san-pham\/aptomat-mcb-s800n-abb\/","url_meta":{"origin":2942,"position":0},"title":"APTOMAT MCB S800N ABB","author":"","date":"25\/02\/2023","format":false,"excerpt":"Aptomat MCB S800N ABB d\u00f2ng series linh ho\u1ea1t \u0111\u00e1ng tin c\u1eady v\u1edbi ch\u1ee9c n\u0103ng ng\u1eaft m\u1ea1ch khi x\u1ea3y ra s\u1ef1 c\u1ed1 \u0111\u1ea3m b\u1ea3o y\u00eau c\u1ea7u an to\u00e0n cao nh\u1ea5t cho m\u1ea1ng l\u01b0\u1edbi \u0111i\u1ec7n. \u00a0\u01afU \u0110I\u1ec2M: Linh ho\u1ea1t \u0111i\u1ec1u ch\u1ec9nh v\u00e0 c\u00e0i \u0111\u1eb7t c\u1ed1 \u0111\u1ecbnh Ch\u1ea5t l\u01b0\u1ee3ng \u0111\u00e1ng tin c\u1eady v\u1edbi\u2026","rel":"","context":"Similar post","block_context":{"text":"Similar post","link":""},"img":{"alt_text":"","src":"https:\/\/i0.wp.com\/tp-electric.vn\/wp-content\/uploads\/2023\/02\/800n.png?fit=300%2C300&ssl=1&resize=350%2C200","width":350,"height":200},"classes":[]},{"id":3277,"url":"https:\/\/tp-electric.vn\/index.php\/san-pham\/aptomat-mcb-s800s-abb\/","url_meta":{"origin":2942,"position":1},"title":"APTOMAT MCB S800S ABB","author":"","date":"25\/02\/2023","format":false,"excerpt":"Aptomat MCB S800S ABB gi\u1ea3i ph\u00e1p b\u1ea3o v\u1ec7 qu\u00e1 t\u1ea3i, ng\u1eafn m\u1ea1ch linh ho\u1ea1t \u0111\u1ea3m b\u1ea3o y\u00eau c\u1ea7u an to\u00e0n cao nh\u1ea5t, \u0111\u01b0\u1ee3c d\u00f9ng nhi\u1ec1u trong v\u1eadn t\u1ea3i, n\u0103ng l\u01b0\u1ee3ng, c\u00f4ng nghi\u1ec7p. \u00a0\u01afU \u0110I\u1ec2M: \u0110\u1ed9 tin c\u1eady l\u00e0m vi\u1ec7c cao \u0110\u1ea3m b\u1ea3o y\u00eau c\u1ea7u an to\u00e0n tuy\u1ec7t \u0111\u1ed1i Tu\u1ed5i th\u1ecd\u2026","rel":"","context":"Similar post","block_context":{"text":"Similar post","link":""},"img":{"alt_text":"","src":"https:\/\/i0.wp.com\/tp-electric.vn\/wp-content\/uploads\/2023\/02\/800s.png?fit=300%2C300&ssl=1&resize=350%2C200","width":350,"height":200},"classes":[]},{"id":3273,"url":"https:\/\/tp-electric.vn\/index.php\/san-pham\/aptomat-mcb-s800c-abb\/","url_meta":{"origin":2942,"position":2},"title":"APTOMAT MCB S800C ABB","author":"","date":"25\/02\/2023","format":false,"excerpt":"Aptomat MCB S800C ABB \u0111\u01b0\u1ee3c s\u1ea3n xu\u1ea5t thi\u1ebft k\u1ebf \u0111\u1ea1t hi\u1ec7u su\u1ea5t cao v\u1edbi ch\u1ee9c n\u0103ng ng\u1eaft m\u1ea1ch b\u1ea3o v\u1ec7 thi\u1ebft b\u1ecb \u0111i\u1ec7n, \u0111\u01b0\u1ee3c s\u1eed d\u1ee5ng trong c\u00e1c \u1ee9ng d\u1ee5ng IEC v\u00e0 UL. \u00a0\u01afU \u0110I\u1ec2M: \u0110\u1ea1t hi\u1ec7u su\u1ea5t cao trong ch\u1ee9c n\u0103ng ng\u1eaft m\u1ea1ch S\u1ea3n ph\u1ea9m ch\u1ea5t l\u01b0\u1ee3ng ti\u00eau chu\u1ea9n\u2026","rel":"","context":"Similar post","block_context":{"text":"Similar post","link":""},"img":{"alt_text":"","src":"https:\/\/i0.wp.com\/tp-electric.vn\/wp-content\/uploads\/2023\/02\/s800c.png?fit=300%2C300&ssl=1&resize=350%2C200","width":350,"height":200},"classes":[]},{"id":2909,"url":"https:\/\/tp-electric.vn\/index.php\/san-pham\/aptomat-tu-dong-mcb-abb-1p\/","url_meta":{"origin":2942,"position":3},"title":"APTOMAT T\u1ef0 \u0110\u1ed8NG MCB ABB 1P","author":"","date":"11\/02\/2023","format":false,"excerpt":"Aptomat MCB S200P ABB d\u00f2ng series \u0111\u1ea1t c\u00e1c ti\u00eau chu\u1ea9n qu\u1ed1c t\u1ebf mang \u0111\u1ebfn gi\u1ea3i ph\u00e1p b\u1ea3o v\u1ec7 qu\u00e1 t\u1ea3i, ng\u1eafn m\u1ea1ch cho h\u1ec7 th\u1ed1ng \u0111i\u1ec7n to\u00e0 nh\u00e0, c\u00f4ng nghi\u1ec7p. \u01afU \u0110I\u1ec2M: Gi\u1ea3i ph\u00e1p s\u1eed d\u1ee5ng cho \u0111i\u1ec7n d\u00e2n d\u1ee5ng, c\u00f4ng nghi\u1ec7p \u0110\u1ea1t ti\u00eau chu\u1ea9n qu\u1ed1c t\u1ebf v\u1ec1 ch\u1ea5t l\u01b0\u1ee3ng,\u2026","rel":"","context":"Similar post","block_context":{"text":"Similar post","link":""},"img":{"alt_text":"","src":"https:\/\/i0.wp.com\/tp-electric.vn\/wp-content\/uploads\/2023\/02\/1-7.png?fit=600%2C450&ssl=1&resize=350%2C200","width":350,"height":200},"classes":[]},{"id":3263,"url":"https:\/\/tp-electric.vn\/index.php\/san-pham\/aptomat-mcb-sh200-abb\/","url_meta":{"origin":2942,"position":4},"title":"APTOMAT MCB SH200 ABB","author":"","date":"25\/02\/2023","format":false,"excerpt":"Aptomat MCB SH200 ABB ph\u00f9 h\u1ee3p v\u1edbi ti\u00eau chu\u1ea9n qu\u1ed1c t\u1ebf ISO 9001. Ti\u00eau chu\u1ea9n t\u01b0\u01a1ng \u0111\u01b0\u01a1ng EN ISO 9001 v\u00e0 ti\u00eau chu\u1ea9n ch\u00e2u \u00c2u. \u00a0\u01afU \u0110I\u1ec2M: S\u1ea3n xu\u1ea5t theo\u00a0ti\u00eau chu\u1ea9n IEC898, ISO 9001 Kh\u1ea3 n\u0103ng \u0111\u00f3ng c\u1eaft l\u00ean \u0111\u1ebfn 20.000 l\u1ea7n Thi\u1ebft k\u1ebf nh\u1ecf g\u1ecdn, ti\u1ebft ki\u1ec7m di\u1ec7n t\u00edch\u2026","rel":"","context":"Similar post","block_context":{"text":"Similar post","link":""},"img":{"alt_text":"","src":"https:\/\/i0.wp.com\/tp-electric.vn\/wp-content\/uploads\/2023\/02\/2-17.png?fit=553%2C472&ssl=1&resize=350%2C200","width":350,"height":200},"classes":[]},{"id":3271,"url":"https:\/\/tp-electric.vn\/index.php\/san-pham\/aptomat-mcb-dong-dien-dc-s200muc-abb\/","url_meta":{"origin":2942,"position":5},"title":"APTOMAT MCB D\u00d2NG \u0110I\u1ec6N DC S200MUC ABB","author":"","date":"25\/02\/2023","format":false,"excerpt":"Aptomat MCB d\u00f2ng \u0111i\u1ec7n DC S200MUC ABB series \u0111\u01b0\u1ee3c s\u1eed d\u1ee5ng ng\u1eafn m\u1ea1ch trong c\u00e1c m\u1ea1ch \u0111i\u1ec7n tr\u1ef1c ti\u1ebfp cho \u0111i\u1ec7n \u00e1p l\u00ean \u0111\u1ebfn 220 V DC 1 c\u1ef1c v\u00e0 440 V DC 2, 3 v\u00e0 4 c\u1ef1c. \u00a0\u01afU \u0110I\u1ec2M: Phi\u00ean b\u1ea3n d\u00e0nh ri\u00eang cho m\u1ea1ch \u0111i\u1ec7n tr\u1ef1c ti\u1ebfp VDC\u2026","rel":"","context":"Similar post","block_context":{"text":"Similar post","link":""},"img":{"alt_text":"","src":"https:\/\/i0.wp.com\/tp-electric.vn\/wp-content\/uploads\/2023\/02\/s200muc.png?fit=300%2C300&ssl=1&resize=350%2C200","width":350,"height":200},"classes":[]}],"_links":{"self":[{"href":"https:\/\/tp-electric.vn\/index.php\/wp-json\/wp\/v2\/product\/2942"}],"collection":[{"href":"https:\/\/tp-electric.vn\/index.php\/wp-json\/wp\/v2\/product"}],"about":[{"href":"https:\/\/tp-electric.vn\/index.php\/wp-json\/wp\/v2\/types\/product"}],"replies":[{"embeddable":true,"href":"https:\/\/tp-electric.vn\/index.php\/wp-json\/wp\/v2\/comments?post=2942"}],"wp:featuredmedia":[{"embeddable":true,"href":"https:\/\/tp-electric.vn\/index.php\/wp-json\/wp\/v2\/media\/2943"}],"wp:attachment":[{"href":"https:\/\/tp-electric.vn\/index.php\/wp-json\/wp\/v2\/media?parent=2942"}],"wp:term":[{"taxonomy":"product_cat","embeddable":true,"href":"https:\/\/tp-electric.vn\/index.php\/wp-json\/wp\/v2\/product_cat?post=2942"},{"taxonomy":"product_tag","embeddable":true,"href":"https:\/\/tp-electric.vn\/index.php\/wp-json\/wp\/v2\/product_tag?post=2942"}],"curies":[{"name":"wp","href":"https:\/\/api.w.org\/{rel}","templated":true}]}}