{"id":2883,"date":"2023-02-09T10:05:28","date_gmt":"2023-02-09T03:05:28","guid":{"rendered":"https:\/\/tp-electric.vn\/?post_type=product&#038;p=2883"},"modified":"2024-12-12T15:10:13","modified_gmt":"2024-12-12T08:10:13","slug":"metsedm6000hcl10nc-dong-ho-da-nang-led-hien-thi","status":"publish","type":"product","link":"https:\/\/tp-electric.vn\/index.php\/san-pham\/metsedm6000hcl10nc-dong-ho-da-nang-led-hien-thi\/","title":{"rendered":"METSEDM6000HCL10NC \u2013 \u0110\u1ed3ng H\u1ed3 \u0110a N\u0103ng LED hi\u1ec3n th\u1ecb"},"content":{"rendered":"<p>\u0110\u1ed3ng H\u1ed3 \u0110a N\u0103ng LED hi\u1ec3n th\u1ecb<\/p>\n","protected":false},"excerpt":{"rendered":"<p>\u0110\u1ed3ng H\u1ed3 \u0110a N\u0103ng LED hi\u1ec3n th\u1ecb<\/p>\n","protected":false},"featured_media":2884,"comment_status":"open","ping_status":"closed","template":"","meta":[],"product_cat":[192],"product_tag":[],"jetpack-related-posts":[{"id":2656,"url":"https:\/\/tp-electric.vn\/index.php\/san-pham\/dong-ho-do-dien-van-nang\/","url_meta":{"origin":2883,"position":0},"title":"\u0110\u1ed3ng h\u1ed3 \u0111o \u0111i\u1ec7n v\u1ea1n n\u0103ng","author":"","date":"07\/02\/2023","format":false,"excerpt":"","rel":"","context":"Similar post","block_context":{"text":"Similar post","link":""},"img":{"alt_text":"","src":"https:\/\/i0.wp.com\/tp-electric.vn\/wp-content\/uploads\/2023\/02\/14.png?fit=443%2C432&ssl=1&resize=350%2C200","width":350,"height":200},"classes":[]},{"id":2650,"url":"https:\/\/tp-electric.vn\/index.php\/san-pham\/bo-phan-tich-nang-luong-klea\/","url_meta":{"origin":2883,"position":1},"title":"B\u1ed9 ph\u00e2n t\u00edch n\u0103ng l\u01b0\u1ee3ng Klea","author":"","date":"03\/02\/2023","format":false,"excerpt":"Gi\u1edbi thi\u1ec7u v\u1ec1 B\u1ed9 ph\u00e2n t\u00edch n\u0103ng l\u01b0\u1ee3ng -\u00a0KLEA l\u00e0 m\u1ed9t thi\u1ebft b\u1ecb \u0111o l\u01b0\u1eddng \u0111a ch\u1ee9c n\u0103ng v\u1edbi \u0111\u1ed9 ch\u00ednh x\u00e1c cao, ph\u00f9 h\u1ee3p v\u1edbi c\u00e1c \u1ee9ng d\u1ee5ng \u0111o l\u01b0\u1eddng, l\u01b0u tr\u1eef v\u00e0 gi\u00e1m s\u00e1t t\u1ea5t c\u1ea3 c\u00e1c gi\u00e1 tr\u1ecb \u0111\u1ea1i l\u01b0\u1ee3ng \u0111i\u1ec7n - M\u00e0n h\u00ecnh hi\u1ec3n th\u1ecb LCD,\u2026","rel":"","context":"Similar post","block_context":{"text":"Similar post","link":""},"img":{"alt_text":"","src":"https:\/\/i0.wp.com\/tp-electric.vn\/wp-content\/uploads\/2023\/02\/2.bmp?resize=350%2C200&ssl=1","width":350,"height":200},"classes":[]},{"id":2697,"url":"https:\/\/tp-electric.vn\/index.php\/san-pham\/2697\/","url_meta":{"origin":2883,"position":2},"title":"Gi\u1edbi thi\u1ec7u v\u1ec1 B\u1ed9 ph\u00e2n\u2026","author":"","date":"07\/02\/2023","format":false,"excerpt":"Gi\u1edbi thi\u1ec7u v\u1ec1 B\u1ed9 ph\u00e2n t\u00edch n\u0103ng l\u01b0\u1ee3ng -\u00a0KLEA l\u00e0 m\u1ed9t thi\u1ebft b\u1ecb \u0111o l\u01b0\u1eddng \u0111a ch\u1ee9c n\u0103ng v\u1edbi \u0111\u1ed9 ch\u00ednh x\u00e1c cao, ph\u00f9 h\u1ee3p v\u1edbi c\u00e1c \u1ee9ng d\u1ee5ng \u0111o l\u01b0\u1eddng, l\u01b0u tr\u1eef v\u00e0 gi\u00e1m s\u00e1t t\u1ea5t c\u1ea3 c\u00e1c gi\u00e1 tr\u1ecb \u0111\u1ea1i l\u01b0\u1ee3ng \u0111i\u1ec7n - M\u00e0n h\u00ecnh hi\u1ec3n th\u1ecb LCD,\u2026","rel":"","context":"Similar post","block_context":{"text":"Similar post","link":""},"img":{"alt_text":"","src":"https:\/\/i0.wp.com\/tp-electric.vn\/wp-content\/uploads\/2023\/02\/15.png?fit=460%2C444&ssl=1&resize=350%2C200","width":350,"height":200},"classes":[]},{"id":3580,"url":"https:\/\/tp-electric.vn\/index.php\/san-pham\/may-hut-am-va-loc-khong-khi-ultty-luk012\/","url_meta":{"origin":2883,"position":3},"title":"M\u00e1y h\u00fat \u1ea9m v\u00e0 l\u1ecdc kh\u00f4ng kh\u00ed Ultty LUK016","author":"","date":"22\/06\/2023","format":false,"excerpt":"K\u00edch th\u01b0\u1edbc 28cm x 20cm x 50cm Tr\u1ecdng l\u01b0\u1ee3ng s\u1ea3n ph\u1ea9m 12kg Tr\u1ecdng l\u01b0\u1ee3ng bao b\u00ec 13,5kg Xu\u1ea5t x\u1ee9 th\u01b0\u01a1ng hi\u1ec7u Ph\u00e1p S\u1ea3n xu\u1ea5t t\u1ea1i Trung Qu\u1ed1c B\u1ea3o h\u00e0nh 24 th\u00e1ng","rel":"","context":"Similar post","block_context":{"text":"Similar post","link":""},"img":{"alt_text":"","src":"https:\/\/i0.wp.com\/tp-electric.vn\/wp-content\/uploads\/2023\/06\/may-hut-am-va-loc-khong-khi-ultty-luk012-8.jpg?fit=666%2C500&ssl=1&resize=350%2C200","width":350,"height":200},"classes":[]},{"id":3541,"url":"https:\/\/tp-electric.vn\/index.php\/san-pham\/weidmuller-7kw-1pha-we01-07\/","url_meta":{"origin":2883,"position":4},"title":"WEIDMULLER 7KW-1PHA (WE01-07)","author":"","date":"12\/06\/2023","format":false,"excerpt":"1. T\u00ecm hi\u1ec3u th\u01b0\u01a1ng hi\u1ec7u Weidmuller C\u00f4ng ty Weidmuller \u0111\u01b0\u1ee3c th\u00e0nh l\u1eadp t\u1eeb n\u0103m 1850. \u00a0 Weidmuller\u00a0\u2013\u00a0th\u01b0\u01a1ng hi\u1ec7u h\u00e0ng \u0111\u1ea7u \u0111\u1ebfn t\u1eeb\u00a0\u0110\u1ee9c, \u0111\u00e3 \u0111\u01b0\u1ee3c th\u1eeba nh\u1eadn v\u00e0 t\u00edn nhi\u1ec7m trong ng\u00e0nh c\u00f4ng nghi\u1ec7p to\u00e0n c\u1ea7u.\u00a0V\u1edbi h\u01a1n 160 n\u0103m kinh nghi\u1ec7m (t\u1eeb 1850),\u00a0Weidmuller \u0111\u00e3 tr\u1edf th\u00e0nh m\u1ed9t nh\u00e0 cung c\u1ea5p uy\u2026","rel":"","context":"Similar post","block_context":{"text":"Similar post","link":""},"img":{"alt_text":"","src":"https:\/\/i0.wp.com\/tp-electric.vn\/wp-content\/uploads\/2023\/06\/bo-sac-2.png?fit=664%2C664&ssl=1&resize=350%2C200","width":350,"height":200},"classes":[]},{"id":3513,"url":"https:\/\/tp-electric.vn\/index.php\/san-pham\/gd300-bien-tan-vector-vong-ho-cao-cap\/","url_meta":{"origin":2883,"position":5},"title":"GD300 \u2013 Bi\u1ebfn t\u1ea7n vector v\u00f2ng h\u1edf cao c\u1ea5p","author":"","date":"15\/04\/2023","format":false,"excerpt":"Th\u01b0\u01a1ng hi\u1ec7u:\u00a0INVT B\u1ea3o h\u00e0nh:\u00a024 th\u00e1ng \u00a0","rel":"","context":"Similar post","block_context":{"text":"Similar post","link":""},"img":{"alt_text":"","src":"https:\/\/i0.wp.com\/tp-electric.vn\/wp-content\/uploads\/2023\/04\/Bien-tan-chuyen-dung-gd300-16-slide1-1.png?fit=880%2C646&ssl=1&resize=350%2C200","width":350,"height":200,"srcset":"https:\/\/i0.wp.com\/tp-electric.vn\/wp-content\/uploads\/2023\/04\/Bien-tan-chuyen-dung-gd300-16-slide1-1.png?fit=880%2C646&ssl=1&resize=350%2C200 1x, https:\/\/i0.wp.com\/tp-electric.vn\/wp-content\/uploads\/2023\/04\/Bien-tan-chuyen-dung-gd300-16-slide1-1.png?fit=880%2C646&ssl=1&resize=700%2C400 2x"},"classes":[]}],"_links":{"self":[{"href":"https:\/\/tp-electric.vn\/index.php\/wp-json\/wp\/v2\/product\/2883"}],"collection":[{"href":"https:\/\/tp-electric.vn\/index.php\/wp-json\/wp\/v2\/product"}],"about":[{"href":"https:\/\/tp-electric.vn\/index.php\/wp-json\/wp\/v2\/types\/product"}],"replies":[{"embeddable":true,"href":"https:\/\/tp-electric.vn\/index.php\/wp-json\/wp\/v2\/comments?post=2883"}],"wp:featuredmedia":[{"embeddable":true,"href":"https:\/\/tp-electric.vn\/index.php\/wp-json\/wp\/v2\/media\/2884"}],"wp:attachment":[{"href":"https:\/\/tp-electric.vn\/index.php\/wp-json\/wp\/v2\/media?parent=2883"}],"wp:term":[{"taxonomy":"product_cat","embeddable":true,"href":"https:\/\/tp-electric.vn\/index.php\/wp-json\/wp\/v2\/product_cat?post=2883"},{"taxonomy":"product_tag","embeddable":true,"href":"https:\/\/tp-electric.vn\/index.php\/wp-json\/wp\/v2\/product_tag?post=2883"}],"curies":[{"name":"wp","href":"https:\/\/api.w.org\/{rel}","templated":true}]}}