{"id":2857,"date":"2023-02-08T16:24:24","date_gmt":"2023-02-08T09:24:24","guid":{"rendered":"https:\/\/tp-electric.vn\/?post_type=product&#038;p=2857"},"modified":"2024-12-12T15:10:12","modified_gmt":"2024-12-12T08:10:12","slug":"tu-hensel-kv8118-m","status":"publish","type":"product","link":"https:\/\/tp-electric.vn\/index.php\/san-pham\/tu-hensel-kv8118-m\/","title":{"rendered":"T\u1ee7 Hensel KV8118 M"},"content":{"rendered":"<h2>\u0110i\u1ec1u ki\u1ec7n v\u00e0 m\u00f4i tr\u01b0\u1eddng l\u00e0m vi\u1ec7c<\/h2>\n<h4><strong>V\u1ecb tr\u00ed l\u1eafp \u0111\u1eb7t:\u00a0<\/strong><\/h4>\n<p>Thi\u1ebft k\u1ebf IP 54\/65: Th\u00edch h\u1ee3p cho l\u1eafp \u0111\u1eb7t trong nh\u00e0 v\u00e0 ngo\u00e0i tr\u1eddi, b\u1ea3o v\u1ec7 ch\u1ed1ng l\u1ea1i \u1ea3nh h\u01b0\u1edfng c\u1ee7a th\u1eddi ti\u1ebft. Ch\u1ed1ng l\u1ea1i s\u1ef1 \u0103n m\u00f2n g\u00e2y m\u1ee5c t\u1ee7 do \u1ea3nh h\u01b0\u1edfng n\u1eafng, m\u01b0a,\u2026 Nh\u1ef1a PS (Polystyrene) c\u00f3 kh\u1ea3 n\u0103ng ch\u1ed1ng oxi h\u00f3a r\u1ea5t t\u1ed1t t\u1ee7 kh\u00f4ng b\u1ecb m\u1ee5c khi \u1edf ngo\u00e0i m\u01b0a n\u1eafng.<\/p>\n<p>Ngo\u00e0i ra thi\u1ebft k\u1ebf IP 40\/41. Th\u00edch h\u1ee3p \u0111\u1ec3 l\u1eafp \u0111\u1eb7t \u1edf khu v\u1ef1c kh\u00f4 trong nh\u00e0 tuy nhi\u00ean c\u1ea7n ch\u00fa \u00fd \u0111\u1ebfn c\u00e1c hi\u1ec7u \u1ee9ng kh\u00ed h\u1eadu khi l\u1eafp \u0111\u1eb7t thi\u1ebft b\u1ecb, v\u00ed d\u1ee5, nhi\u1ec7t \u0111\u1ed9 m\u00f4i tr\u01b0\u1eddng cao ho\u1eb7c th\u1ea5p ho\u1eb7c h\u00ecnh th\u00e0nh h\u01a1i n\u01b0\u1edbc trong kh\u00f4ng kh\u00ed \u0111\u1ec3 ch\u1ecdn IP ph\u00f9 h\u1ee3p<\/p>\n<h4><strong>Ph\u00f2ng ch\u00e1y v\u00e0 ch\u1eefa ch\u00e1y trong tr\u01b0\u1eddng h\u1ee3p c\u00f3 s\u1ef1 c\u1ed1 b\u00ean trong t\u1ee7:<\/strong><\/h4>\n<ul>\n<li>C\u1ea7n l\u1eafp \u0111\u1eb7t thi\u1ebft b\u1ecb theo \u0111\u00fang ti\u00eau chu\u1ea9n k\u1ef9 thu\u1eadt, bao g\u1ed3m thi\u1ebft b\u1ecb, d\u00e2y d\u1eabn v\u00e0 k\u1ef9 thu\u1eadt l\u1eafp \u0111\u1eb7t<\/li>\n<li>Kh\u1ea3 n\u0103ng ch\u1ecbu nhi\u1ec7t c\u1ee7a h\u1ed9p t\u1ee7 650\u02daC (test IEC 60695-2-11) \u2013 Ch\u1ee9c n\u0103ng ch\u1ed1ng ch\u00e1y t\u1ef1 t\u1eaft. Kh\u00f4ng b\u1eaft l\u1eeda do \u0111\u00f3 b\u1ea1n c\u00f3 th\u1ec3 y\u00ean t\u00e2m s\u1eed d\u1ee5ng<\/li>\n<\/ul>\n<h4><strong>Kh\u1ea3 n\u0103ng ch\u1ecbu va \u0111\u1eadp c\u1ee7a t\u1ee7 \u0111i\u1ec7n Hensel:\u00a0<\/strong><\/h4>\n<ul>\n<li>C\u1ea5p ch\u1ecbu va \u0111\u1eadp IK08 (5 Joule) \u2013 T\u1ee7 Hensel c\u00f3 kh\u1ea3 n\u0103ng ch\u1ecbu va \u0111\u1eadp t\u1ed1t. N\u1ebfu b\u1ea1n quan t\u00e2m v\u1ea5n \u0111\u1ec1 n\u00e0y c\u00f3 th\u1ec3 tham kh\u1ea3o tr\u00ean Google \u0111\u1ec3 n\u1eafm th\u00f4ng tin<\/li>\n<\/ul>\n","protected":false},"excerpt":{"rendered":"<p>&nbsp;<\/p>\n<p><strong>Th\u00f4ng s\u1ed1 c\u01a1 b\u1ea3n:<\/strong><\/p>\n<ul>\n<li>18 modules 1 h\u00e0ng, kh\u00f4ng PE v\u00e0 N terminal<\/li>\n<li>C\u1eeda ph\u00eda tr\u01b0\u1edbc m\u1eb7t t\u1ee7 nh\u1ef1a trong nh\u00ecn xuy\u00ean, c\u00f3 th\u1ec3 \u0111\u01b0\u1ee3c th\u00e1o r\u1eddi ra.<\/li>\n<li>B\u1ea3o v\u1ec7 ch\u1ed1ng n\u01b0\u1edbc v\u00e0 b\u1ee5i IP65, c\u1ea5p b\u1ea3o v\u1ec7 II<\/li>\n<li>V\u1eadt li\u1ec7u: PS (Polystyrene)<\/li>\n<li>M\u00e0u s\u1eafc: M\u00e0u X\u00e1m<\/li>\n<li>Kh\u1ed1i l\u01b0\u1ee3ng: 2,184 kg<\/li>\n<li>K\u00edch th\u01b0\u1edbc: 403x333x129 mm (W x H x D) \u2013 R\u1ed9ng x Cao x S\u00e2u<\/li>\n<\/ul>\n","protected":false},"featured_media":2858,"comment_status":"open","ping_status":"closed","template":"","meta":[],"product_cat":[164],"product_tag":[],"jetpack-related-posts":[{"id":2863,"url":"https:\/\/tp-electric.vn\/index.php\/san-pham\/tu-dien-hensel-kv6103\/","url_meta":{"origin":2857,"position":0},"title":"T\u1ee7 \u0111i\u1ec7n Hensel KV6103","author":"","date":"08\/02\/2023","format":false,"excerpt":"\u00a0 Th\u00f4ng s\u1ed1 c\u01a1 b\u1ea3n: 12 modules 1 h\u00e0ng, kh\u00f4ng bao g\u1ed3m PE v\u00e0 N terminal, c\u00e1c ph\u1ee5 ki\u1ec7n PE v\u00e0 N terminal ri\u00eang bi\u1ec7t, kh\u00e1ch c\u00f3 nhu c\u1ea7u \u0111\u1eb7t h\u00e0ng ri\u00eang. C\u1eeda ph\u00eda tr\u01b0\u1edbc m\u1eb7t t\u1ee7 nh\u1ef1a trong nh\u00ecn xuy\u00ean, c\u00f3 th\u1ec3 \u0111\u01b0\u1ee3c th\u00e1o r\u1eddi ra. B\u1ea3o v\u1ec7 ch\u1ed1ng\u2026","rel":"","context":"Similar post","block_context":{"text":"Similar post","link":""},"img":{"alt_text":"","src":"https:\/\/i0.wp.com\/tp-electric.vn\/wp-content\/uploads\/2023\/02\/12m.png?fit=300%2C300&ssl=1&resize=350%2C200","width":350,"height":200},"classes":[]},{"id":2860,"url":"https:\/\/tp-electric.vn\/index.php\/san-pham\/tu-hensel-kv8224-m\/","url_meta":{"origin":2857,"position":1},"title":"T\u1ee7 Hensel KV8224 M","author":"","date":"08\/02\/2023","format":false,"excerpt":"\u00a0 Th\u00f4ng s\u1ed1 c\u01a1 b\u1ea3n: 24 modules 2 rows, kh\u00f4ng PE v\u00e0 N terminal C\u1eeda ph\u00eda tr\u01b0\u1edbc m\u1eb7t t\u1ee7 nh\u1ef1a trong nh\u00ecn xuy\u00ean, c\u00f3 th\u1ec3 \u0111\u01b0\u1ee3c th\u00e1o r\u1eddi ra. B\u1ea3o v\u1ec7 ch\u1ed1ng n\u01b0\u1edbc v\u00e0 b\u1ee5i IP65, c\u1ea5p b\u1ea3o v\u1ec7 II V\u1eadt li\u1ec7u: PS (Polystyrene) M\u00e0u s\u1eafc: M\u00e0u X\u00e1m Kh\u1ed1i l\u01b0\u1ee3ng:\u2026","rel":"","context":"Similar post","block_context":{"text":"Similar post","link":""},"img":{"alt_text":"","src":"https:\/\/i0.wp.com\/tp-electric.vn\/wp-content\/uploads\/2023\/02\/uewret.png?fit=300%2C300&ssl=1&resize=350%2C200","width":350,"height":200},"classes":[]},{"id":2869,"url":"https:\/\/tp-electric.vn\/index.php\/san-pham\/tu-dien-nhua-hensel-kv7109\/","url_meta":{"origin":2857,"position":2},"title":"T\u1ee7 \u0111i\u1ec7n nh\u1ef1a Hensel KV7109","author":"","date":"08\/02\/2023","format":false,"excerpt":"\u00a0 Th\u00f4ng s\u1ed1 c\u01a1 b\u1ea3n: 9 modules (1 x 9 x 18 mm) 1 h\u00e0ng, \u0111\u00e3 bao g\u1ed3m PE v\u00e0 N terminal \u0111i k\u00e8m M\u1eb7t tr\u01b0\u1edbc t\u1ee7 c\u1eeda nh\u1ef1a trong nh\u00ecn xuy\u00ean B\u1ea3o v\u1ec7 ch\u1ed1ng n\u01b0\u1edbc v\u00e0 b\u1ee5i IP65, c\u1ea5p b\u1ea3o v\u1ec7 II V\u1eadt li\u1ec7u: PS (Polystyrene) M\u00e0u s\u1eafc: M\u00e0u\u2026","rel":"","context":"Similar post","block_context":{"text":"Similar post","link":""},"img":{"alt_text":"","src":"https:\/\/i0.wp.com\/tp-electric.vn\/wp-content\/uploads\/2023\/02\/9-m.png?fit=300%2C300&ssl=1&resize=350%2C200","width":350,"height":200},"classes":[]},{"id":3502,"url":"https:\/\/tp-electric.vn\/index.php\/san-pham\/phich-cam-cong-nghiep\/","url_meta":{"origin":2857,"position":3},"title":"PH\u00cdCH C\u1eaeM C\u00d4NG NGHI\u1ec6P","author":"","date":"14\/04\/2023","format":false,"excerpt":"Ph\u00edch c\u1eafm di \u0111\u1ed9ng ch\u1ed1ng n\u01b0\u1edbc IP67 PK Schneider c\u00f3 thi\u1ebft k\u1ebf nh\u1ecf g\u1ecdn, tr\u1ecdng l\u01b0\u1ee3ng nh\u1eb9, \u0111\u1ed9 an to\u00e0n v\u00e0 kh\u1ea3 n\u0103ng c\u00e1ch \u0111i\u1ec7n cao. \u00a0\u01afU \u0110I\u1ec2M: Ch\u1ed1ng n\u01b0\u1edbc, b\u1ee5i b\u1ea9n \u0111\u1ea1t c\u1ea5p \u0111\u1ed9 IP67 S\u1ed1 c\u1ef1c t\u01b0\u01a1ng th\u00edch 2P+E, 3P+E, 4P+E Ch\u1ecbu m\u1ee9c d\u00f2ng \u0111i\u1ec7n 16A \u0111\u1ebfn 125A\u2026","rel":"","context":"Similar post","block_context":{"text":"Similar post","link":""},"img":{"alt_text":"","src":"https:\/\/i0.wp.com\/tp-electric.vn\/wp-content\/uploads\/2023\/04\/phich-cam-cong-nghiep.png?fit=300%2C300&ssl=1&resize=350%2C200","width":350,"height":200},"classes":[]},{"id":4832,"url":"https:\/\/tp-electric.vn\/index.php\/san-pham\/vo-tu-dien-mat-troi-ha-12way\/","url_meta":{"origin":2857,"position":4},"title":"V\u1ecf t\u1ee7 \u0111i\u1ec7n m\u1eb7t tr\u1eddi HA-12Way","author":"Admin","date":"11\/12\/2024","format":false,"excerpt":"Th\u00f4ng s\u1ed1 s\u1ea3n ph\u1ea9m: Model: HA-12 Way: 12 way IP b\u1ea3o v\u1ec7: IP65 K\u00edch th\u01b0\u1edbc: 295 x 260 x 140 Kh\u1ea3 n\u0103ng ch\u1ee9a t\u1ed1i \u0111a: 8\/12 MCB \u0110i\u1ec7n \u00e1p \u0111\u1ecbnh m\u1ee9c: 690V T\u1ea7n s\u1ed1 \u0111\u1ecbnh m\u1ee9c: 50Hz","rel":"","context":"Similar post","block_context":{"text":"Similar post","link":""},"img":{"alt_text":"","src":"https:\/\/i0.wp.com\/tp-electric.vn\/wp-content\/uploads\/2024\/12\/tu-dien-pin-mat-troi-ha-12-way-2.jpg?fit=700%2C700&ssl=1&resize=350%2C200","width":350,"height":200,"srcset":"https:\/\/i0.wp.com\/tp-electric.vn\/wp-content\/uploads\/2024\/12\/tu-dien-pin-mat-troi-ha-12-way-2.jpg?fit=700%2C700&ssl=1&resize=350%2C200 1x, https:\/\/i0.wp.com\/tp-electric.vn\/wp-content\/uploads\/2024\/12\/tu-dien-pin-mat-troi-ha-12-way-2.jpg?fit=700%2C700&ssl=1&resize=700%2C400 2x"},"classes":[]},{"id":3285,"url":"https:\/\/tp-electric.vn\/index.php\/san-pham\/aptomat-mccb-tmax-abb\/","url_meta":{"origin":2857,"position":5},"title":"APTOMAT MCCB TMAX ABB","author":"","date":"25\/02\/2023","format":false,"excerpt":"\u00a0\u01afU \u0110I\u1ec2M: S\u1ea3n xu\u1ea5t t\u1ea1i \u00dd, b\u1ea3o v\u1ec7 qu\u00e1 t\u1ea3i, ng\u1eafn m\u1ea1ch Kh\u1ea3 n\u0103ng c\u1eaft d\u00f2ng ng\u1eafn m\u1ea1ch l\u00ean \u0111\u1ebfn 150kA Ng\u1eaft m\u1ea1ch b\u1ea3o v\u1ec7 c\u00e1c thi\u1ebft b\u1ecb c\u00f3 d\u00f2ng \u0111\u1ecbnh m\u1ee9c \u0111\u1ebfn 1600A Ch\u1ec9nh d\u00f2ng qu\u00e1 t\u1ea3i v\u1edbi trip t\u1eeb nhi\u1ec7t v\u00e0 \u0111i\u1ec7n t\u1eed S\u1eed d\u1ee5ng \u1edf m\u00f4i tr\u01b0\u1eddng\u2026","rel":"","context":"Similar post","block_context":{"text":"Similar post","link":""},"img":{"alt_text":"Tmax XT Molded Case Circuit Breakers (MCCB)","src":"https:\/\/i0.wp.com\/electrification.us.abb.com\/sites\/default\/files\/sace-tmax-xt-series-of-molded-case-circuit-breakers.jpg?resize=350%2C200&ssl=1","width":350,"height":200,"srcset":"https:\/\/i0.wp.com\/electrification.us.abb.com\/sites\/default\/files\/sace-tmax-xt-series-of-molded-case-circuit-breakers.jpg?resize=350%2C200&ssl=1 1x, https:\/\/i0.wp.com\/electrification.us.abb.com\/sites\/default\/files\/sace-tmax-xt-series-of-molded-case-circuit-breakers.jpg?resize=700%2C400&ssl=1 2x"},"classes":[]}],"_links":{"self":[{"href":"https:\/\/tp-electric.vn\/index.php\/wp-json\/wp\/v2\/product\/2857"}],"collection":[{"href":"https:\/\/tp-electric.vn\/index.php\/wp-json\/wp\/v2\/product"}],"about":[{"href":"https:\/\/tp-electric.vn\/index.php\/wp-json\/wp\/v2\/types\/product"}],"replies":[{"embeddable":true,"href":"https:\/\/tp-electric.vn\/index.php\/wp-json\/wp\/v2\/comments?post=2857"}],"wp:featuredmedia":[{"embeddable":true,"href":"https:\/\/tp-electric.vn\/index.php\/wp-json\/wp\/v2\/media\/2858"}],"wp:attachment":[{"href":"https:\/\/tp-electric.vn\/index.php\/wp-json\/wp\/v2\/media?parent=2857"}],"wp:term":[{"taxonomy":"product_cat","embeddable":true,"href":"https:\/\/tp-electric.vn\/index.php\/wp-json\/wp\/v2\/product_cat?post=2857"},{"taxonomy":"product_tag","embeddable":true,"href":"https:\/\/tp-electric.vn\/index.php\/wp-json\/wp\/v2\/product_tag?post=2857"}],"curies":[{"name":"wp","href":"https:\/\/api.w.org\/{rel}","templated":true}]}}