{"id":3770,"date":"2024-04-11T21:05:40","date_gmt":"2024-04-11T14:05:40","guid":{"rendered":"https:\/\/tp-electric.vn\/?page_id=3770"},"modified":"2024-08-16T08:14:54","modified_gmt":"2024-08-16T01:14:54","slug":"chinh-sach-thanh-toan","status":"publish","type":"page","link":"https:\/\/tp-electric.vn\/index.php\/chinh-sach-thanh-toan\/","title":{"rendered":"Ch\u00ednh s\u00e1ch thanh to\u00e1n"},"content":{"rendered":"<p>Nh\u1eb1m mang \u0111\u1ebfn cho Qu\u00fd kh\u00e1ch nh\u1eefng tr\u1ea3i nghi\u1ec7m mua s\u1eafm tr\u1ef1c tuy\u1ebfn tuy\u1ec7t v\u1eddi nh\u1ea5t t\u1ea1i Thu\u1eadn Phong Energy, ch\u00fang t\u00f4i \u0111\u01b0a ra nhi\u1ec1u ph\u01b0\u01a1ng th\u1ee9c thanh to\u00e1n \u0111\u1ec3 Qu\u00fd kh\u00e1ch d\u1ec5 d\u00e0ng l\u1ef1a ch\u1ecdn ph\u00f9 h\u1ee3p nh\u1ea5t:<\/p>\n<h3>1. Mua h\u00e0ng v\u00e0 thanh to\u00e1n tr\u1ef1c ti\u1ebfp t\u1ea1i c\u1eeda h\u00e0ng:<\/h3>\n<p>&#8211; \u0110\u1ecba ch\u1ec9: 30 Nguy\u1ec5n H\u1eefu D\u1eadt, Nam L\u00fd, \u0110\u1ed3ng H\u1edbi, Qu\u1ea3ng B\u00ecnh<\/p>\n<p>&#8211; Th\u1eddi gian: M\u1edf c\u1eeda t\u1eeb 8h00 \u2013 18h00 c\u00e1c ng\u00e0y t\u1eeb th\u1ee9 2-th\u1ee9 7 (Ch\u1ee7 nh\u1eadt ngh\u1ec9).<\/p>\n<p>&#8211; H\u00ecnh th\u1ee9c thanh to\u00e1n: Ch\u00fang t\u00f4i nh\u1eadn thanh to\u00e1n b\u1eb1ng ti\u1ec1n m\u1eb7t, th\u1ebb VISA, MasterCard, VNPAYQR, MOMO v\u00e0 c\u00e1c th\u1ebb n\u1ed9i \u0111\u1ecba kh\u00e1c.<\/p>\n<h3>2. \u0110\u1eb7t h\u00e0ng v\u00e0 giao t\u1eadn n\u01a1i:<\/h3>\n<p>Qu\u00fd kh\u00e1ch c\u00f3 th\u1ec3 \u0111\u1eb7t h\u00e0ng b\u1eb1ng c\u00e1ch:<\/p>\n<p>&#8211; Website: <span style=\"font-weight: 400;\">tp-electric.vn<\/span><\/p>\n<p>&#8211; \u0110i\u1ec7n tho\u1ea1i: 0869 56 4567<\/p>\n<p>&#8211; H\u00ecnh th\u1ee9c thanh to\u00e1n<\/p>\n<p>Chuy\u1ec3n kho\u1ea3n qua ng\u00e2n h\u00e0ng<\/p>\n<p>T\u00ean: CONG TY TNHH TMDV CO DIEN THUAN PHONG<\/p>\n<p>STK: 110608609999<\/p>\n<p>Ng\u00e2n h\u00e0ng TMCP C\u00f4ng th\u01b0\u01a1ng Vi\u1ec7t Nam &#8211; CN Qu\u1ea3ng B\u00ecnh.<\/p>\n<p><strong>Thanh to\u00e1n khi nh\u1eadn h\u00e0ng (COD)<\/strong><\/p>\n<p><span style=\"font-weight: 400;\">C\u00e1c b\u01b0\u1edbc th\u1ef1c hi\u1ec7n COD:<\/span><\/p>\n<p><span style=\"font-weight: 400;\">B\u01b0\u1edbc 1: L\u1ef1a ch\u1ecdn s\u1ea3n ph\u1ea9m mong mu\u1ed1n v\u00e0 th\u00eam v\u00e0o gi\u1ecf h\u00e0ng.<\/span><\/p>\n<p><span style=\"font-weight: 400;\">B\u01b0\u1edbc 2: Ti\u1ebfn h\u00e0nh \u0111\u1eb7t h\u00e0ng v\u00e0 ch\u1ecdn ph\u01b0\u01a1ng th\u1ee9c thanh to\u00e1n l\u00e0 \u201cThanh to\u00e1n ti\u1ec1n m\u1eb7t khi nh\u1eadn h\u00e0ng (COD)\u201d.<\/span><\/p>\n<p><span style=\"font-weight: 400;\">B\u01b0\u1edbc 3: \u0110i\u1ec1n \u0111\u1ea7y \u0111\u1ee7 th\u00f4ng tin giao h\u00e0ng v\u00e0 ho\u00e0n t\u1ea5t \u0111\u01a1n h\u00e0ng.<\/span><\/p>\n<p><span style=\"font-weight: 400;\">B\u01b0\u1edbc 4: Nh\u00e2n vi\u00ean giao h\u00e0ng c\u1ee7a ch\u00fang t\u00f4i s\u1ebd li\u00ean h\u1ec7 v\u00e0 giao h\u00e0ng \u0111\u1ebfn \u0111\u1ecba ch\u1ec9 qu\u00fd kh\u00e1ch \u0111\u00e3 cung c\u1ea5p.<\/span><\/p>\n<p><span style=\"font-weight: 400;\">B\u01b0\u1edbc 5: Qu\u00fd kh\u00e1ch ki\u1ec3m tra s\u1ea3n ph\u1ea9m v\u00e0 thanh to\u00e1n tr\u1ef1c ti\u1ebfp cho nh\u00e2n vi\u00ean giao h\u00e0ng.<\/span><\/p>\n<p><strong>*L\u01b0u \u00fd khi s\u1eed d\u1ee5ng d\u1ecbch v\u1ee5 COD:<\/strong><\/p>\n<p><span style=\"font-weight: 400;\">Ki\u1ec3m tra k\u1ef9 s\u1ea3n ph\u1ea9m: Qu\u00fd kh\u00e1ch vui l\u00f2ng ki\u1ec3m tra k\u1ef9 s\u1ea3n ph\u1ea9m tr\u01b0\u1edbc khi thanh to\u00e1n \u0111\u1ec3 \u0111\u1ea3m b\u1ea3o kh\u00f4ng c\u00f3 sai s\u00f3t ho\u1eb7c h\u01b0 h\u1ecfng.<\/span><\/p>\n<p><span style=\"font-weight: 400;\">Chu\u1ea9n b\u1ecb ti\u1ec1n m\u1eb7t: H\u00e3y chu\u1ea9n b\u1ecb s\u1ed1 ti\u1ec1n m\u1eb7t ch\u00ednh x\u00e1c \u0111\u1ec3 tr\u00e1nh t\u00ecnh tr\u1ea1ng thi\u1ebfu ho\u1eb7c th\u1eeba ti\u1ec1n khi thanh to\u00e1n.<\/span><\/p>\n<p><span style=\"font-weight: 400;\">Ph\u1ea1m vi \u00e1p d\u1ee5ng: D\u1ecbch v\u1ee5 COD ch\u1ec9 \u00e1p d\u1ee5ng cho c\u00e1c \u0111\u01a1n h\u00e0ng trong ph\u1ea1m vi \u0111\u01b0\u1ee3c h\u1ed7 tr\u1ee3 giao h\u00e0ng c\u1ee7a Thu\u1eadn Phong Energy.<\/span><\/p>\n<p><span style=\"font-weight: 400;\">N\u1ebfu c\u00f3 b\u1ea5t k\u1ef3 th\u1eafc m\u1eafc ho\u1eb7c c\u1ea7n h\u1ed7 tr\u1ee3 v\u1ec1 d\u1ecbch v\u1ee5 COD, qu\u00fd kh\u00e1ch vui l\u00f2ng li\u00ean h\u1ec7 v\u1edbi \u0111\u1ed9i ng\u0169 ch\u0103m s\u00f3c kh\u00e1ch h\u00e0ng c\u1ee7a ch\u00fang t\u00f4i qua s\u1ed1 hotline: 0869 56 4567 ho\u1eb7c email: info@tp-electric.vn \u0111\u1ec3 \u0111\u01b0\u1ee3c gi\u1ea3i \u0111\u00e1p nhanh ch\u00f3ng.<\/span><\/p>\n<p><strong>*Ch\u00fa \u00fd:<\/strong> <span style=\"font-weight: 400;\">\u0110\u1ed1i v\u1edbi ph\u01b0\u01a1ng th\u1ee9c chuy\u1ec3n kho\u1ea3n qua ng\u00e2n h\u00e0ng, \u0111<\/span>\u1ec3 \u0111\u1eb7t mua h\u00e0ng, vui l\u00f2ng thanh to\u00e1n chuy\u1ec3n kho\u1ea3n tr\u01b0\u1edbc. Nh\u00e2n vi\u00ean c\u1ee7a Thu\u1eadn Phong Energy s\u1ebd li\u00ean h\u1ec7 tr\u1ef1c ti\u1ebfp v\u1edbi b\u1ea1n \u0111\u1ec3 x\u00e1c nh\u1eadn thanh to\u00e1n.<\/p>\n<p>Ch\u00ednh s\u00e1ch ho\u00e0n ti\u1ec1n s\u1ebd \u0111\u01b0\u1ee3c \u00e1p d\u1ee5ng cho nh\u1eefng tr\u01b0\u1eddng h\u1ee3p sau:<\/p>\n<p>S\u1ea3n ph\u1ea9m qu\u00fd kh\u00e1ch \u0111\u1eb7t h\u00e0ng v\u00e0 \u0111\u00e3 thanh to\u00e1n chuy\u1ec3n kho\u1ea3n, nh\u01b0ng ch\u00fang t\u00f4i \u0111\u00e3 h\u1ebft h\u00e0ng.<\/p>\n<p>Tr\u01b0\u1eddng h\u1ee3p l\u1ed7i s\u1ea3n ph\u1ea9m do nh\u00e0 s\u1ea3n xu\u1ea5t ho\u1eb7c \u0111\u01a1n v\u1ecb v\u1eadn chuy\u1ec3n l\u00e0m h\u01b0 h\u1ecfng.<\/p>\n<p>Ho\u00e0n ti\u1ec1n theo ch\u00ednh s\u00e1ch \u0111\u1ed5i tr\u1ea3 h\u00e0ng.<\/p>\n<p>Th\u1eddi gian ho\u00e0n ti\u1ec1n trong v\u00f2ng 3 ng\u00e0y k\u1ec3 t\u1eeb ng\u00e0y nh\u1eadn \u0111\u01b0\u1ee3c y\u00eau c\u1ea7u.<\/p>\n","protected":false},"excerpt":{"rendered":"<p>Nh\u1eb1m mang \u0111\u1ebfn cho Qu\u00fd kh\u00e1ch nh\u1eefng tr\u1ea3i nghi\u1ec7m mua s\u1eafm tr\u1ef1c tuy\u1ebfn tuy\u1ec7t v\u1eddi nh\u1ea5t t\u1ea1i Thu\u1eadn Phong Energy, ch\u00fang t\u00f4i \u0111\u01b0a ra nhi\u1ec1u ph\u01b0\u01a1ng th\u1ee9c thanh to\u00e1n \u0111\u1ec3 Qu\u00fd kh\u00e1ch d\u1ec5 d\u00e0ng l\u1ef1a ch\u1ecdn ph\u00f9 h\u1ee3p nh\u1ea5t: 1. Mua h\u00e0ng v\u00e0 thanh to\u00e1n tr\u1ef1c ti\u1ebfp t\u1ea1i c\u1eeda h\u00e0ng: &#8211; \u0110\u1ecba ch\u1ec9: 30 Nguy\u1ec5n&#8230;<\/p>\n","protected":false},"author":4,"featured_media":0,"parent":0,"menu_order":0,"comment_status":"closed","ping_status":"closed","template":"","meta":[],"jetpack-related-posts":[{"id":3768,"url":"https:\/\/tp-electric.vn\/index.php\/huong-dan-mua-hang\/","url_meta":{"origin":3770,"position":0},"title":"H\u01b0\u1edbng d\u1eabn mua h\u00e0ng","author":"Admin","date":"11\/04\/2024","format":false,"excerpt":"Thu\u1eadn Phong Energy K\u00ednh Ch\u00e0o Qu\u00fd Kh\u00e1ch! Ch\u00e2n th\u00e0nh c\u1ea3m \u01a1n qu\u00fd kh\u00e1ch \u0111\u00e3 tin t\u01b0\u1edfng v\u00e0 s\u1eed d\u1ee5ng s\u1ea3n ph\u1ea9m c\u1ee7a ch\u00fang t\u00f4i. D\u01b0\u1edbi \u0111\u00e2y l\u00e0 4 c\u00e1ch m\u00e0 b\u1ea1n c\u00f3 th\u1ec3 l\u1ef1a ch\u1ecdn \u0111\u1ec3 mua h\u00e0ng nh\u01b0 sau: C\u00e1ch 1: Li\u00ean h\u1ec7 qua \u0111i\u1ec7n tho\u1ea1i Qu\u00fd kh\u00e1ch c\u00f3\u2026","rel":"","context":"Similar post","block_context":{"text":"Similar post","link":""},"img":{"alt_text":"","src":"","width":0,"height":0},"classes":[]},{"id":3793,"url":"https:\/\/tp-electric.vn\/index.php\/chinh-sach-kiem-hang\/","url_meta":{"origin":3770,"position":1},"title":"Ch\u00ednh s\u00e1ch ki\u1ec3m h\u00e0ng","author":"Admin","date":"16\/05\/2024","format":false,"excerpt":"Th\u1eddi \u0111i\u1ec3m ki\u1ec3m h\u00e0ng. Thu\u1eadn Phong Energy ch\u1ea5p nh\u1eadn cho kh\u00e1ch h\u00e0ng \u0111\u1ed3ng ki\u1ec3m v\u1edbi nh\u00e2n vi\u00ean giao h\u00e0ng t\u1ea1i th\u1eddi \u0111i\u1ec3m nh\u1eadn h\u00e0ng. Kh\u00f4ng h\u1ed7 tr\u1ee3 th\u1eed h\u00e0ng. Sau khi nh\u1eadn h\u00e0ng, kh\u00e1ch h\u00e0ng ki\u1ec3m l\u1ea1i ph\u00e1t hi\u1ec7n sai, c\u00f3 th\u1ec3 li\u00ean l\u1ea1c v\u1edbi b\u1ed9 ph\u1eadn ch\u0103m s\u00f3c kh\u00e1ch\u2026","rel":"","context":"Similar post","block_context":{"text":"Similar post","link":""},"img":{"alt_text":"","src":"","width":0,"height":0},"classes":[]},{"id":3781,"url":"https:\/\/tp-electric.vn\/index.php\/chinh-sach-bao-mat-thong-tin-ca-nhan-rieng-tu\/","url_meta":{"origin":3770,"position":2},"title":"Ch\u00ednh s\u00e1ch b\u1ea3o m\u1eadt th\u00f4ng tin c\u00e1 nh\u00e2n &#038; ri\u00eang t\u01b0:","author":"Admin","date":"11\/04\/2024","format":false,"excerpt":"Ch\u00ednh s\u00e1ch n\u00e0y gi\u00fap kh\u00e1ch h\u00e0ng c\u1ea3m th\u1ea5y y\u00ean t\u00e2m khi mua h\u00e0ng m\u00e0 kh\u00f4ng b\u1ecb r\u00f2 r\u1ec9 th\u00f4ng tin cho b\u00ean th\u1ee9 3 l\u00e0m \u1ea3nh h\u01b0\u1edfng \u0111\u1ebfn cu\u1ed9c s\u1ed1ng c\u0169ng nh\u01b0 ti\u1ec1n b\u1ea1c c\u1ee7a kh\u00e1ch h\u00e0ng. N\u1ed9i dung c\u1ea7n c\u00f3 trong ch\u00ednh s\u00e1ch n\u00e0y nh\u01b0 sau: I. D\u1eef li\u1ec7u\u2026","rel":"","context":"Similar post","block_context":{"text":"Similar post","link":""},"img":{"alt_text":"","src":"","width":0,"height":0},"classes":[]},{"id":3777,"url":"https:\/\/tp-electric.vn\/index.php\/chinh-sach-van-chuyen-bao-hanh\/","url_meta":{"origin":3770,"position":3},"title":"Ch\u00ednh s\u00e1ch v\u1eadn chuy\u1ec3n b\u1ea3o h\u00e0nh","author":"Admin","date":"11\/04\/2024","format":false,"excerpt":"\u0110I\u1ec0U KI\u1ec6N B\u1ea2O H\u00c0NH S\u1ea3n ph\u1ea9m \u0111\u01b0\u1ee3c b\u1ea3o h\u00e0nh mi\u1ec5n ph\u00ed n\u1ebfu \u0111\u1ea3m b\u1ea3o t\u1ea5t c\u1ea3 c\u00e1c \u0111i\u1ec1u ki\u1ec7n sau: S\u1ea3n ph\u1ea9m thu\u1ed9c danh m\u1ee5c \u0111\u01b0\u1ee3c b\u1ea3o h\u00e0nh t\u1eeb Nh\u00e0 s\u1ea3n xu\u1ea5t ho\u1eb7c Nh\u00e0 ph\u00e2n ph\u1ed1i. S\u1ea3n ph\u1ea9m b\u1ecb l\u1ed7i k\u1ef9 thu\u1eadt do Nh\u00e0 s\u1ea3n xu\u1ea5t. Th\u1eddi h\u1ea1n b\u1ea3o h\u00e0nh\u2026","rel":"","context":"Similar post","block_context":{"text":"Similar post","link":""},"img":{"alt_text":"","src":"","width":0,"height":0},"classes":[]},{"id":2132,"url":"https:\/\/tp-electric.vn\/index.php\/gioi-thieu\/","url_meta":{"origin":3770,"position":4},"title":"Gi\u1edbi thi\u1ec7u","author":"","date":"19\/12\/2022","format":false,"excerpt":"","rel":"","context":"Similar post","block_context":{"text":"Similar post","link":""},"img":{"alt_text":"","src":"","width":0,"height":0},"classes":[]},{"id":2164,"url":"https:\/\/tp-electric.vn\/index.php\/dich-vu\/","url_meta":{"origin":3770,"position":5},"title":"D\u1ecbch v\u1ee5","author":"","date":"23\/12\/2022","format":false,"excerpt":"","rel":"","context":"Similar post","block_context":{"text":"Similar post","link":""},"img":{"alt_text":"","src":"","width":0,"height":0},"classes":[]}],"_links":{"self":[{"href":"https:\/\/tp-electric.vn\/index.php\/wp-json\/wp\/v2\/pages\/3770"}],"collection":[{"href":"https:\/\/tp-electric.vn\/index.php\/wp-json\/wp\/v2\/pages"}],"about":[{"href":"https:\/\/tp-electric.vn\/index.php\/wp-json\/wp\/v2\/types\/page"}],"author":[{"embeddable":true,"href":"https:\/\/tp-electric.vn\/index.php\/wp-json\/wp\/v2\/users\/4"}],"replies":[{"embeddable":true,"href":"https:\/\/tp-electric.vn\/index.php\/wp-json\/wp\/v2\/comments?post=3770"}],"version-history":[{"count":6,"href":"https:\/\/tp-electric.vn\/index.php\/wp-json\/wp\/v2\/pages\/3770\/revisions"}],"predecessor-version":[{"id":3867,"href":"https:\/\/tp-electric.vn\/index.php\/wp-json\/wp\/v2\/pages\/3770\/revisions\/3867"}],"wp:attachment":[{"href":"https:\/\/tp-electric.vn\/index.php\/wp-json\/wp\/v2\/media?parent=3770"}],"curies":[{"name":"wp","href":"https:\/\/api.w.org\/{rel}","templated":true}]}}